000
CXUS55 KPIH 201200
CF6IDA

PRELIMINARY LOCAL CLIMATOLOGICAL DATA (WS FORM: F-6)

                                          STATION:   IDAHO FALLS ID
                                          MONTH:     FEBRUARY
                                          YEAR:      2017
                                          LATITUDE:   43 31 N
                                          LONGITUDE: 112  4 W

  TEMPERATURE IN F:       :PCPN:    SNOW:  WIND      :SUNSHINE: SKY     :PK WND
================================================================================
1   2   3   4   5  6A  6B    7    8   9   10  11  12  13   14  15   16   17  18
                                     12Z  AVG MX 2MIN
DY MAX MIN AVG DEP HDD CDD  WTR  SNW DPTH SPD SPD DIR MIN PSBL S-S WX    SPD DR
================================================================================

 1  25   5  15  -6  50   0 0.00    M    M  5.0 13 340   M    M   9 18     17 330
 2  22  11  17  -4  48   0    T    M    M  6.7 14  20   M    M   9 18     16  20
 3  36  13  25   4  40   0 0.02    M    M  7.9 18 190   M    M  10 1      26 190
 4  39  34  37  16  28   0 0.01    M    M 15.6 24 200   M    M   6        30 220
 5  42  25  34  12  31   0    T    M    M 10.6 20 210   M    M   6        24 210
 6  42  26  34  12  31   0 0.12    M    M 16.9 32 210   M    M   7 1      42 200
 7  37  31  34  12  31   0 0.20    M    M 15.6 29 280   M    M   8 1      38 240
 8  39  30  35  13  30   0    T    M    M 14.9 25 200   M    M   6 1      34 220
 9  47  34  41  19  24   0 0.02    M    M 11.5 22 190   M    M  10 1      29 190
10  41  34  38  15  27   0 0.04    M    M 17.3 26 200   M    M   7 1      35 210
11  35  20  28   5  37   0 0.00    M    M 12.7 23 210   M    M   3 1      28 220
12  32  16  24   1  41   0 0.00    M    M  5.2 14 360   M    M   0 12     17 330
13  32  12  22  -1  43   0 0.00    M    M  4.0 14 330   M    M   0        16 330
14  35  14  25   1  40   0 0.00    M    M  3.8 13 330   M    M   0 1      15 330
15  38  15  27   3  38   0 0.00    M    M  5.0 12 320   M    M   0        15 330
16  45  19  32   8  33   0 0.01    M    M  8.0 26 230   M    M   6        33 230
17  39  25  32   7  33   0 0.06    M    M  6.9 15  20   M    M   4 1      18  20
18  47  34  41  16  24   0 0.12    M    M  9.0 18 170   M    M  10 1      22 160
19  40  32  36  11  29   0 0.29    M    M 14.0 28 270   M    M   7 1      39 240
================================================================================
SM  713  430       658   0  0.89    M    190.6          M      108
================================================================================
AV 37.5 22.6                              10.0 FASTST   M    M   6    MAX(MPH)
                                 MISC ---->  # 32 210               # 42  200
================================================================================
NOTES:
# LAST OF SEVERAL OCCURRENCES
PRECIPITATION SUSPECT DURING FREEZING/FROZEN EVENTS

COLUMN 17 PEAK WIND IN M.P.H.

PRELIMINARY LOCAL CLIMATOLOGICAL DATA (WS FORM: F-6) , PAGE 2

                                          STATION:  IDAHO FALLS ID
                                          MONTH:    FEBRUARY
                                          YEAR:     2017
                                          LATITUDE:   43 31 N
                                          LONGITUDE: 112  4 W

[TEMPERATURE DATA]      [PRECIPITATION DATA]       SYMBOLS USED IN COLUMN 16

AVERAGE MONTHLY: 30.1   TOTAL FOR MONTH:   0.89    1 = FOG OR MIST
DPTR FM NORMAL:   7.3   DPTR FM NORMAL:    0.47    2 = FOG REDUCING VISIBILITY
HIGHEST:    47 ON 18, 9 GRTST 24HR  0.39 ON 18-19      TO 1/4 MILE OR LESS
LOWEST:      5 ON  1                               3 = THUNDER
                        SNOW, ICE PELLETS, HAIL    4 = ICE PELLETS
                        TOTAL MONTH:    M          5 = HAIL
                        GRTST 24HR    M  ON   M    6 = FREEZING RAIN OR DRIZZLE
                        GRTST DEPTH:  M  ON   M    7 = DUSTSTORM OR SANDSTORM:
                                                       VSBY 1/2 MILE OR LESS
                                                   8 = SMOKE OR HAZE
[NO. OF DAYS WITH]      [WEATHER - DAYS WITH]      9 = BLOWING SNOW
                                                   X = TORNADO
MAX 32 OR BELOW:   4    0.01 INCH OR MORE:  10
MAX 90 OR ABOVE:   0    0.10 INCH OR MORE:   4
MIN 32 OR BELOW:  15    0.50 INCH OR MORE:   0
MIN  0 OR BELOW:   0    1.00 INCH OR MORE:   0

[HDD (BASE 65) ]
TOTAL THIS MO.   658    CLEAR  (SCALE 0-3)   4
DPTR FM NORMAL  -144    PTCLDY (SCALE 4-7)  10
TOTAL FM JUL 1  5435    CLOUDY (SCALE 8-10)  5
DPTR FM NORMAL   -30

[CDD (BASE 65) ]
TOTAL THIS MO.     0
DPTR FM NORMAL     0    [PRESSURE DATA]
TOTAL FM JAN 1     0    HIGHEST SLP M ON M
DPTR FM NORMAL     0    LOWEST  SLP 29.46 ON 19

[REMARKS]
