000
CXUS53 KUNR 240945
CF6IEN
PRELIMINARY LOCAL CLIMATOLOGICAL DATA (WS FORM: F-6)

                                          STATION:   PINE RIDGE SD
                                          MONTH:     JULY
                                          YEAR:      2016
                                          LATITUDE:   43  1 N
                                          LONGITUDE: 102 31 W

  TEMPERATURE IN F:       :PCPN:    SNOW:  WIND      :SUNSHINE: SKY     :PK WND
================================================================================
1   2   3   4   5  6A  6B    7    8   9   10  11  12  13   14  15   16   17  18
                                     12Z  AVG MX 2MIN
DY MAX MIN AVG DEP HDD CDD  WTR  SNW DPTH SPD SPD DIR MIN PSBL S-S WX    SPD DR
================================================================================

 1  67  58  63  -8   2   0 0.87    M    M 11.2 29  80   M    M   6 1      38  80
 2  76  59  68  -3   0   3 0.00    M    M  5.8 14 120   M    M   6        22  90
 3  89  58  74   3   0   9 0.00    M    M 11.5 25 170   M    M   3 3      32 170
 4  94  61  78   6   0  13    T    M    M  8.1 31 210   M    M   0 3      39 210
 5  85  56  71  -1   0   6 0.52    M    M  7.3 33  10   M    M   1 13     44  10
 6  88  58  73   1   0   8    T    M    M  8.6 29 140   M    M   1 38     38 130
 7  80  55  68  -4   0   3 0.00    M    M  7.2 22  10   M    M   2        28  20
 8  92  54  73   0   0   8 0.68    M    M  9.0 24 200   M    M   2 13     30 170
 9  99  67  83  10   0  18 0.00    M    M 11.4 28 180   M    M   0        37 160
10  97  66  82   9   0  17    T    M    M  9.2 31 200   M    M   0 38     41 210
11  85  50  68  -5   0   3 0.00    M    M 13.6 30 270   M    M   0 38     41 280
12  89  42  66  -8   0   1 0.00    M    M  6.3 23 280   M    M   0 8      30 260
13  86  53  70  -4   0   5 0.00    M    M  6.1 17 310   M    M   1        26  30
14  84  55  70  -4   0   5 0.00    M    M  5.9 15  80   M    M   1 8      18  80
15  83  56  70  -4   0   5 0.13    M    M  9.7 21 140   M    M   4 138    28  60
16  95  60  78   4   0  13 0.02    M    M 11.9 32 310   M    M   2 38     44 340
17  83  53  68  -6   0   3    T    M    M  7.5 17  70   M    M   0 1      23  70
18  93  64  79   5   0  14 0.00    M    M 11.9 26 170   M    M   0        36 170
19 102  67  85  10   0  20 0.00    M    M 11.9 25 200   M    M   0        31 190
20 105  66  86  11   0  21 0.00    M    M  6.8 18 180   M    M   0        24 190
21  94  68  81   6   0  16 0.00    M    M  4.9 13  40   M    M   0 8      16  30
22 101  65  83   8   0  18    T    M    M 11.3 28 150   M    M   0 38     42 240
23  93  61  77   2   0  12    T    M    M 10.1 22  10   M    M   1 3      28 360
================================================================================
SM 2060 1352         2 221  2.22    M    207.2          M       30
================================================================================
AV 89.6 58.8                               9.0 FASTST   M    M   1    MAX(MPH)
                                 MISC ---->  # 33  10               # 44   10
================================================================================
NOTES:
# LAST OF SEVERAL OCCURRENCES

COLUMN 17 PEAK WIND IN M.P.H.

PRELIMINARY LOCAL CLIMATOLOGICAL DATA (WS FORM: F-6) , PAGE 2

                                          STATION:  PINE RIDGE SD
                                          MONTH:    JULY
                                          YEAR:     2016
                                          LATITUDE:   43  1 N
                                          LONGITUDE: 102 31 W

[TEMPERATURE DATA]      [PRECIPITATION DATA]       SYMBOLS USED IN COLUMN 16

AVERAGE MONTHLY: 74.2   TOTAL FOR MONTH:   2.22    1 = FOG OR MIST
DPTR FM NORMAL:   0.9   DPTR FM NORMAL:    0.60    2 = FOG REDUCING VISIBILITY
HIGHEST:   105 ON 20    GRTST 24HR  0.87 ON  1- 1      TO 1/4 MILE OR LESS
LOWEST:     42 ON 12                               3 = THUNDER
                        SNOW, ICE PELLETS, HAIL    4 = ICE PELLETS
                        TOTAL MONTH:    M          5 = HAIL
                        GRTST 24HR    M  ON   M    6 = FREEZING RAIN OR DRIZZLE
                        GRTST DEPTH:  M  ON   M    7 = DUSTSTORM OR SANDSTORM:
                                                       VSBY 1/2 MILE OR LESS
                                                   8 = SMOKE OR HAZE
[NO. OF DAYS WITH]      [WEATHER - DAYS WITH]      9 = BLOWING SNOW
                                                   X = TORNADO
MAX 32 OR BELOW:   0    0.01 INCH OR MORE:   5
MAX 90 OR ABOVE:  11    0.10 INCH OR MORE:   4
MIN 32 OR BELOW:   0    0.50 INCH OR MORE:   3
MIN  0 OR BELOW:   0    1.00 INCH OR MORE:   0

[HDD (BASE 65) ]
TOTAL THIS MO.     2    CLEAR  (SCALE 0-3)  20
DPTR FM NORMAL    -2    PTCLDY (SCALE 4-7)   3
TOTAL FM JUL 1     2    CLOUDY (SCALE 8-10)  0
DPTR FM NORMAL    -2

[CDD (BASE 65) ]
TOTAL THIS MO.   221
DPTR FM NORMAL    22    [PRESSURE DATA]
TOTAL FM JAN 1   446    HIGHEST SLP M ON M
DPTR FM NORMAL   120    LOWEST  SLP 29.20 ON 10

[REMARKS]
