000
CXUS53 KIND 250730
CF6IND
PRELIMINARY LOCAL CLIMATOLOGICAL DATA (WS FORM: F-6)

                                          STATION:   INDIANAPOLIS IN
                                          MONTH:     JULY
                                          YEAR:      2017
                                          LATITUDE:   39 43 N
                                          LONGITUDE:  86 17 W

  TEMPERATURE IN F:       :PCPN:    SNOW:  WIND      :SUNSHINE: SKY     :PK WND
================================================================================
1   2   3   4   5  6A  6B    7    8   9   10  11  12  13   14  15   16   17  18
                                     12Z  AVG MX 2MIN
DY MAX MIN AVG DEP HDD CDD  WTR  SNW DPTH SPD SPD DIR MIN PSBL S-S WX    SPD DR
================================================================================

 1  84  68  76   1   0  11 0.00  0.0    0  9.5 18 270   M    M   7 1      23 270
 2  85  62  74  -1   0   9 0.00  0.0    0  7.9 17 260   M    M   2        22 270
 3  87  68  78   3   0  13 0.00  0.0    0  4.4 15 180   M    M   7        19 210
 4  87  70  79   3   0  14    T  0.0    0  6.1 20 100   M    M   6 18     24 100
 5  85  70  78   2   0  13 0.00  0.0    0  5.1 12 170   M    M   7 8      15 160
 6  84  71  78   2   0  13 0.01  0.0    0  5.8 17  70   M    M   8 1      21  60
 7  89  64  77   1   0  12 0.98  0.0    0 10.6 39 360   M    M   4 13     50 340
 8  80  63  72  -4   0   7 0.00  0.0    0  8.1 21 320   M    M   3 1      26 340
 9  83  60  72  -4   0   7 0.00  0.0    0  5.1 13 200   M    M   3        16 250
10  84  71  78   2   0  13 0.04  0.0    0 13.9 23 220   M    M   9 13     32 250
11  80  69  75  -1   0  10 3.78  0.0    0 10.6 31 270   M    M   9 13     55 280
12  90  71  81   5   0  16 0.01  0.0    0  9.7 22 350   M    M   8 3      27 350
13  85  73  79   3   0  14 0.03  0.0    0  9.9 25 230   M    M   8 138    32 240
14  84  66  75  -1   0  10 0.00  0.0    0  9.3 21 260   M    M   6 1      29 240
15  82  60  71  -5   0   6 0.00  0.0    0  5.0 10  30   M    M   3        13  30
16  86  63  75  -1   0  10 0.00  0.0    0  6.4 15 300   M    M   5 3      22  40
17  87  69  78   2   0  13 0.00  0.0    0  4.4 12 120   M    M   7        14 100
18  88  71  80   4   0  15 0.00  0.0    0  4.4 13 250   M    M   4 1      17 250
19  88  68  78   3   0  13 0.00  0.0    0  6.3 13 260   M    M   4        18 210
20  90  74  82   7   0  17 0.13  0.0    0  8.7 26 320   M    M   7 13     34 310
21  91  72  82   7   0  17 0.30  0.0    0  7.4 24 340   M    M   7 13     29 350
22  90  74  82   7   0  17 0.02  0.0    0  8.8 26 210   M    M   9 3      33 210
23  86  70  78   3   0  13 0.65  0.0    0  8.2 28 220   M    M   7 13     33 220
24  82  67  75   0   0  10 0.00  0.0    0  8.8 15 340   M    M   3        19 330
================================================================================
SM 2057 1634         0 293  5.95     0.0 184.4          M      143
================================================================================
AV 85.7 68.1                               7.7 FASTST   M    M   6    MAX(MPH)
                                 MISC ---->  # 39 360               # 55  280
================================================================================
NOTES:
# LAST OF SEVERAL OCCURRENCES

COLUMN 17 PEAK WIND IN M.P.H.

PRELIMINARY LOCAL CLIMATOLOGICAL DATA (WS FORM: F-6) , PAGE 2

                                          STATION:  INDIANAPOLIS IN
                                          MONTH:    JULY
                                          YEAR:     2017
                                          LATITUDE:   39 43 N
                                          LONGITUDE:  86 17 W

[TEMPERATURE DATA]      [PRECIPITATION DATA]       SYMBOLS USED IN COLUMN 16

AVERAGE MONTHLY: 76.9   TOTAL FOR MONTH:   5.95    1 = FOG OR MIST
DPTR FM NORMAL:   1.3   DPTR FM NORMAL:    2.28    2 = FOG REDUCING VISIBILITY
HIGHEST:    91 ON 21    GRTST 24HR  3.78 ON 11-11      TO 1/4 MILE OR LESS
LOWEST:     60 ON 15, 9                            3 = THUNDER
                        SNOW, ICE PELLETS, HAIL    4 = ICE PELLETS
                        TOTAL MONTH:   0.0 INCH    5 = HAIL
                        GRTST 24HR     0.0         6 = FREEZING RAIN OR DRIZZLE
                        GRTST DEPTH:   0           7 = DUSTSTORM OR SANDSTORM:
                                                       VSBY 1/2 MILE OR LESS
                                                   8 = SMOKE OR HAZE
[NO. OF DAYS WITH]      [WEATHER - DAYS WITH]      9 = BLOWING SNOW
                                                   X = TORNADO
MAX 32 OR BELOW:   0    0.01 INCH OR MORE:  10
MAX 90 OR ABOVE:   4    0.10 INCH OR MORE:   5
MIN 32 OR BELOW:   0    0.50 INCH OR MORE:   3
MIN  0 OR BELOW:   0    1.00 INCH OR MORE:   1

[HDD (BASE 65) ]
TOTAL THIS MO.     0    CLEAR  (SCALE 0-3)   2
DPTR FM NORMAL     0    PTCLDY (SCALE 4-7)  18
TOTAL FM JUL 1     0    CLOUDY (SCALE 8-10)  4
DPTR FM NORMAL     0

[CDD (BASE 65) ]
TOTAL THIS MO.   293
DPTR FM NORMAL    38    [PRESSURE DATA]
TOTAL FM JAN 1   619    HIGHEST SLP M ON M
DPTR FM NORMAL    54    LOWEST  SLP 29.73 ON 23

[REMARKS]
