000
CXUS54 KFWD 210730
CF6INJ
PRELIMINARY LOCAL CLIMATOLOGICAL DATA (WS FORM: F-6)

                                          STATION:   HILLSBORO
                                          MONTH:     DECEMBER
                                          YEAR:      2014
                                          LATITUDE:   32  0 N
                                          LONGITUDE:  97  6 W

  TEMPERATURE IN F:       :PCPN:    SNOW:  WIND      :SUNSHINE: SKY     :PK WND
================================================================================
1   2   3   4   5  6A  6B    7    8   9   10  11  12  13   14  15   16   17  18
                                     12Z  AVG MX 2MIN
DY MAX MIN AVG DEP HDD CDD  WTR  SNW DPTH SPD SPD DIR MIN PSBL S-S WX    SPD DR
================================================================================

 1  65  36  51   0  14   0 0.00  0.0    0 15.7 24 330   M    M  10        30 330
 2  51  34  43  -7  22   0 0.00  0.0    0  6.0 12 340   M    M  10         M  M
 3  61  49  55   5  10   0 0.00  0.0    0  6.4 13 170   M    M  10 1       M  M
 4  65  56  61  11   4   0 0.00  0.0    0  7.6 13 110   M    M   9 1       M  M
 5  76  57  67  17   0   2 0.01  0.0    0 13.0 20 190   M    M   6 1      25 200
 6  68  49  59  10   6   0 0.00  0.0    0 10.6 17 330   M    M   3        22 340
 7  55  44  50   1  15   0 0.00  0.0    0  5.0  9 360   M    M   6 1       M  M
 8  60  40  50   1  15   0 0.00  0.0    0  3.0  9 330   M    M   3 1       M  M
 9  65  37  51   2  14   0 0.00  0.0    0  1.2  7  80   M    M   5 12      M  M
10  64  40  52   4  13   0 0.00  0.0    0  6.8 13  80   M    M   4 1       M  M
11  63  53  58  10   7   0 0.03  0.0    0  6.9 14 180   M    M  10 1       M  M
12  68  56  62  14   3   0 0.00  0.0    0  7.9 15 190   M    M   6         M  M
13  70  54  62  14   3   0 0.00  0.0    0 10.6 15 130   M    M   6 12     22 160
14  68  61  65  17   0   0 0.24  0.0    0 13.8 20 170   M    M   9 1      27 160
15  66  41  54   7  11   0 0.00  0.0    0  9.3 18 190   M    M   1        23 290
16  54  35  45  -2  20   0 0.00  0.0    0  7.5 20 340   M    M   0        27 340
17  48  43  46  -1  19   0 0.25    M    0  6.3 13 110   M    M  10 13     16  80
18  51  44  48   1  17   0    T  0.0    0  6.0 13  90   M    M  10 1       M  M
19  49  46  48   1  17   0 0.08  0.0    0  9.2 18  50   M    M  10 1      22 340
20  50  46  48   1  17   0 0.01  0.0    0  4.2  9 340   M    M  10 1       M  M
================================================================================
SM 1217  921       227   2  0.62     0.0 157.0          M      138
================================================================================
AV 60.8 46.0                               7.9 FASTST   M    M   7    MAX(MPH)
                                 MISC ---->    24   M                 30    M
================================================================================
NOTES:
# LAST OF SEVERAL OCCURRENCES

COLUMN 17 PEAK WIND IN M.P.H.

PRELIMINARY LOCAL CLIMATOLOGICAL DATA (WS FORM: F-6) , PAGE 2

                                          STATION:  HILLSBORO
                                          MONTH:    DECEMBER
                                          YEAR:     2014
                                          LATITUDE:   32  0 N
                                          LONGITUDE:  97  6 W

[TEMPERATURE DATA]      [PRECIPITATION DATA]       SYMBOLS USED IN COLUMN 16

AVERAGE MONTHLY: 53.4   TOTAL FOR MONTH:   0.62    1 = FOG OR MIST
DPTR FM NORMAL:   5.0   DPTR FM NORMAL:   -1.42    2 = FOG REDUCING VISIBILITY
HIGHEST:    76 ON  5    GRTST 24HR  0.25 ON 17-17      TO 1/4 MILE OR LESS
LOWEST:     34 ON  2                               3 = THUNDER
                        SNOW, ICE PELLETS, HAIL    4 = ICE PELLETS
                        TOTAL MONTH:   0.0 INCH    5 = HAIL
                        GRTST 24HR     0.0         6 = FREEZING RAIN OR DRIZZLE
                        GRTST DEPTH:   0           7 = DUSTSTORM OR SANDSTORM:
                                                       VSBY 1/2 MILE OR LESS
                                                   8 = SMOKE OR HAZE
[NO. OF DAYS WITH]      [WEATHER - DAYS WITH]      9 = BLOWING SNOW
                                                   X = TORNADO
MAX 32 OR BELOW:   0    0.01 INCH OR MORE:   6
MAX 90 OR ABOVE:   0    0.10 INCH OR MORE:   2
MIN 32 OR BELOW:   0    0.50 INCH OR MORE:   0
MIN  0 OR BELOW:   0    1.00 INCH OR MORE:   0

[HDD (BASE 65) ]
TOTAL THIS MO.   227    CLEAR  (SCALE 0-3)   3
DPTR FM NORMAL  -107    PTCLDY (SCALE 4-7)   7
TOTAL FM JUL 1   615    CLOUDY (SCALE 8-10) 10
DPTR FM NORMAL   -65

[CDD (BASE 65) ]
TOTAL THIS MO.     2
DPTR FM NORMAL     2    [PRESSURE DATA]
TOTAL FM JAN 1  2724    HIGHEST SLP M ON M
DPTR FM NORMAL   186    LOWEST  SLP M ON M

[REMARKS]
