000
CXUS53 KDLH 260628
CF6INL
PRELIMINARY LOCAL CLIMATOLOGICAL DATA (WS FORM: F-6)

                                          STATION:   INTERNATIONAL FALLS MN
                                          MONTH:     MAY
                                          YEAR:      2015
                                          LATITUDE:   48 34 N
                                          LONGITUDE:  93 23 W

  TEMPERATURE IN F:       :PCPN:    SNOW:  WIND      :SUNSHINE: SKY     :PK WND
================================================================================
1   2   3   4   5  6A  6B    7    8   9   10  11  12  13   14  15   16   17  18
                                     12Z  AVG MX 2MIN
DY MAX MIN AVG DEP HDD CDD  WTR  SNW DPTH SPD SPD DIR MIN PSBL S-S WX    SPD DR
================================================================================

 1  70  36  53   7  12   0 0.13  0.0    0  4.8 15 270   M    M   4 1      20 190
 2  82  36  59  12   6   0 0.00  0.0    0  8.4 21 270   M    M   3        32 270
 3  67  36  52   5  13   0    T  0.0    0  9.7 24 300   M    M   1        30 300
 4  65  30  48   0  17   0 0.00  0.0    0  4.9 16 290   M    M   1        23 300
 5  74  28  51   3  14   0 0.00  0.0    0  6.0 18 140   M    M   0        28 140
 6  69  42  56   8   9   0 0.20  0.0    0  8.3 17 140   M    M   4 13     22 140
 7  69  40  55   6  10   0 0.33  0.0    0 10.2 22 280   M    M   8 138    30 280
 8  46  35  41  -8  24   0    T  0.0    0 11.2 17 320   M    M  10 1      25 340
 9  51  35  43  -7  22   0    T  0.0    0  8.0 13  40   M    M   9        19  30
10  48  39  44  -6  21   0 0.13  0.0    0 10.6 20  80   M    M  10        26  90
11  40  34  37 -13  28   0 0.55    T    0 13.1 21  60   M    M  10 1      30  60
12  49  30  40 -11  25   0 0.06    T    0  7.5 16 360   M    M   8 1      21  20
13  48  29  39 -12  26   0 0.11  0.0    0  7.2 16 110   M    M   7 1      22 140
14  59  42  51   0  14   0 0.57  0.0    0  7.5 16 120   M    M  10 1      23 200
15  61  40  51  -1  14   0 0.02  0.0    0  3.4 10 240   M    M   9 1      14 250
16  74  34  54   2  11   0 0.18  0.0    0  6.0 14 130   M    M   5 12     20 130
17  71  41  56   4   9   0 1.08  0.0    0  9.7 21 190   M    M   7 13     35 180
18  41  33  37 -15  28   0 0.72    T    0 14.4 22 360   M    M  10 18     33 360
19  57  28  43 -10  22   0 0.00  0.0    0  6.4 17 330   M    M   1        23 330
20  70  29  50  -3  15   0 0.00  0.0    0  6.0 16 290   M    M   1        24 290
21  64  34  49  -5  16   0 0.00  0.0    0  7.3 17 330   M    M   0        25 340
22  75  30  53  -1  12   0 0.00  0.0    0  4.1 17 280   M    M   0        21 270
23  80  45  63   9   2   0 0.00  0.0    0  6.7 13 290   M    M   0        19 250
24  79  42  61   7   4   0 0.00  0.0    0  2.3  8  40   M    M   0        12 290
25  66  51  59   4   6   0 0.01  0.0    0  2.0 10 130   M    M   6        13 130
================================================================================
SM 1575  899       380   0  4.09    T    185.7          M      124
================================================================================
AV 63.0 36.0                               7.4 FASTST   M    M   5    MAX(MPH)
                                 MISC ---->  # 24 300               # 35  180
================================================================================
NOTES:
# LAST OF SEVERAL OCCURRENCES

COLUMN 17 PEAK WIND IN M.P.H.

PRELIMINARY LOCAL CLIMATOLOGICAL DATA (WS FORM: F-6) , PAGE 2

                                          STATION:  INTERNATIONAL FALLS MN
                                          MONTH:    MAY
                                          YEAR:     2015
                                          LATITUDE:   48 34 N
                                          LONGITUDE:  93 23 W

[TEMPERATURE DATA]      [PRECIPITATION DATA]       SYMBOLS USED IN COLUMN 16

AVERAGE MONTHLY: 49.5   TOTAL FOR MONTH:   4.09    1 = FOG OR MIST
DPTR FM NORMAL:  -1.3   DPTR FM NORMAL:    1.87    2 = FOG REDUCING VISIBILITY
HIGHEST:    82 ON  2    GRTST 24HR  1.75 ON 17-18      TO 1/4 MILE OR LESS
LOWEST:     28 ON 19, 5                            3 = THUNDER
                        SNOW, ICE PELLETS, HAIL    4 = ICE PELLETS
                        TOTAL MONTH:    T          5 = HAIL
                        GRTST 24HR    T  ON 18-18  6 = FREEZING RAIN OR DRIZZLE
                        GRTST DEPTH:   0           7 = DUSTSTORM OR SANDSTORM:
                                                       VSBY 1/2 MILE OR LESS
                                                   8 = SMOKE OR HAZE
[NO. OF DAYS WITH]      [WEATHER - DAYS WITH]      9 = BLOWING SNOW
                                                   X = TORNADO
MAX 32 OR BELOW:   0    0.01 INCH OR MORE:  13
MAX 90 OR ABOVE:   0    0.10 INCH OR MORE:  10
MIN 32 OR BELOW:   7    0.50 INCH OR MORE:   4
MIN  0 OR BELOW:   0    1.00 INCH OR MORE:   1

[HDD (BASE 65) ]
TOTAL THIS MO.   380    CLEAR  (SCALE 0-3)  10
DPTR FM NORMAL    19    PTCLDY (SCALE 4-7)   7
TOTAL FM JUL 1 10062    CLOUDY (SCALE 8-10)  8
DPTR FM NORMAL    63

[CDD (BASE 65) ]
TOTAL THIS MO.     0
DPTR FM NORMAL     0    [PRESSURE DATA]
TOTAL FM JAN 1     0    HIGHEST SLP M ON M
DPTR FM NORMAL    -1    LOWEST  SLP 29.54 ON 17

[REMARKS]
