000
CXUS55 KDVN 301100
CF6IOW
PRELIMINARY LOCAL CLIMATOLOGICAL DATA (WS FORM: F-6)

                                          STATION:   IOWA CITY IA
                                          MONTH:     MAY
                                          YEAR:      2015
                                          LATITUDE:   41 37 N
                                          LONGITUDE:  91 33 W

  TEMPERATURE IN F:       :PCPN:    SNOW:  WIND      :SUNSHINE: SKY     :PK WND
================================================================================
1   2   3   4   5  6A  6B    7    8   9   10  11  12  13   14  15   16   17  18
                                     12Z  AVG MX 2MIN
DY MAX MIN AVG DEP HDD CDD  WTR  SNW DPTH SPD SPD DIR MIN PSBL S-S WX    SPD DR
================================================================================

 1  68  36  52  -4  13   0 0.00    M    M  1.2  9 260   M    M   2        13 210
 2  76  48  62   6   3   0 0.00    M    M  8.3 20 210   M    M   6        26 190
 3  82  55  69  12   0   4 0.24    M    M  9.5 25  10   M    M   5 3      30 360
 4  74  59  67  10   0   2 1.45    M    M  8.8 16  40   M    M   8 13     22  80
 5  71  61  66   9   0   1 0.41    M    M  8.1 16  50   M    M   9 18     22  70
 6  82  56  69  11   0   4 0.13    M    M  9.4 28 150   M    M   6 18     34 160
 7  82  60  71  13   0   6 0.36    M    M 11.9 17 180   M    M   2 13     25 200
 8  70  57  64   6   1   0    T    M    M  6.0 13 300   M    M   6 1      15 340
 9  73  52  63   4   2   0 0.00    M    M  6.7 14  90   M    M   3        21  70
10  65  56  61   2   4   0 0.18    M    M  9.5 18  70   M    M   9 13     25  60
11  66  49  58  -2   7   0 0.01    M    M 16.6 26 270   M    M   9 1      34 250
12  64  46  55  -5  10   0 0.00    M    M 15.0 31 270   M    M   5        40 290
13  68  42  55  -5  10   0 0.00    M    M  9.1 17 150   M    M   0        23 140
14  61  51  56  -5   9   0 0.28    M    M 10.8 18 130   M    M   7 1      24 120
15  75  60  68   7   0   3 0.00    M    M  4.3 10 150   M    M   5 1      14 140
16  82  64  73  12   0   8    T    M    M  9.6 21 160   M    M   5 1      27 160
17  79  62  71   9   0   6 0.11    M    M 13.5 28 200   M    M   6 1      36 180
18  66  45  56  -6   9   0 0.00    M    M 15.4 25 280   M    M   2        36 280
19  60  41  51 -11  14   0 0.00    M    M 10.3 22 310   M    M   5        27 310
20  51  38  45 -18  20   0 0.09    M    M  7.0 15 110   M    M   8 1      20 110
21  74  36  55  -8  10   0 0.00    M    M  7.2 17 280   M    M   1 1      21 290
22  75  44  60  -4   5   0 0.00    M    M  1.6 10 280   M    M   0        12 290
23  78  53  66   2   0   1 0.00    M    M  5.5 16 180   M    M   3        23 180
24  74  59  67   3   0   2 0.89    M    M  7.3 20 160   M    M  10 13     24 160
25  80  63  72   7   0   7 0.07    M    M 11.3 24 190   M    M   5 1      30 190
26  74  62  68   3   0   3 0.35    M    M 10.6 26 260   M    M   7 13     33 240
27  79  60  70   4   0   5 0.02    M    M  5.5 15 290   M    M   3 1      19 300
28  81  57  69   3   0   4 0.00    M    M  7.3 22 210   M    M   1 1      29 200
29  80  64  72   6   0   7 0.05    M    M  7.4 15 240   M    M   8        22 230
================================================================================
SM 2110 1536       117  63  4.64    M    254.7          M      146
================================================================================
AV 72.8 53.0                               8.8 FASTST   M    M   5    MAX(MPH)
                                 MISC ---->  # 31 270               # 40  290
================================================================================
NOTES:
# LAST OF SEVERAL OCCURRENCES

COLUMN 17 PEAK WIND IN M.P.H.

PRELIMINARY LOCAL CLIMATOLOGICAL DATA (WS FORM: F-6) , PAGE 2

                                          STATION:  IOWA CITY IA
                                          MONTH:    MAY
                                          YEAR:     2015
                                          LATITUDE:   41 37 N
                                          LONGITUDE:  91 33 W

[TEMPERATURE DATA]      [PRECIPITATION DATA]       SYMBOLS USED IN COLUMN 16

AVERAGE MONTHLY: 62.9   TOTAL FOR MONTH:   4.64    1 = FOG OR MIST
DPTR FM NORMAL:   1.8   DPTR FM NORMAL:    0.68    2 = FOG REDUCING VISIBILITY
HIGHEST:    82 ON 16, 7 GRTST 24HR  1.81 ON  4- 5      TO 1/4 MILE OR LESS
LOWEST:     36 ON 21, 1                            3 = THUNDER
                        SNOW, ICE PELLETS, HAIL    4 = ICE PELLETS
                        TOTAL MONTH:    M          5 = HAIL
                        GRTST 24HR    M  ON   M    6 = FREEZING RAIN OR DRIZZLE
                        GRTST DEPTH:  M  ON   M    7 = DUSTSTORM OR SANDSTORM:
                                                       VSBY 1/2 MILE OR LESS
                                                   8 = SMOKE OR HAZE
[NO. OF DAYS WITH]      [WEATHER - DAYS WITH]      9 = BLOWING SNOW
                                                   X = TORNADO
MAX 32 OR BELOW:   0    0.01 INCH OR MORE:  15
MAX 90 OR ABOVE:   0    0.10 INCH OR MORE:  10
MIN 32 OR BELOW:   0    0.50 INCH OR MORE:   2
MIN  0 OR BELOW:   0    1.00 INCH OR MORE:   1

[HDD (BASE 65) ]
TOTAL THIS MO.   117    CLEAR  (SCALE 0-3)   9
DPTR FM NORMAL   -47    PTCLDY (SCALE 4-7)  15
TOTAL FM JUL 1  6710    CLOUDY (SCALE 8-10)  5
DPTR FM NORMAL   353

[CDD (BASE 65) ]
TOTAL THIS MO.    63
DPTR FM NORMAL    14    [PRESSURE DATA]
TOTAL FM JAN 1    63    HIGHEST SLP M ON M
DPTR FM NORMAL    10    LOWEST  SLP 29.70 ON M

[REMARKS]
