000
CXUS55 KPSR 261005
CF6IPL
PRELIMINARY LOCAL CLIMATOLOGICAL DATA (WS FORM: F-6)

                                          STATION:   IMPERIAL CA
                                          MONTH:     APRIL
                                          YEAR:      2017
                                          LATITUDE:   32 50 N
                                          LONGITUDE: 115 35 W

  TEMPERATURE IN F:       :PCPN:    SNOW:  WIND      :SUNSHINE: SKY     :PK WND
================================================================================
1   2   3   4   5  6A  6B    7    8   9   10  11  12  13   14  15   16   17  18
                                     12Z  AVG MX 2MIN
DY MAX MIN AVG DEP HDD CDD  WTR  SNW DPTH SPD SPD DIR MIN PSBL S-S WX    SPD DR
================================================================================

 1  85  53  69   2   0   4 0.00  0.0    0  8.2 20 350   M    M   0        23 350
 2  90  58  74   7   0   9 0.00  0.0    0  6.0 18 260   M    M   0        24 260
 3  90  58  74   7   0   9 0.00  0.0    0 10.2 25 250   M    M   0        35 250
 4  85  53  69   2   0   4 0.00  0.0    0  3.2 12  50   M    M   0         M  M
 5  88  54  71   3   0   6 0.00  0.0    0  4.1  9 300   M    M   0        13  30
 6  94  57  76   8   0  11 0.00  0.0    0  5.7 15 290   M    M   0        21 270
 7  93  67  80  12   0  15 0.00  0.0    0 11.3 25 280   M    M   0        36 350
 8  84  57  71   3   0   6 0.00  0.0    0 16.0 29 250   M    M   0        36 240
 9  80  50  65  -3   0   0 0.00  0.0    0  6.4 13 360   M    M   0        17 350
10  85  51  68   0   0   3 0.00  0.0    0  4.8 10 320   M    M   0        13 350
11  90  53  72   3   0   7 0.00  0.0    0  6.3 18 250   M    M   0        25 200
12  93  58  76   7   0  11 0.00  0.0    0  6.5 22 260   M    M   0        29 260
13  87  60  74   5   0   9 0.00  0.0    0 14.4 31 250   M    M   0        36 250
14  84  53  69  -1   0   4 0.00  0.0    0  6.9 15  10   M    M   0        19  20
15  88  56  72   2   0   7 0.00  0.0    0  3.7 10 280   M    M   0        11 280
16  95  60  78   8   0  13 0.00  0.0    0  6.3 15 260   M    M   0        20 170
17  96  61  79   9   0  14 0.00  0.0    0  7.4 20 270   M    M   0        26 270
18  96  64  80  10   0  15 0.00  0.0    0 11.5 25 260   M    M   0        32 250
19  90  61  76   5   0  11 0.00  0.0    0  8.0 18 250   M    M   0        24 250
20  96  62  79   8   0  14 0.00  0.0    0  6.4 13  60   M    M   0        16  50
21  93  61  77   6   0  12 0.00  0.0    0  6.1 18  10   M    M   0        23 330
22  98  58  78   6   0  13 0.00  0.0    0  5.2 13 250   M    M   0        16 230
23  98  65  82  10   0  17 0.00  0.0    0 12.0 23 260   M    M   0        35 260
24  92  68  80   8   0  15 0.00  0.0    0 14.9 30 260   M    M   0 8      36 260
25  86  64  75   2   0  10 0.00  0.0    0 12.3 24 280   M    M   0        31 280
================================================================================
SM 2256 1462         0 239  0.00     0.0 203.8          M        0
================================================================================
AV 90.2 58.5                               8.2 FASTST   M    M   0    MAX(MPH)
                                 MISC ---->  # 31 250               # 36  350
================================================================================
NOTES:
# LAST OF SEVERAL OCCURRENCES

COLUMN 17 PEAK WIND IN M.P.H.

PRELIMINARY LOCAL CLIMATOLOGICAL DATA (WS FORM: F-6) , PAGE 2

                                          STATION:  IMPERIAL CA
                                          MONTH:    APRIL
                                          YEAR:     2017
                                          LATITUDE:   32 50 N
                                          LONGITUDE: 115 35 W

[TEMPERATURE DATA]      [PRECIPITATION DATA]       SYMBOLS USED IN COLUMN 16

AVERAGE MONTHLY: 74.4   TOTAL FOR MONTH:   0.00    1 = FOG OR MIST
DPTR FM NORMAL:   5.0   DPTR FM NORMAL:   -0.07    2 = FOG REDUCING VISIBILITY
HIGHEST:    98 ON 23,22 GRTST 24HR  0.00 ON 25-25      TO 1/4 MILE OR LESS
LOWEST:     50 ON  9                               3 = THUNDER
                        SNOW, ICE PELLETS, HAIL    4 = ICE PELLETS
                        TOTAL MONTH:   0.0 INCH    5 = HAIL
                        GRTST 24HR     0.0         6 = FREEZING RAIN OR DRIZZLE
                        GRTST DEPTH:   0           7 = DUSTSTORM OR SANDSTORM:
                                                       VSBY 1/2 MILE OR LESS
                                                   8 = SMOKE OR HAZE
[NO. OF DAYS WITH]      [WEATHER - DAYS WITH]      9 = BLOWING SNOW
                                                   X = TORNADO
MAX 32 OR BELOW:   0    0.01 INCH OR MORE:   0
MAX 90 OR ABOVE:  15    0.10 INCH OR MORE:   0
MIN 32 OR BELOW:   0    0.50 INCH OR MORE:   0
MIN  0 OR BELOW:   0    1.00 INCH OR MORE:   0

[HDD (BASE 65) ]
TOTAL THIS MO.     0    CLEAR  (SCALE 0-3)  25
DPTR FM NORMAL   -14    PTCLDY (SCALE 4-7)   0
TOTAL FM JUL 1   731    CLOUDY (SCALE 8-10)  0
DPTR FM NORMAL  -295

[CDD (BASE 65) ]
TOTAL THIS MO.   239
DPTR FM NORMAL   113    [PRESSURE DATA]
TOTAL FM JAN 1   453    HIGHEST SLP M ON M
DPTR FM NORMAL   253    LOWEST  SLP 29.53 ON 25

[REMARKS]
