000
CXUS55 KCTP 290700
CF6IPT
PRELIMINARY LOCAL CLIMATOLOGICAL DATA (WS FORM: F-6)

                                          STATION:   WILLIAMSPORT PA
                                          MONTH:     JUNE
                                          YEAR:      2017
                                          LATITUDE:   41 15 N
                                          LONGITUDE:  76 55 W

  TEMPERATURE IN F:       :PCPN:    SNOW:  WIND      :SUNSHINE: SKY     :PK WND
================================================================================
1   2   3   4   5  6A  6B    7    8   9   10  11  12  13   14  15   16   17  18
                                     12Z  AVG MX 2MIN
DY MAX MIN AVG DEP HDD CDD  WTR  SNW DPTH SPD SPD DIR MIN PSBL S-S WX    SPD DR
================================================================================

 1  77  50  64  -1   1   0 0.00  0.0    0  7.4 20 260   M    M   2        29 240
 2  77  49  63  -2   2   0 0.00  0.0    0  7.9 24 280   M    M   3        34 310
 3  78  49  64  -1   1   0 0.09  0.0    0  4.5 17 340   M    M   4 1      23 290
 4  59  46  53 -13  12   0 0.49  0.0    0  2.3  8  70   M    M   8 1      10  70
 5  74  56  65  -1   0   0 0.22  0.0    0  2.1 15 320   M    M   8 1238   21 320
 6  75  58  67   1   0   2    T  0.0    0  7.1 17 250   M    M   7 3      23 220
 7  70  52  61  -5   4   0 0.07  0.0    0  2.9 14  90   M    M   8 1      16 100
 8  78  49  64  -3   1   0 0.00  0.0    0  3.7 13 130   M    M   2        18 160
 9  83  50  67   0   0   2 0.00  0.0    0  6.6 18 260   M    M   2        24 260
10  87  61  74   7   0   9 0.17  0.0    0  4.1 17 230   M    M   4 138    26 270
11  91  60  76   8   0  11 0.00  0.0    0  5.1 17 250   M    M   0 1      21 250
12  92  61  77   9   0  12 0.00  0.0    0  5.3 15 270   M    M   1        19 290
13  95  64  80  12   0  15 0.55  0.0    0  5.3 30 300   M    M   2 13     45 300
14  86  63  75   7   0  10 0.00  0.0    0  3.9 12 350   M    M   3        15 350
15  83  60  72   3   0   7 0.01  0.0    0  5.1 21 150   M    M   6        26 150
16  78  64  71   2   0   6 0.11  0.0    0  5.6 16 130   M    M   9 1      22 120
17  84  69  77   8   0  12 0.00  0.0    0  5.3 15 140   M    M   7 18     22 140
18  89  71  80  10   0  15 1.40  0.0    0  8.3 26 260   M    M   6 13     35 260
19  79  66  73   3   0   8 0.26  0.0    0  3.1 26 270   M    M   7 1      37 270
20  83  61  72   2   0   7    T  0.0    0  7.3 20 250   M    M   3 12     24 270
21  84  59  72   2   0   7    T  0.0    0  3.3 18 250   M    M   2        26 270
22  89  57  73   3   0   8    T  0.0    0  3.1 14 250   M    M   2        20 230
23  83  67  75   4   0  10 0.07  0.0    0  4.2 15 250   M    M   8 18     20 260
24  85  63  74   3   0   9 0.14  0.0    0  8.7 20 260   M    M   4 1      24 240
25  82  58  70  -1   0   5 0.00  0.0    0  7.8 21 260   M    M   2        26 260
26  79  52  66  -5   0   1 0.00  0.0    0  6.3 21 240   M    M   4 3      26 270
27  76  54  65  -6   0   0 0.03  0.0    0  7.0 23 300   M    M   4 1      31 310
28  80  50  65  -7   0   0 0.00  0.0    0  5.5 18 260   M    M   2 12     22 290
================================================================================
SM 2276 1619        21 156  3.61     0.0 148.8          M      120
================================================================================
AV 81.3 57.8                               5.3 FASTST   M    M   4    MAX(MPH)
                                 MISC ---->  # 30 300               # 45  300
================================================================================
NOTES:
# LAST OF SEVERAL OCCURRENCES

COLUMN 17 PEAK WIND IN M.P.H.

PRELIMINARY LOCAL CLIMATOLOGICAL DATA (WS FORM: F-6) , PAGE 2

                                          STATION:  WILLIAMSPORT PA
                                          MONTH:    JUNE
                                          YEAR:     2017
                                          LATITUDE:   41 15 N
                                          LONGITUDE:  76 55 W

[TEMPERATURE DATA]      [PRECIPITATION DATA]       SYMBOLS USED IN COLUMN 16

AVERAGE MONTHLY: 69.6   TOTAL FOR MONTH:   3.61    1 = FOG OR MIST
DPTR FM NORMAL:   1.1   DPTR FM NORMAL:   -0.05    2 = FOG REDUCING VISIBILITY
HIGHEST:    95 ON 13    GRTST 24HR  1.40 ON 18-18      TO 1/4 MILE OR LESS
LOWEST:     46 ON  4                               3 = THUNDER
                        SNOW, ICE PELLETS, HAIL    4 = ICE PELLETS
                        TOTAL MONTH:   0.0 INCH    5 = HAIL
                        GRTST 24HR     0.0         6 = FREEZING RAIN OR DRIZZLE
                        GRTST DEPTH:   0           7 = DUSTSTORM OR SANDSTORM:
                                                       VSBY 1/2 MILE OR LESS
                                                   8 = SMOKE OR HAZE
[NO. OF DAYS WITH]      [WEATHER - DAYS WITH]      9 = BLOWING SNOW
                                                   X = TORNADO
MAX 32 OR BELOW:   0    0.01 INCH OR MORE:  13
MAX 90 OR ABOVE:   3    0.10 INCH OR MORE:   8
MIN 32 OR BELOW:   0    0.50 INCH OR MORE:   2
MIN  0 OR BELOW:   0    1.00 INCH OR MORE:   1

[HDD (BASE 65) ]
TOTAL THIS MO.    21    CLEAR  (SCALE 0-3)  13
DPTR FM NORMAL   -15    PTCLDY (SCALE 4-7)  14
TOTAL FM JUL 1  4950    CLOUDY (SCALE 8-10)  1
DPTR FM NORMAL -1044

[CDD (BASE 65) ]
TOTAL THIS MO.   156
DPTR FM NORMAL    23    [PRESSURE DATA]
TOTAL FM JAN 1   206    HIGHEST SLP M ON M
DPTR FM NORMAL    30    LOWEST  SLP 29.55 ON 23

[REMARKS]
