000
CXUS55 KCTP 230700
CF6IPT
PRELIMINARY LOCAL CLIMATOLOGICAL DATA (WS FORM: F-6)

                                          STATION:   WILLIAMSPORT PA
                                          MONTH:     MAY
                                          YEAR:      2017
                                          LATITUDE:   41 15 N
                                          LONGITUDE:  76 55 W

  TEMPERATURE IN F:       :PCPN:    SNOW:  WIND      :SUNSHINE: SKY     :PK WND
================================================================================
1   2   3   4   5  6A  6B    7    8   9   10  11  12  13   14  15   16   17  18
                                     12Z  AVG MX 2MIN
DY MAX MIN AVG DEP HDD CDD  WTR  SNW DPTH SPD SPD DIR MIN PSBL S-S WX    SPD DR
================================================================================

 1  80  56  68  13   0   3 0.73  0.0    0  8.1 48 260   M    M   9 13     71 260
 2  65  54  60   4   5   0    T  0.0    0 13.9 32 260   M    M   8 1      41 270
 3  63  42  53  -3  12   0    T  0.0    0  9.2 22 300   M    M   6        30 300
 4  62  40  51  -5  14   0 0.09  0.0    0  7.2 18 130   M    M   7        28 170
 5  65  47  56   0   9   0 1.15  0.0    0 11.4 30  90   M    M  10 1      36  90
 6  64  48  56  -1   9   0 0.68  0.0    0  7.3 20 260   M    M   8 1      26 280
 7  53  44  49  -8  16   0 0.05  0.0    0  7.3 18 270   M    M   9 8      25 260
 8  62  39  51  -6  14   0 0.00  0.0    0  8.5 21 250   M    M   6        26 240
 9  66  35  51  -7  14   0 0.00  0.0    0  5.4 14 250   M    M   2        19 250
10  68  45  57  -1   8   0 0.00  0.0    0  3.7 10 110   M    M   2 8      14 240
11  54  44  49  -9  16   0 0.09  0.0    0  2.6 10  90   M    M   6        13  80
12  60  49  55  -3  10   0 0.02  0.0    0  4.5 13 180   M    M  10 1      18 110
13  56  47  52  -7  13   0 0.37  0.0    0  2.6  9 110   M    M  10 12     13 100
14  72  46  59   0   6   0 0.03  0.0    0 10.2 29 290   M    M   7 12     40 270
15  73  50  62   3   3   0 0.00  0.0    0 11.2 24 330   M    M   3        32 310
16  79  44  62   2   3   0 0.00  0.0    0  3.3 12 310   M    M   0        15 300
17  93  50  72  12   0   7 0.00  0.0    0  4.4 23 260   M    M   0        36 290
18  93  56  75  15   0  10 0.00  0.0    0  7.2 24 260   M    M   1 1      31 230
19  90  58  74  13   0   9 0.00  0.0    0 10.6 21 250   M    M   1        30 250
20  62  52  57  -4   8   0 0.17  0.0    0  3.0 10  30   M    M   8 1      15  40
21  65  52  59  -2   6   0    T  0.0    0  7.4 16  50   M    M   9        27 100
22  67  55  61  -1   4   0 0.02  0.0    0  6.1 14  60   M    M   7 1      21  50
================================================================================
SM 1512 1053       170  29  3.40     0.0 155.1          M      129
================================================================================
AV 68.7 47.9                               7.0 FASTST   M    M   6    MAX(MPH)
                                 MISC ---->  # 48 260               # 71  260
================================================================================
NOTES:
# LAST OF SEVERAL OCCURRENCES

COLUMN 17 PEAK WIND IN M.P.H.

PRELIMINARY LOCAL CLIMATOLOGICAL DATA (WS FORM: F-6) , PAGE 2

                                          STATION:  WILLIAMSPORT PA
                                          MONTH:    MAY
                                          YEAR:     2017
                                          LATITUDE:   41 15 N
                                          LONGITUDE:  76 55 W

[TEMPERATURE DATA]      [PRECIPITATION DATA]       SYMBOLS USED IN COLUMN 16

AVERAGE MONTHLY: 58.3   TOTAL FOR MONTH:   3.40    1 = FOG OR MIST
DPTR FM NORMAL:  -0.1   DPTR FM NORMAL:    0.84    2 = FOG REDUCING VISIBILITY
HIGHEST:    93 ON 18,17 GRTST 24HR  1.15 ON  5- 5      TO 1/4 MILE OR LESS
LOWEST:     35 ON  9                               3 = THUNDER
                        SNOW, ICE PELLETS, HAIL    4 = ICE PELLETS
                        TOTAL MONTH:   0.0 INCH    5 = HAIL
                        GRTST 24HR     0.0         6 = FREEZING RAIN OR DRIZZLE
                        GRTST DEPTH:   0           7 = DUSTSTORM OR SANDSTORM:
                                                       VSBY 1/2 MILE OR LESS
                                                   8 = SMOKE OR HAZE
[NO. OF DAYS WITH]      [WEATHER - DAYS WITH]      9 = BLOWING SNOW
                                                   X = TORNADO
MAX 32 OR BELOW:   0    0.01 INCH OR MORE:  11
MAX 90 OR ABOVE:   3    0.10 INCH OR MORE:   5
MIN 32 OR BELOW:   0    0.50 INCH OR MORE:   3
MIN  0 OR BELOW:   0    1.00 INCH OR MORE:   1

[HDD (BASE 65) ]
TOTAL THIS MO.   170    CLEAR  (SCALE 0-3)   7
DPTR FM NORMAL     4    PTCLDY (SCALE 4-7)   9
TOTAL FM JUL 1  4914    CLOUDY (SCALE 8-10)  6
DPTR FM NORMAL -1007

[CDD (BASE 65) ]
TOTAL THIS MO.    29
DPTR FM NORMAL    11    [PRESSURE DATA]
TOTAL FM JAN 1    44    HIGHEST SLP M ON M
DPTR FM NORMAL    21    LOWEST  SLP 29.24 ON  6

[REMARKS]
