000
CXUS55 KCTP 241131
CF6IPT
PRELIMINARY LOCAL CLIMATOLOGICAL DATA (WS FORM: F-6)

                                          STATION:   WILLIAMSPORT PA
                                          MONTH:     APRIL
                                          YEAR:      2014
                                          LATITUDE:   41 15 N
                                          LONGITUDE:  76 55 W

  TEMPERATURE IN F:       :PCPN:    SNOW:  WIND      :SUNSHINE: SKY     :PK WND
================================================================================
1   2   3   4   5  6A  6B    7    8   9   10  11  12  13   14  15   16   17  18
                                     12Z  AVG MX 2MIN
DY MAX MIN AVG DEP HDD CDD  WTR  SNW DPTH SPD SPD DIR MIN PSBL S-S WX    SPD DR
================================================================================

 1  58  27  43  -1  22   0 0.00  0.0    0  4.7 14 140   M    M   2        18  80
 2  67  35  51   6  14   0 0.00  0.0    0  3.8 15 250   M    M   3        19 260
 3  61  42  52   7  13   0 0.17  0.0    0  4.1 10  60   M    M   6 1      13  60
 4  47  43  45  -1  20   0 0.40  0.0    0 11.9 23 130   M    M  10 18     31 120
 5  47  32  40  -6  25   0    T  0.0    0 11.3 23 260   M    M   7        32 300
 6  59  27  43  -3  22   0 0.00  0.0    0  4.2 12 180   M    M   0        16 170
 7  48  32  40  -7  25   0 0.49  0.0    0  7.1 18 110   M    M   7 138    26 110
 8  56  34  45  -2  20   0 0.04  0.0    0  8.9 26 270   M    M   5 1      35 280
 9  61  29  45  -3  20   0 0.00  0.0    0  5.5 18 300   M    M   1        30 280
10  69  28  49   1  16   0 0.00  0.0    0  8.1 28 190   M    M   0        38 210
11  63  45  54   6  11   0 0.23  0.0    0  4.2 12 280   M    M   7 1      16 290
12  70  41  56   7   9   0 0.00  0.0    0  7.1 21 150   M    M   5 1      26 140
13  82  57  70  21   0   5    T  0.0    0 12.4 26 160   M    M   2        37 150
14  77  60  69  19   0   4    T  0.0    0 11.8 33 270   M    M   2        47 160
15  68  30  49  -1  16   0 0.59    T    0 12.5 43 240   M    M   9 18     54 250
16  46  24  35 -15  30   0 0.00  0.0    0  8.6 23 310   M    M   1        34 310
17  55  25  40 -11  25   0 0.00  0.0    0  6.4 18 110   M    M   0        28 130
18  54  34  44  -7  21   0 0.00  0.0    0  5.5 14 160   M    M   1        19 150
19  63  33  48  -3  17   0 0.00  0.0    0  5.8 15  30   M    M   0        22 300
20  66  32  49  -3  16   0 0.00  0.0    0  6.1 21 170   M    M   0        29 160
21  72  37  55   3  10   0 0.00  0.0    0  6.3 20 180   M    M   1        29 180
22  63  47  55   3  10   0    T    M    0  7.2 24 280   M    M   3        31 270
23  54  39  47  -6  18   0 0.00  0.0    0 13.8 24 310   M    M   7        34 320
================================================================================
SM 1406  833       380   9  1.92    T    177.3          M       79
================================================================================
AV 61.1 36.2                               7.7 FASTST   M    M   3    MAX(MPH)
                                 MISC ---->  # 43 240               # 54  250
================================================================================
NOTES:
# LAST OF SEVERAL OCCURRENCES

COLUMN 17 PEAK WIND IN M.P.H.

PRELIMINARY LOCAL CLIMATOLOGICAL DATA (WS FORM: F-6) , PAGE 2

                                          STATION:  WILLIAMSPORT PA
                                          MONTH:    APRIL
                                          YEAR:     2014
                                          LATITUDE:   41 15 N
                                          LONGITUDE:  76 55 W

[TEMPERATURE DATA]      [PRECIPITATION DATA]       SYMBOLS USED IN COLUMN 16

AVERAGE MONTHLY: 48.7   TOTAL FOR MONTH:   1.92    1 = FOG OR MIST
DPTR FM NORMAL:  -0.0   DPTR FM NORMAL:   -0.58    2 = FOG REDUCING VISIBILITY
HIGHEST:    82 ON 13    GRTST 24HR  0.59 ON 15-15      TO 1/4 MILE OR LESS
LOWEST:     24 ON 16                               3 = THUNDER
                        SNOW, ICE PELLETS, HAIL    4 = ICE PELLETS
                        TOTAL MONTH:    T          5 = HAIL
                        GRTST 24HR    T  ON 15-15  6 = FREEZING RAIN OR DRIZZLE
                        GRTST DEPTH:   0           7 = DUSTSTORM OR SANDSTORM:
                                                       VSBY 1/2 MILE OR LESS
                                                   8 = SMOKE OR HAZE
[NO. OF DAYS WITH]      [WEATHER - DAYS WITH]      9 = BLOWING SNOW
                                                   X = TORNADO
MAX 32 OR BELOW:   0    0.01 INCH OR MORE:   6
MAX 90 OR ABOVE:   0    0.10 INCH OR MORE:   5
MIN 32 OR BELOW:  10    0.50 INCH OR MORE:   1
MIN  0 OR BELOW:   0    1.00 INCH OR MORE:   0

[HDD (BASE 65) ]
TOTAL THIS MO.   380    CLEAR  (SCALE 0-3)  14
DPTR FM NORMAL     1    PTCLDY (SCALE 4-7)   7
TOTAL FM JUL 1  6212    CLOUDY (SCALE 8-10)  2
DPTR FM NORMAL   537

[CDD (BASE 65) ]
TOTAL THIS MO.     9
DPTR FM NORMAL     9    [PRESSURE DATA]
TOTAL FM JAN 1     9    HIGHEST SLP M ON M
DPTR FM NORMAL     9    LOWEST  SLP 29.40 ON  8

[REMARKS]
