000
CXUS53 KBIS 200830
CF6ISN
PRELIMINARY LOCAL CLIMATOLOGICAL DATA (WS FORM: F-6)

                                          STATION:   WILLISTON ND
                                          MONTH:     OCTOBER
                                          YEAR:      2017
                                          LATITUDE:   48 10 N
                                          LONGITUDE: 103 38 W

  TEMPERATURE IN F:       :PCPN:    SNOW:  WIND      :SUNSHINE: SKY     :PK WND
================================================================================
1   2   3   4   5  6A  6B    7    8   9   10  11  12  13   14  15   16   17  18
                                     12Z  AVG MX 2MIN
DY MAX MIN AVG DEP HDD CDD  WTR  SNW DPTH SPD SPD DIR MIN PSBL S-S WX    SPD DR
================================================================================

 1  57  45  51   1  14   0 0.30    M    M  7.6 20 310   M    M   7 1      23 310
 2  53  37  45  -4  20   0 0.00    M    M 16.9 31 230   M    M   6        40 230
 3  47  34  41  -8  24   0 0.06    M    M 10.6 20 310   M    M   9 1      25 320
 4  56  33  45  -3  20   0 0.00    M    M  7.7 18 220   M    M   5        22 220
 5  58  30  44  -4  21   0 0.00    M    M  2.6 10 260   M    M   0 18     14 270
 6  68  28  48   0  17   0 0.00    M    M  7.1 21 200   M    M   0 1      27 200
 7  68  41  55   8  10   0 0.00    M    M 14.5 33 270   M    M   0        41 280
 8  56  34  45  -2  20   0 0.00    M    M 13.8 29 320   M    M   4        34 320
 9  56  29  43  -3  22   0 0.00    M    M  7.7 17 250   M    M   3        23 260
10  66  26  46   0  19   0 0.00    M    M  6.2 18 210   M    M   0        25 210
11  62  30  46   1  19   0 0.00    M    M  4.5 15 150   M    M   0        20 160
12  51  29  40  -5  25   0 0.00    M    M  9.7 22 320   M    M   2        26 320
13  49  20  35  -9  30   0 0.01    M    M  6.2 21  30   M    M   6        25  20
14  49  33  41  -3  24   0    T    M    M  8.2 17  10   M    M   6 1      20  10
15  59  31  45   1  20   0 0.00    M    M 11.6 25 300   M    M   2        29 290
16  69  31  50   7  15   0 0.00    M    M  9.3 28 280   M    M   0        32 270
17  77  36  57  14   8   0 0.00    M    M 11.2 24 230   M    M   0        31 230
18  69  33  51   9  14   0 0.00    M    M 12.3 38 320   M    M   1 8      50 320
19  79  34  57  15   8   0 0.00    M    M  4.6 12 210   M    M   0        14 200
================================================================================
SM 1149  614       350   0  0.37    M    172.3          M       51
================================================================================
AV 60.5 32.3                               9.1 FASTST   M    M   3    MAX(MPH)
                                 MISC ---->  # 38 320               # 50  320
================================================================================
NOTES:
# LAST OF SEVERAL OCCURRENCES

COLUMN 17 PEAK WIND IN M.P.H.

PRELIMINARY LOCAL CLIMATOLOGICAL DATA (WS FORM: F-6) , PAGE 2

                                          STATION:  WILLISTON ND
                                          MONTH:    OCTOBER
                                          YEAR:     2017
                                          LATITUDE:   48 10 N
                                          LONGITUDE: 103 38 W

[TEMPERATURE DATA]      [PRECIPITATION DATA]       SYMBOLS USED IN COLUMN 16

AVERAGE MONTHLY: 46.4   TOTAL FOR MONTH:   0.37    1 = FOG OR MIST
DPTR FM NORMAL:   0.6   DPTR FM NORMAL:   -0.22    2 = FOG REDUCING VISIBILITY
HIGHEST:    79 ON 19    GRTST 24HR  0.30 ON  1- 1      TO 1/4 MILE OR LESS
LOWEST:     20 ON 13                               3 = THUNDER
                        SNOW, ICE PELLETS, HAIL    4 = ICE PELLETS
                        TOTAL MONTH:    M          5 = HAIL
                        GRTST 24HR    M  ON   M    6 = FREEZING RAIN OR DRIZZLE
                        GRTST DEPTH:  M  ON   M    7 = DUSTSTORM OR SANDSTORM:
                                                       VSBY 1/2 MILE OR LESS
                                                   8 = SMOKE OR HAZE
[NO. OF DAYS WITH]      [WEATHER - DAYS WITH]      9 = BLOWING SNOW
                                                   X = TORNADO
MAX 32 OR BELOW:   0    0.01 INCH OR MORE:   3
MAX 90 OR ABOVE:   0    0.10 INCH OR MORE:   1
MIN 32 OR BELOW:   9    0.50 INCH OR MORE:   0
MIN  0 OR BELOW:   0    1.00 INCH OR MORE:   0

[HDD (BASE 65) ]
TOTAL THIS MO.   350    CLEAR  (SCALE 0-3)  12
DPTR FM NORMAL   -15    PTCLDY (SCALE 4-7)   6
TOTAL FM JUL 1   601    CLOUDY (SCALE 8-10)  1
DPTR FM NORMAL  -110

[CDD (BASE 65) ]
TOTAL THIS MO.     0
DPTR FM NORMAL     0    [PRESSURE DATA]
TOTAL FM JAN 1   643    HIGHEST SLP M ON M
DPTR FM NORMAL   188    LOWEST  SLP 29.40 ON  7

[REMARKS]
