000
CXUS51 KOKX 280703
CF6ISP
PRELIMINARY LOCAL CLIMATOLOGICAL DATA (WS FORM: F-6)

                                          STATION:   ISLIP NY
                                          MONTH:     AUGUST
                                          YEAR:      2016
                                          LATITUDE:   40 47 N
                                          LONGITUDE:  73  6 W

  TEMPERATURE IN F:       :PCPN:    SNOW:  WIND      :SUNSHINE: SKY     :PK WND
================================================================================
1   2   3   4   5  6A  6B    7    8   9   10  11  12  13   14  15   16   17  18
                                     12Z  AVG MX 2MIN
DY MAX MIN AVG DEP HDD CDD  WTR  SNW DPTH SPD SPD DIR MIN PSBL S-S WX    SPD DR
================================================================================

 1  78  68  73  -1   0   8 0.00  0.0    0  7.4 15 100   M    M  10        20  40
 2  76  62  69  -5   0   4    T  0.0    0  7.0 17  40   M    M   6        23  40
 3  80  60  70  -4   0   5 0.00  0.0    0  6.6 16 130   M    M   1        20 150
 4  80  60  70  -4   0   5 0.00  0.0    0  4.8 13 180   M    M   2        16 170
 5  81  61  71  -3   0   6 0.00  0.0    0  8.1 17 210   M    M   3        23 200
 6  85  72  79   5   0  14 0.00  0.0    0 10.3 18 220   M    M   7        23 230
 7  88  68  78   4   0  13 0.00  0.0    0  8.3 17 220   M    M   3        21 190
 8  83  67  75   1   0  10 0.00  0.0    0  6.4 13 140   M    M   5        17 140
 9  87  64  76   2   0  11 0.00  0.0    0  5.6 16 200   M    M   5        20 200
10  84  73  79   5   0  14 0.15  0.0    0 12.8 23 220   M    M   8 13     33 200
11  91  76  84  10   0  19 0.02  0.0    0 10.0 17 220   M    M   6 3      21 220
12  90  75  83   9   0  18    T  0.0    0 10.1 20 220   M    M   6 3      26 230
13  93  78  86  13   0  21 0.00  0.0    0  9.0 22 220   M    M   3 3      26 230
14  97  78  88  15   0  23    T  0.0    0  8.5 20 310   M    M   5 13     24 300
15  90  75  83  10   0  18 0.00  0.0    0  6.7 14 180   M    M   5        19 190
16  88  75  82   9   0  17 0.00  0.0    0 11.0 22 200   M    M   7        30 200
17  87  75  81   8   0  16 0.00  0.0    0 10.4 21 320   M    M   6        28 230
18  85  72  79   6   0  14 0.01  0.0    0  4.6 13 190   M    M   7        16 200
19  86  70  78   5   0  13 0.55  0.0    0  5.7 15  30   M    M   4 1      19 140
20  84  70  77   4   0  12 0.01  0.0    0  7.9 17 130   M    M   5 13     22 160
21  87  74  81   9   0  16 0.15  0.0    0 11.9 18 140   M    M   7 3      25 150
22  81  63  72   0   0   7 0.00  0.0    0 11.8 24 320   M    M   3        38 330
23  79  56  68  -4   0   3 0.00  0.0    0  6.9 16 160   M    M   1        21 180
24  85  64  75   3   0  10 0.00  0.0    0  8.1 16 210   M    M   2        23 210
25  82  67  75   3   0  10 0.00  0.0    0 10.9 20 190   M    M   5        27 210
26  93  73  83  11   0  18 0.00  0.0    0  8.0 16 330   M    M   4        21 320
27  88  69  79   7   0  14 0.00  0.0    0  7.6 17 130   M    M   4        21 140
================================================================================
SM 2308 1865         0 339  0.89     0.0 226.4          M      130
================================================================================
AV 85.5 69.1                               8.4 FASTST   M    M   5    MAX(MPH)
                                 MISC ---->  # 24 320               # 38  330
================================================================================
NOTES:
# LAST OF SEVERAL OCCURRENCES

COLUMN 17 PEAK WIND IN M.P.H.

PRELIMINARY LOCAL CLIMATOLOGICAL DATA (WS FORM: F-6) , PAGE 2

                                          STATION:  ISLIP NY
                                          MONTH:    AUGUST
                                          YEAR:     2016
                                          LATITUDE:   40 47 N
                                          LONGITUDE:  73  6 W

[TEMPERATURE DATA]      [PRECIPITATION DATA]       SYMBOLS USED IN COLUMN 16

AVERAGE MONTHLY: 77.3   TOTAL FOR MONTH:   0.89    1 = FOG OR MIST
DPTR FM NORMAL:   4.1   DPTR FM NORMAL:   -2.61    2 = FOG REDUCING VISIBILITY
HIGHEST:    97 ON 14    GRTST 24HR  0.55 ON 19-19      TO 1/4 MILE OR LESS
LOWEST:     56 ON 23                               3 = THUNDER
                        SNOW, ICE PELLETS, HAIL    4 = ICE PELLETS
                        TOTAL MONTH:   0.0 INCH    5 = HAIL
                        GRTST 24HR     0.0         6 = FREEZING RAIN OR DRIZZLE
                        GRTST DEPTH:   0           7 = DUSTSTORM OR SANDSTORM:
                                                       VSBY 1/2 MILE OR LESS
                                                   8 = SMOKE OR HAZE
[NO. OF DAYS WITH]      [WEATHER - DAYS WITH]      9 = BLOWING SNOW
                                                   X = TORNADO
MAX 32 OR BELOW:   0    0.01 INCH OR MORE:   6
MAX 90 OR ABOVE:   6    0.10 INCH OR MORE:   3
MIN 32 OR BELOW:   0    0.50 INCH OR MORE:   1
MIN  0 OR BELOW:   0    1.00 INCH OR MORE:   0

[HDD (BASE 65) ]
TOTAL THIS MO.     0    CLEAR  (SCALE 0-3)   5
DPTR FM NORMAL     0    PTCLDY (SCALE 4-7)  21
TOTAL FM JUL 1     0    CLOUDY (SCALE 8-10)  1
DPTR FM NORMAL    -2

[CDD (BASE 65) ]
TOTAL THIS MO.   339
DPTR FM NORMAL   117    [PRESSURE DATA]
TOTAL FM JAN 1   895    HIGHEST SLP M ON M
DPTR FM NORMAL   233    LOWEST  SLP 29.67 ON  6

[REMARKS]
