000
CXUS51 KOKX 280702
CF6ISP
PRELIMINARY LOCAL CLIMATOLOGICAL DATA (WS FORM: F-6)

                                          STATION:   ISLIP NY
                                          MONTH:     JUNE
                                          YEAR:      2017
                                          LATITUDE:   40 47 N
                                          LONGITUDE:  73  6 W

  TEMPERATURE IN F:       :PCPN:    SNOW:  WIND      :SUNSHINE: SKY     :PK WND
================================================================================
1   2   3   4   5  6A  6B    7    8   9   10  11  12  13   14  15   16   17  18
                                     12Z  AVG MX 2MIN
DY MAX MIN AVG DEP HDD CDD  WTR  SNW DPTH SPD SPD DIR MIN PSBL S-S WX    SPD DR
================================================================================

 1  78  57  68   4   0   3    T  0.0    0  6.8 18 220   M    M   5 12     23 220
 2  70  51  61  -3   4   0 0.01  0.0    0  8.0 20 190   M    M   2 3      28 210
 3  73  48  61  -3   4   0 0.00  0.0    0  8.2 23 330   M    M   4        31 320
 4  71  51  61  -4   4   0 0.04  0.0    0  5.6 14 230   M    M   6        17 230
 5  67  56  62  -3   3   0 0.14  0.0    0  7.1 17  40   M    M  10 1238   22  30
 6  56  51  54 -12  11   0 0.07  0.0    0 10.5 20  30   M    M  10 1      25  20
 7  67  50  59  -7   6   0 0.00  0.0    0  8.3 17  40   M    M   7 1      22  30
 8  67  47  57  -9   8   0 0.00  0.0    0  5.4 15 130   M    M   6        23 130
 9  82  51  67   1   0   2 0.00  0.0    0  7.9 26 280   M    M   5        33 280
10  85  56  71   4   0   6 0.00  0.0    0  9.5 22 220   M    M   4        29 220
11  87  64  76   9   0  11 0.00  0.0    0  9.6 20 210   M    M   5        29 220
12  91  66  79  11   0  14 0.00  0.0    0  7.4 18 230   M    M   1        23 240
13  93  69  81  13   0  16 0.00  0.0    0  8.2 21 230   M    M   5        27 230
14  80  60  70   2   0   5 0.29  0.0    0  6.7 14  50   M    M   7 13     18 140
15  72  57  65  -3   0   0 0.00  0.0    0  9.1 16 130   M    M   4        21 130
16  66  60  63  -6   2   0 0.39  0.0    0  6.8 17 110   M    M   8 12     23 110
17  73  65  69   0   0   4 0.16  0.0    0  5.1 12 170   M    M  10 12     14 170
18  77  68  73   4   0   8 0.00  0.0    0 11.9 22 200   M    M  10 12     35 200
19  78  69  74   4   0   9 0.36  0.0    0 15.8 24 200   M    M  10 138    41 190
20  82  69  76   6   0  11 0.15  0.0    0 11.5 23 220   M    M   5 1      29 220
21  84  65  75   5   0  10 0.04  0.0    0  8.5 18 280   M    M   6 3      24 280
22  80  62  71   1   0   6 0.00  0.0    0  6.8 15 210   M    M   4        21 210
23  81  71  76   5   0  11    T  0.0    0 11.5 22 210   M    M   7 1      30 220
24  86  69  78   7   0  13 1.87  0.0    0  9.9 25 300   M    M   6 13     30 290
25  82  64  73   2   0   8 0.00  0.0    0  6.7 17 200   M    M   5        23 210
26  78  59  69  -3   0   4 0.00  0.0    0  8.8 20 360   M    M   2        28 360
27  76  60  68  -4   0   3 0.05  0.0    0  5.8 16 210   M    M   7 13     21 230
================================================================================
SM 2082 1615        42 144  3.57     0.0 227.4          M      161
================================================================================
AV 77.1 59.8                               8.4 FASTST   M    M   6    MAX(MPH)
                                 MISC ---->  # 26 280               # 41  190
================================================================================
NOTES:
# LAST OF SEVERAL OCCURRENCES

COLUMN 17 PEAK WIND IN M.P.H.

PRELIMINARY LOCAL CLIMATOLOGICAL DATA (WS FORM: F-6) , PAGE 2

                                          STATION:  ISLIP NY
                                          MONTH:    JUNE
                                          YEAR:     2017
                                          LATITUDE:   40 47 N
                                          LONGITUDE:  73  6 W

[TEMPERATURE DATA]      [PRECIPITATION DATA]       SYMBOLS USED IN COLUMN 16

AVERAGE MONTHLY: 68.5   TOTAL FOR MONTH:   3.57    1 = FOG OR MIST
DPTR FM NORMAL:   0.5   DPTR FM NORMAL:   -0.37    2 = FOG REDUCING VISIBILITY
HIGHEST:    93 ON 13    GRTST 24HR  1.87 ON 24-24      TO 1/4 MILE OR LESS
LOWEST:     47 ON  8                               3 = THUNDER
                        SNOW, ICE PELLETS, HAIL    4 = ICE PELLETS
                        TOTAL MONTH:   0.0 INCH    5 = HAIL
                        GRTST 24HR     0.0         6 = FREEZING RAIN OR DRIZZLE
                        GRTST DEPTH:   0           7 = DUSTSTORM OR SANDSTORM:
                                                       VSBY 1/2 MILE OR LESS
                                                   8 = SMOKE OR HAZE
[NO. OF DAYS WITH]      [WEATHER - DAYS WITH]      9 = BLOWING SNOW
                                                   X = TORNADO
MAX 32 OR BELOW:   0    0.01 INCH OR MORE:  12
MAX 90 OR ABOVE:   2    0.10 INCH OR MORE:   7
MIN 32 OR BELOW:   0    0.50 INCH OR MORE:   1
MIN  0 OR BELOW:   0    1.00 INCH OR MORE:   1

[HDD (BASE 65) ]
TOTAL THIS MO.    42    CLEAR  (SCALE 0-3)   3
DPTR FM NORMAL     6    PTCLDY (SCALE 4-7)  19
TOTAL FM JUL 1  4769    CLOUDY (SCALE 8-10)  5
DPTR FM NORMAL  -657

[CDD (BASE 65) ]
TOTAL THIS MO.   144
DPTR FM NORMAL    26    [PRESSURE DATA]
TOTAL FM JAN 1   183    HIGHEST SLP M ON M
DPTR FM NORMAL    41    LOWEST  SLP 29.55 ON 24

[REMARKS]
