000
CXUS52 TJSJ 310441
CF6IST
PRELIMINARY LOCAL CLIMATOLOGICAL DATA (WS FORM: F-6)

                                          STATION:   CYRIL E. KING AP/ST THOMAS
                                          MONTH:     AUGUST
                                          YEAR:      2015
                                          LATITUDE:   18 19 N
                                          LONGITUDE:  64 58 W

  TEMPERATURE IN F:       :PCPN:    SNOW:  WIND      :SUNSHINE: SKY     :PK WND
================================================================================
1   2   3   4   5  6A  6B    7    8   9   10  11  12  13   14  15   16   17  18
                                     12Z  AVG MX 2MIN
DY MAX MIN AVG DEP HDD CDD  WTR  SNW DPTH SPD SPD DIR MIN PSBL S-S WX    SPD DR
================================================================================

 1  95  80  88   4   0  23 0.00  0.0    0 11.4 21  90   M    M   2        29  90
 2  90  79  85   1   0  20 0.03  0.0    0 11.9 18 100   M    M   5        27 120
 3  92  82  87   3   0  22 0.01  0.0    0 14.1 24 110   M    M   5        31 110
 4  94  82  88   4   0  23 0.00  0.0    0 13.4 20  70   M    M   3        26  80
 5  89  82  86   2   0  21    T  0.0    0 10.9 18 130   M    M   1        23 140
 6  91  80  86   2   0  21 0.06  0.0    0 10.7 17 130   M    M   2        23  90
 7  90  80  85   1   0  20    T  0.0    0 11.3 20 130   M    M   2        25 130
 8  90  76  83  -1   0  18 0.23  0.0    0 13.3 24 100   M    M   3 1      31 110
 9  89  80  85   1   0  20    T  0.0    0  9.8 17 130   M    M   2        22 130
10  89  80  85   1   0  20    T  0.0    0 10.4 20 130   M    M   1        24 130
11  90  81  86   2   0  21 0.03  0.0    0 11.9 22 120   M    M   2        29 120
12  90  82  86   2   0  21 0.00  0.0    0 12.1 22 130   M    M   2        27 130
13  89  80  85   1   0  20    T    M    0 11.4 18 130   M    M   2        23 140
14  90  81  86   2   0  21    T  0.0    0 10.8 21 130   M    M   1        26 130
15  89  80  85   1   0  20 0.08  0.0    0  9.7 18 130   M    M   2 18     24 120
16  85  76  81  -3   0  16 0.87  0.0    0  7.6 24 120   M    M   6 18     31 120
17  89  74  82  -2   0  17    T  0.0    0 10.2 18  90   M    M   2        23 120
18  89  78  84   0   0  19 0.00  0.0    0  9.7 18 130   M    M   2        23 130
19  92  80  86   2   0  21    T  0.0    0  9.0 17  80   M    M   3        24 100
20  92  80  86   2   0  21 0.00  0.0    0  8.4 17  70   M    M   3        21  70
21  89  80  85   1   0  20    T  0.0    0  9.5 17 130   M    M   1        22 140
22  89  81  85   1   0  20    T  0.0    0  9.3 16 130   M    M   2        19 140
23  92  79  86   2   0  21 0.22  0.0    0  8.4 25  90   M    M   2 18     33  90
24  94  82  88   4   0  23 0.01  0.0    0 11.9 21  80   M    M   3        27  80
25  89  80  85   1   0  20 0.04  0.0    0 13.2 24 110   M    M   3 1      31 110
26  93  83  88   4   0  23    T  0.0    0 14.5 24  50   M    M   5        34  30
27  91  81  86   2   0  21 0.15  0.0    0 20.8 37 120   M    M   7 18     48 120
28  90  80  85   1   0  20 0.01  0.0    0 17.6 37 130   M    M   4        47 120
29  95  83  89   5   0  24 0.00  0.0    0 12.7 21  80   M    M   2        26  60
30  91  81  86   2   0  21 0.01  0.0    0 10.1 18 120   M    M   2        22  90
================================================================================
SM 2717 2403         0 618  1.75     0.0 346.0          M       82
================================================================================
AV 90.6 80.1                              11.5 FASTST   M    M   3    MAX(MPH)
                                 MISC ---->  # 37 120               # 48  120
================================================================================
NOTES:
# LAST OF SEVERAL OCCURRENCES

COLUMN 17 PEAK WIND IN M.P.H.

PRELIMINARY LOCAL CLIMATOLOGICAL DATA (WS FORM: F-6) , PAGE 2

                                          STATION:  CYRIL E. KING AP/ST THOMAS
                                          MONTH:    AUGUST
                                          YEAR:     2015
                                          LATITUDE:   18 19 N
                                          LONGITUDE:  64 58 W

[TEMPERATURE DATA]      [PRECIPITATION DATA]       SYMBOLS USED IN COLUMN 16

AVERAGE MONTHLY: 85.3   TOTAL FOR MONTH:   1.75    1 = FOG OR MIST
DPTR FM NORMAL:   1.3   DPTR FM NORMAL:   -1.85    2 = FOG REDUCING VISIBILITY
HIGHEST:    95 ON 29, 1 GRTST 24HR  0.87 ON 16-16      TO 1/4 MILE OR LESS
LOWEST:     74 ON 17                               3 = THUNDER
                        SNOW, ICE PELLETS, HAIL    4 = ICE PELLETS
                        TOTAL MONTH:   0.0 INCH    5 = HAIL
                        GRTST 24HR     0.0         6 = FREEZING RAIN OR DRIZZLE
                        GRTST DEPTH:   0           7 = DUSTSTORM OR SANDSTORM:
                                                       VSBY 1/2 MILE OR LESS
                                                   8 = SMOKE OR HAZE
[NO. OF DAYS WITH]      [WEATHER - DAYS WITH]      9 = BLOWING SNOW
                                                   X = TORNADO
MAX 32 OR BELOW:   0    0.01 INCH OR MORE:  13
MAX 90 OR ABOVE:  19    0.10 INCH OR MORE:   4
MIN 32 OR BELOW:   0    0.50 INCH OR MORE:   1
MIN  0 OR BELOW:   0    1.00 INCH OR MORE:   0

[HDD (BASE 65) ]
TOTAL THIS MO.     0    CLEAR  (SCALE 0-3)  22
DPTR FM NORMAL     0    PTCLDY (SCALE 4-7)   8
TOTAL FM JUL 1     0    CLOUDY (SCALE 8-10)  0
DPTR FM NORMAL     0

[CDD (BASE 65) ]
TOTAL THIS MO.   618
DPTR FM NORMAL    48    [PRESSURE DATA]
TOTAL FM JAN 1  4068    HIGHEST SLP M ON M
DPTR FM NORMAL   102    LOWEST  SLP 29.81 ON 27

[REMARKS]
