000
CXUS52 TJSJ 230428
CF6ISX
PRELIMINARY LOCAL CLIMATOLOGICAL DATA (WS FORM: F-6)

                                          STATION:   HENRY E. ROHLSEN AIRPORT/USVI
                                          MONTH:     JULY
                                          YEAR:      2014
                                          LATITUDE:   17 42 N
                                          LONGITUDE:  64 48 W

  TEMPERATURE IN F:       :PCPN:    SNOW:  WIND      :SUNSHINE: SKY     :PK WND
================================================================================
1   2   3   4   5  6A  6B    7    8   9   10  11  12  13   14  15   16   17  18
                                     12Z  AVG MX 2MIN
DY MAX MIN AVG DEP HDD CDD  WTR  SNW DPTH SPD SPD DIR MIN PSBL S-S WX    SPD DR
================================================================================

 1  92  77  85   1   0  20 0.00  0.0    0 11.4 20 100   M    M   4        25 120
 2  92  79  86   2   0  21 0.00  0.0    0 11.1 20 100   M    M   6        25 110
 3  91  77  84   0   0  19 0.04  0.0    0 11.7 26 110   M    M   3        33 100
 4  92  80  86   2   0  21    T  0.0    0 12.7 21  90   M    M   4        26  90
 5  92  78  85   1   0  20 0.08  0.0    0 11.3 24 110   M    M   2 8      31 100
 6  91  80  86   2   0  21 0.16  0.0    0 13.7 21 100   M    M   7 8      28 120
 7  92  80  86   2   0  21 0.00  0.0    0 12.8 24 100   M    M   5        28 110
 8  92  79  86   2   0  21    T  0.0    0 10.6 21 110   M    M   7        25 110
 9  92  76  84   0   0  19 0.09  0.0    0 11.6 20 110   M    M   1        26 100
10  93  78  86   2   0  21 0.06  0.0    0 14.5 22 110   M    M   3        32  90
11  91  79  85   1   0  20 0.00  0.0    0 13.4 21  90   M    M   4        30 110
12  93  78  86   2   0  21 0.00  0.0    0 10.2 21 110   M    M   5        26 100
13  91  78  85   1   0  20    T  0.0    0  7.3 15 100   M    M   2        23 110
14  91  78  85   1   0  20 0.00  0.0    0  8.4 15 100   M    M   2        22  90
15   M   M   M   M   M   M 0.19    M    0  9.4 14 100   M    M   5        21 100
16  92  79  86   2   0  21 0.01  0.0    0 11.0 24 110   M    M   4        30 110
17  92  78  85   1   0  20    T  0.0    0 11.3 17 110   M    M   4        23 110
18  92  78  85   1   0  20 0.21  0.0    0 11.1 22 120   M    M   4        29 120
19  92  77  85   1   0  20    T  0.0    0 12.7 21 110   M    M   3        26 110
20  92  81  87   3   0  22 0.00  0.0    0 12.4 17 100   M    M   3        24 110
21  92  78  85   1   0  20 0.04  0.0    0 11.7 21  90   M    M   2        26 100
22  90  78  84   0   0  19 0.02  0.0    0 11.4 26 100   M    M   5 18     32  90
================================================================================
SM 1927 1646         0 427  0.90     0.0 251.7          M       85
================================================================================
AV 91.8 78.4                              11.4 FASTST   M    M   4    MAX(MPH)
                                 MISC ---->  # 26 110               # 33  100
================================================================================
NOTES:
# LAST OF SEVERAL OCCURRENCES

COLUMN 17 PEAK WIND IN M.P.H.

PRELIMINARY LOCAL CLIMATOLOGICAL DATA (WS FORM: F-6) , PAGE 2

                                          STATION:  HENRY E. ROHLSEN AIRPORT/USVI
                                          MONTH:    JULY
                                          YEAR:     2014
                                          LATITUDE:   17 42 N
                                          LONGITUDE:  64 48 W

[TEMPERATURE DATA]      [PRECIPITATION DATA]       SYMBOLS USED IN COLUMN 16

AVERAGE MONTHLY: 85.1   TOTAL FOR MONTH:   0.90    1 = FOG OR MIST
DPTR FM NORMAL:   1.1   DPTR FM NORMAL:   -1.16    2 = FOG REDUCING VISIBILITY
HIGHEST:    93 ON 12,10 GRTST 24HR  0.25 ON 30- 1      TO 1/4 MILE OR LESS
LOWEST:     76 ON  9                               3 = THUNDER
                        SNOW, ICE PELLETS, HAIL    4 = ICE PELLETS
                        TOTAL MONTH:   0.0 INCH    5 = HAIL
                        GRTST 24HR     0.0         6 = FREEZING RAIN OR DRIZZLE
                        GRTST DEPTH:   0           7 = DUSTSTORM OR SANDSTORM:
                                                       VSBY 1/2 MILE OR LESS
                                                   8 = SMOKE OR HAZE
[NO. OF DAYS WITH]      [WEATHER - DAYS WITH]      9 = BLOWING SNOW
                                                   X = TORNADO
MAX 32 OR BELOW:   0    0.01 INCH OR MORE:  10
MAX 90 OR ABOVE:  21    0.10 INCH OR MORE:   3
MIN 32 OR BELOW:   0    0.50 INCH OR MORE:   0
MIN  0 OR BELOW:   0    1.00 INCH OR MORE:   0

[HDD (BASE 65) ]
TOTAL THIS MO.     0    CLEAR  (SCALE 0-3)   8
DPTR FM NORMAL     0    PTCLDY (SCALE 4-7)  14
TOTAL FM JUL 1     0    CLOUDY (SCALE 8-10)  0
DPTR FM NORMAL     0

[CDD (BASE 65) ]
TOTAL THIS MO.   427
DPTR FM NORMAL     9    [PRESSURE DATA]
TOTAL FM JAN 1  3250    HIGHEST SLP M ON M
DPTR FM NORMAL   139    LOWEST  SLP 29.98 ON  1

[REMARKS]
