000
CXUS52 TJSJ 240719
CF6ISX
PRELIMINARY LOCAL CLIMATOLOGICAL DATA (WS FORM: F-6)

                                          STATION:   HENRY E. ROHLSEN AP/ST CROIX
                                          MONTH:     MAY
                                          YEAR:      2017
                                          LATITUDE:   17 42 N
                                          LONGITUDE:  64 48 W

  TEMPERATURE IN F:       :PCPN:    SNOW:  WIND      :SUNSHINE: SKY     :PK WND
================================================================================
1   2   3   4   5  6A  6B    7    8   9   10  11  12  13   14  15   16   17  18
                                     12Z  AVG MX 2MIN
DY MAX MIN AVG DEP HDD CDD  WTR  SNW DPTH SPD SPD DIR MIN PSBL S-S WX    SPD DR
================================================================================

 1  86  74  80  -1   0  15 0.22  0.0    0 12.6 23 100   M    M   5 1      27  80
 2  86  75  81   0   0  16 0.00  0.0    0 12.9 22  90   M    M   3        27 100
 3  86  74  80  -1   0  15    T  0.0    0  9.6 17 110   M    M   2        22 100
 4  86  76  81   0   0  16 0.00  0.0    0 12.5 20 100   M    M   4        24  90
 5  86  76  81   0   0  16    T  0.0    0 12.0 18  90   M    M   4        25 100
 6  86  76  81   0   0  16 0.00  0.0    0 12.1 18 100   M    M   3        23  90
 7  86  74  80  -1   0  15    T  0.0    0 11.0 21  90   M    M   3        27  80
 8  86  74  80  -1   0  15 0.01  0.0    0 10.3 17 100   M    M   4        23  90
 9   M   M   M   M   M   M 0.16    M    0 10.8 21 100   M    M   5 1      24 120
10  85  75  80  -1   0  15 0.00  0.0    0  8.5 16 110   M    M   4        21 100
11  80  72  76  -5   0  11 1.44  0.0    0  4.1 17  30   M    M   5 1      20  40
12  84  72  78  -3   0  13 0.11  0.0    0  5.3 13  90   M    M   2        15  90
13  86  72  79  -2   0  14    T  0.0    0  7.6 14 100   M    M   2        19 110
14  88  76  82   1   0  17 0.00  0.0    0 10.4 18 100   M    M   3        24 100
15  89  79  84   3   0  19    T  0.0    0 11.6 17 110   M    M   5 1      23  90
16  88  78  83   2   0  18    T  0.0    0 11.0 17 110   M    M   5        22 100
17  89  77  83   2   0  18 0.00  0.0    0 13.0 23  90   M    M   4        29  90
18  89  79  84   2   0  19 0.00  0.0    0 13.6 22  90   M    M   4        28  80
19  88  78  83   1   0  18    T  0.0    0 11.5 21  80   M    M   4        25 120
20  88  77  83   1   0  18 0.10  0.0    0  8.9 16 110   M    M   4 18     20  80
21  89  78  84   2   0  19 0.00  0.0    0  9.7 18 100   M    M   3        24  90
22  89  76  83   1   0  18 0.00  0.0    0 10.5 18 100   M    M   7        22 100
23  88  78  83   1   0  18    T  0.0    0 11.5 18 100   M    M   6        22  90
================================================================================
SM 1908 1666         0 359  2.04     0.0 241.0          M       91
================================================================================
AV 86.7 75.7                              10.5 FASTST   M    M   4    MAX(MPH)
                                 MISC ---->  # 23 100               # 29   90
================================================================================
NOTES:
# LAST OF SEVERAL OCCURRENCES

COLUMN 17 PEAK WIND IN M.P.H.

PRELIMINARY LOCAL CLIMATOLOGICAL DATA (WS FORM: F-6) , PAGE 2

                                          STATION:  HENRY E. ROHLSEN AP/ST CROIX
                                          MONTH:    MAY
                                          YEAR:     2017
                                          LATITUDE:   17 42 N
                                          LONGITUDE:  64 48 W

[TEMPERATURE DATA]      [PRECIPITATION DATA]       SYMBOLS USED IN COLUMN 16

AVERAGE MONTHLY: 81.2   TOTAL FOR MONTH:   2.04    1 = FOG OR MIST
DPTR FM NORMAL:  -0.0   DPTR FM NORMAL:   -1.18    2 = FOG REDUCING VISIBILITY
HIGHEST:    89 ON 22,21 GRTST 24HR  1.44 ON 11-11      TO 1/4 MILE OR LESS
LOWEST:     72 ON 13,12                            3 = THUNDER
                        SNOW, ICE PELLETS, HAIL    4 = ICE PELLETS
                        TOTAL MONTH:   0.0 INCH    5 = HAIL
                        GRTST 24HR     0.0         6 = FREEZING RAIN OR DRIZZLE
                        GRTST DEPTH:   0           7 = DUSTSTORM OR SANDSTORM:
                                                       VSBY 1/2 MILE OR LESS
                                                   8 = SMOKE OR HAZE
[NO. OF DAYS WITH]      [WEATHER - DAYS WITH]      9 = BLOWING SNOW
                                                   X = TORNADO
MAX 32 OR BELOW:   0    0.01 INCH OR MORE:   6
MAX 90 OR ABOVE:   0    0.10 INCH OR MORE:   5
MIN 32 OR BELOW:   0    0.50 INCH OR MORE:   1
MIN  0 OR BELOW:   0    1.00 INCH OR MORE:   1

[HDD (BASE 65) ]
TOTAL THIS MO.     0    CLEAR  (SCALE 0-3)   5
DPTR FM NORMAL     0    PTCLDY (SCALE 4-7)  18
TOTAL FM JUL 1     0    CLOUDY (SCALE 8-10)  0
DPTR FM NORMAL     0

[CDD (BASE 65) ]
TOTAL THIS MO.   359
DPTR FM NORMAL   -14    [PRESSURE DATA]
TOTAL FM JAN 1  1999    HIGHEST SLP M ON M
DPTR FM NORMAL   -19    LOWEST  SLP 29.88 ON  8

[REMARKS]
