000
CXUS55 KGLD 300800
CF6ITR
PRELIMINARY LOCAL CLIMATOLOGICAL DATA (WS FORM: F-6)

                                          STATION:   BURLINGTON CO
                                          MONTH:     MARCH
                                          YEAR:      2017
                                          LATITUDE:   39 15 N
                                          LONGITUDE: 102 17 W

  TEMPERATURE IN F:       :PCPN:    SNOW:  WIND      :SUNSHINE: SKY     :PK WND
================================================================================
1   2   3   4   5  6A  6B    7    8   9   10  11  12  13   14  15   16   17  18
                                     12Z  AVG MX 2MIN
DY MAX MIN AVG DEP HDD CDD  WTR  SNW DPTH SPD SPD DIR MIN PSBL S-S WX    SPD DR
================================================================================

 1  47  15  31  -4  34   0 0.00    M    M 11.0 30 330   M    M   0        36 340
 2  50  10  30  -5  35   0 0.00    M    M  9.1 18 360   M    M   0        25 340
 3  69  22  46  10  19   0 0.00    M    M 11.5 20 210   M    M   0        23 210
 4  76  20  48  12  17   0 0.00    M    M 13.1 26 230   M    M   0        32 200
 5  74  30  52  16  13   0 0.00    M    M 12.8 28 230   M    M   0        34 230
 6  62  16  39   2  26   0 0.00    M    M 29.3 48 240   M    M   2 8      56 240
 7  54  22  38   1  27   0 0.00    M    M 16.7 41 290   M    M   0        48 290
 8  70  21  46   9  19   0 0.00    M    M  8.1 18 180   M    M   0        23 220
 9  75  28  52  14  13   0 0.00    M    M 11.6 28  60   M    M   0        34  40
10  41  20  31  -7  34   0 0.00    M    M 14.8 25 180   M    M   4        30 160
11  51  22  37  -1  28   0 0.00    M    M  8.4 21 190   M    M   2        25 180
12  66  29  48   9  17   0 0.00    M    M 18.3 40 330   M    M   1 8      50 350
13  53  24  39   0  26   0 0.00    M    M 11.3 23 330   M    M   4        29 330
14  64  23  44   5  21   0 0.00    M    M 12.3 22 350   M    M   1        27 350
15  80  26  53  13  12   0 0.00    M    M 11.7 23 330   M    M   0        28 320
16  82  37  60  20   5   0 0.00    M    M 10.1 21 300   M    M   0        25 290
17  69  32  51  11  14   0 0.00    M    M  7.4 15 130   M    M   0        18 140
18  79  34  57  17   8   0 0.00    M    M 14.4 31 180   M    M   0        38 190
19  86  38  62  21   3   0 0.00    M    M  8.4 21 310   M    M   0 8      27 330
20  81  37  59  18   6   0 0.00    M    M 12.2 22 120   M    M   0        27 130
21  61  39  50   9  15   0 0.00    M    M 13.2 24 130   M    M   3        32 110
22  64  38  51   9  14   0 0.00    M    M 23.0 31 160   M    M   4        37 150
23  84  46  65  23   0   0 0.00    M    M 17.6 44 220   M    M   0 18     58 210
24  54  34  44   2  21   0 2.25    M    M 25.0 46  30   M    M   8 13     59  10
25  60  30  45   3  20   0 0.00    M    M  7.4 16 140   M    M   0        19 140
26  49  34  42  -1  23   0 0.00    M    M 10.4 22  80   M    M   6 1      25  80
27  63  33  48   5  17   0 0.00    M    M 10.9 20 150   M    M   1        26 140
28  47  39  43   0  22   0 0.48    M    M 18.0 28 110   M    M   9 1      34 110
29  45  33  39  -4  26   0 0.10    M    M 16.8 29 360   M    M   8 1      37 360
================================================================================
SM 1856  832       535   0  2.83    M    394.8          M       53
================================================================================
AV 64.0 28.7                              13.6 FASTST   M    M   2    MAX(MPH)
                                 MISC ---->  # 48 240               # 59   10
================================================================================
NOTES:
# LAST OF SEVERAL OCCURRENCES

COLUMN 17 PEAK WIND IN M.P.H.

PRELIMINARY LOCAL CLIMATOLOGICAL DATA (WS FORM: F-6) , PAGE 2

                                          STATION:  BURLINGTON CO
                                          MONTH:    MARCH
                                          YEAR:     2017
                                          LATITUDE:   39 15 N
                                          LONGITUDE: 102 17 W

[TEMPERATURE DATA]      [PRECIPITATION DATA]       SYMBOLS USED IN COLUMN 16

AVERAGE MONTHLY: 46.3   TOTAL FOR MONTH:   2.83    1 = FOG OR MIST
DPTR FM NORMAL:   6.9   DPTR FM NORMAL:    2.01    2 = FOG REDUCING VISIBILITY
HIGHEST:    86 ON 19    GRTST 24HR  2.25 ON 24-24      TO 1/4 MILE OR LESS
LOWEST:     10 ON  2                               3 = THUNDER
                        SNOW, ICE PELLETS, HAIL    4 = ICE PELLETS
                        TOTAL MONTH:    M          5 = HAIL
                        GRTST 24HR    M  ON   M    6 = FREEZING RAIN OR DRIZZLE
                        GRTST DEPTH:  M  ON   M    7 = DUSTSTORM OR SANDSTORM:
                                                       VSBY 1/2 MILE OR LESS
                                                   8 = SMOKE OR HAZE
[NO. OF DAYS WITH]      [WEATHER - DAYS WITH]      9 = BLOWING SNOW
                                                   X = TORNADO
MAX 32 OR BELOW:   0    0.01 INCH OR MORE:   3
MAX 90 OR ABOVE:   0    0.10 INCH OR MORE:   3
MIN 32 OR BELOW:  17    0.50 INCH OR MORE:   1
MIN  0 OR BELOW:   0    1.00 INCH OR MORE:   1

[HDD (BASE 65) ]
TOTAL THIS MO.   535    CLEAR  (SCALE 0-3)  22
DPTR FM NORMAL  -207    PTCLDY (SCALE 4-7)   4
TOTAL FM JUL 1  4333    CLOUDY (SCALE 8-10)  3
DPTR FM NORMAL  -956

[CDD (BASE 65) ]
TOTAL THIS MO.     0
DPTR FM NORMAL     0    [PRESSURE DATA]
TOTAL FM JAN 1     0    HIGHEST SLP M ON M
DPTR FM NORMAL     0    LOWEST  SLP 29.26 ON  6

[REMARKS]
