000
CXUS54 KJAN 241000
CF6JAN
PRELIMINARY LOCAL CLIMATOLOGICAL DATA (WS FORM: F-6)

                                          STATION:   JACKSON
                                          MONTH:     MAY
                                          YEAR:      2015
                                          LATITUDE:   32 19 N
                                          LONGITUDE:  90  5 W

  TEMPERATURE IN F:       :PCPN:    SNOW:  WIND      :SUNSHINE: SKY     :PK WND
================================================================================
1   2   3   4   5  6A  6B    7    8   9   10  11  12  13   14  15   16   17  18
                                     12Z  AVG MX 2MIN
DY MAX MIN AVG DEP HDD CDD  WTR  SNW DPTH SPD SPD DIR MIN PSBL S-S WX    SPD DR
================================================================================

 1  79  51  65  -3   0   0 0.00  0.0    0  4.7 15 340   M    M   0        19 350
 2  81  45  63  -5   2   0 0.00  0.0    0  1.8  9 150   M    M   1        12 210
 3  84  53  69   0   0   4 0.00  0.0    0  5.6 16 180   M    M   2        20 180
 4  84  51  68  -1   0   3 0.00  0.0    0  4.9 16 140   M    M   3        23 140
 5  85  59  72   3   0   7 0.00  0.0    0  7.4 20 140   M    M   2        26 140
 6  85  57  71   1   0   6 0.00  0.0    0  5.8 15 150   M    M   2        22 160
 7  87  63  75   5   0  10 0.00  0.0    0  6.9 15 190   M    M   3 1      19 170
 8  87  62  75   5   0  10 0.00  0.0    0  6.2 16 180   M    M   4        21 170
 9  86  64  75   5   0  10    T  0.0    0  6.9 18 180   M    M   3        25 190
10  90  66  78   7   0  13 0.00  0.0    0  8.8 17 180   M    M   2        23 180
11  83  66  75   4   0  10    T  0.0    0  6.2 15 150   M    M   7        19 150
12  76  67  72   1   0   7 0.37  0.0    0  4.2 14  30   M    M   8 1      18  30
13  84  64  74   2   0   9 0.00  0.0    0  5.1 12  80   M    M   5        15  40
14  87  67  77   5   0  12 0.00  0.0    0  4.9 16 110   M    M   6        18 110
15  88  68  78   6   0  13 0.49  0.0    0  8.6 31 150   M    M   5 138    41 160
16  87  71  79   7   0  14 0.02  0.0    0 11.3 28 140   M    M   6 13     36 160
17  87  68  78   5   0  13 0.14  0.0    0 10.8 26 220   M    M   7 13     36 220
18  74  65  70  -3   0   5 0.92  0.0    0  5.0 23 170   M    M   6 13     29 160
19  86  63  75   2   0  10 0.00  0.0    0  2.4 10 350   M    M   6 12     12 340
20  88  66  77   3   0  12 0.34  0.0    0  5.9 20  30   M    M   5 13     24  30
21  78  56  67  -7   0   2 0.00  0.0    0  8.6 17 350   M    M   7 1      22 340
22  78  52  65  -9   0   0 0.00  0.0    0  6.7 14  50   M    M   2        17  50
23  87  59  73  -1   0   8 0.00  0.0    0  4.6 12 140   M    M   3        15 140
================================================================================
SM 1931 1403         2 178  2.28     0.0 143.3          M       95
================================================================================
AV 84.0 61.0                               6.2 FASTST   M    M   4    MAX(MPH)
                                 MISC ---->  # 31 150               # 41  160
================================================================================
NOTES:
# LAST OF SEVERAL OCCURRENCES

COLUMN 17 PEAK WIND IN M.P.H.

PRELIMINARY LOCAL CLIMATOLOGICAL DATA (WS FORM: F-6) , PAGE 2

                                          STATION:  JACKSON
                                          MONTH:    MAY
                                          YEAR:     2015
                                          LATITUDE:   32 19 N
                                          LONGITUDE:  90  5 W

[TEMPERATURE DATA]      [PRECIPITATION DATA]       SYMBOLS USED IN COLUMN 16

AVERAGE MONTHLY: 72.5   TOTAL FOR MONTH:   2.28    1 = FOG OR MIST
DPTR FM NORMAL:   1.2   DPTR FM NORMAL:   -0.96    2 = FOG REDUCING VISIBILITY
HIGHEST:    90 ON 10    GRTST 24HR  1.06 ON 17-18      TO 1/4 MILE OR LESS
LOWEST:     45 ON  2                               3 = THUNDER
                        SNOW, ICE PELLETS, HAIL    4 = ICE PELLETS
                        TOTAL MONTH:   0.0 INCH    5 = HAIL
                        GRTST 24HR     0.0         6 = FREEZING RAIN OR DRIZZLE
                        GRTST DEPTH:   0           7 = DUSTSTORM OR SANDSTORM:
                                                       VSBY 1/2 MILE OR LESS
                                                   8 = SMOKE OR HAZE
[NO. OF DAYS WITH]      [WEATHER - DAYS WITH]      9 = BLOWING SNOW
                                                   X = TORNADO
MAX 32 OR BELOW:   0    0.01 INCH OR MORE:   6
MAX 90 OR ABOVE:   1    0.10 INCH OR MORE:   5
MIN 32 OR BELOW:   0    0.50 INCH OR MORE:   1
MIN  0 OR BELOW:   0    1.00 INCH OR MORE:   0

[HDD (BASE 65) ]
TOTAL THIS MO.     2    CLEAR  (SCALE 0-3)   9
DPTR FM NORMAL    -8    PTCLDY (SCALE 4-7)  14
TOTAL FM JUL 1  2353    CLOUDY (SCALE 8-10)  0
DPTR FM NORMAL   -36

[CDD (BASE 65) ]
TOTAL THIS MO.   178
DPTR FM NORMAL    22    [PRESSURE DATA]
TOTAL FM JAN 1   354    HIGHEST SLP M ON M
DPTR FM NORMAL    80    LOWEST  SLP 29.91 ON 20

[REMARKS]
