000
CXUS54 KJAN 281414
CF6JAN
PRELIMINARY LOCAL CLIMATOLOGICAL DATA (WS FORM: F-6)

                                          STATION:   JACKSON
                                          MONTH:     APRIL
                                          YEAR:      2016
                                          LATITUDE:   32 19 N
                                          LONGITUDE:  90  5 W

  TEMPERATURE IN F:       :PCPN:    SNOW:  WIND      :SUNSHINE: SKY     :PK WND
================================================================================
1   2   3   4   5  6A  6B    7    8   9   10  11  12  13   14  15   16   17  18
                                     12Z  AVG MX 2MIN
DY MAX MIN AVG DEP HDD CDD  WTR  SNW DPTH SPD SPD DIR MIN PSBL S-S WX    SPD DR
================================================================================

 1  70  52  61   0   4   0 0.08  0.0    0  8.0 25 340   M    M   7 1      29 340
 2  66  43  55  -6  10   0 0.00  0.0    0  8.4 21 330   M    M   0        27 340
 3  76  41  59  -2   6   0 0.00  0.0    0  2.0 10 270   M    M   0        14 280
 4  79  45  62   1   3   0 0.00  0.0    0  3.0 14 240   M    M   0        19 230
 5  82  49  66   5   0   1 0.00  0.0    0  4.6 16  90   M    M   0        20  90
 6  77  58  68   6   0   3 0.00  0.0    0 10.7 29 190   M    M   6        37 180
 7  80  47  64   2   1   0 0.00  0.0    0  5.4 17 330   M    M   1        22 340
 8  71  46  59  -3   6   0 0.00  0.0    0  7.3 23 350   M    M   1        31 340
 9  77  41  59  -3   6   0 0.00  0.0    0  3.1 10 360   M    M   2        14 330
10  82  57  70   7   0   5 0.00  0.0    0 13.8 26 180   M    M   3        34 180
11  74  59  67   4   0   2 4.82  0.0    0 10.1 41 350   M    M   8 13     49 360
12  69  57  63   0   2   0 0.15  0.0    0  6.4 14 340   M    M   9 1      18  30
13  70  55  63   0   2   0 0.24  0.0    0  5.7 16 100   M    M   7 1      20 110
14  69  59  64   0   1   0 0.04  0.0    0  4.0 17  40   M    M   9 13     22  40
15  64  60  62  -2   3   0 1.14  0.0    0  7.8 14 120   M    M   9 13     20 110
16  68  59  64   0   1   0 0.00  0.0    0  8.5 14  70   M    M   9 1      19 110
17  80  61  71   7   0   6 0.00  0.0    0 10.4 22 130   M    M   2        27 120
18  79  56  68   3   0   3 0.00  0.0    0  6.2 16 120   M    M   5        22 150
19  73  59  66   1   0   1 0.00  0.0    0  5.7 13 160   M    M   8        16 160
20  83  60  72   7   0   7 0.20  0.0    0  6.4 17 280   M    M   6 1      23 270
21  81  64  73   8   0   8 0.11  0.0    0  7.0 21 200   M    M   7 1      25 200
22  81  56  69   3   0   4 0.00  0.0    0  5.8 17 340   M    M   6        22 340
23  81  51  66   0   0   1 0.00  0.0    0  4.0 15 340   M    M   1        24 360
24  83  52  68   2   0   3 0.00  0.0    0  4.8 14 160   M    M   2        20 170
25  83  58  71   5   0   6 0.00  0.0    0  6.9 16 170   M    M   2        20 180
26  85  64  75   8   0  10 0.00  0.0    0  8.6 18 180   M    M   3 1      22 180
27  79  66  73   6   0   8 0.28  0.0    0  9.1 23 170   M    M   5 13     28 180
================================================================================
SM 2062 1475        45  68  7.06     0.0 183.7          M      118
================================================================================
AV 76.4 54.6                               6.8 FASTST   M    M   4    MAX(MPH)
                                 MISC ---->  # 41 350               # 49  360
================================================================================
NOTES:
# LAST OF SEVERAL OCCURRENCES

COLUMN 17 PEAK WIND IN M.P.H.

PRELIMINARY LOCAL CLIMATOLOGICAL DATA (WS FORM: F-6) , PAGE 2

                                          STATION:  JACKSON
                                          MONTH:    APRIL
                                          YEAR:     2016
                                          LATITUDE:   32 19 N
                                          LONGITUDE:  90  5 W

[TEMPERATURE DATA]      [PRECIPITATION DATA]       SYMBOLS USED IN COLUMN 16

AVERAGE MONTHLY: 65.5   TOTAL FOR MONTH:   7.06    1 = FOG OR MIST
DPTR FM NORMAL:   1.8   DPTR FM NORMAL:    2.50    2 = FOG REDUCING VISIBILITY
HIGHEST:    85 ON 26    GRTST 24HR  4.97 ON 11-12      TO 1/4 MILE OR LESS
LOWEST:     41 ON  9, 3                            3 = THUNDER
                        SNOW, ICE PELLETS, HAIL    4 = ICE PELLETS
                        TOTAL MONTH:   0.0 INCH    5 = HAIL
                        GRTST 24HR     0.0         6 = FREEZING RAIN OR DRIZZLE
                        GRTST DEPTH:   0           7 = DUSTSTORM OR SANDSTORM:
                                                       VSBY 1/2 MILE OR LESS
                                                   8 = SMOKE OR HAZE
[NO. OF DAYS WITH]      [WEATHER - DAYS WITH]      9 = BLOWING SNOW
                                                   X = TORNADO
MAX 32 OR BELOW:   0    0.01 INCH OR MORE:   9
MAX 90 OR ABOVE:   0    0.10 INCH OR MORE:   7
MIN 32 OR BELOW:   0    0.50 INCH OR MORE:   2
MIN  0 OR BELOW:   0    1.00 INCH OR MORE:   2

[HDD (BASE 65) ]
TOTAL THIS MO.    45    CLEAR  (SCALE 0-3)  13
DPTR FM NORMAL   -59    PTCLDY (SCALE 4-7)  10
TOTAL FM JUL 1  1580    CLOUDY (SCALE 8-10)  4
DPTR FM NORMAL  -794

[CDD (BASE 65) ]
TOTAL THIS MO.    68
DPTR FM NORMAL     0    [PRESSURE DATA]
TOTAL FM JAN 1   129    HIGHEST SLP M ON M
DPTR FM NORMAL    24    LOWEST  SLP 29.67 ON 27

[REMARKS]
