000
CXUS52 KJAX 290800
CF6JAX
PRELIMINARY LOCAL CLIMATOLOGICAL DATA (WS FORM: F-6)

                                          STATION:   JACKSONVILLE FL
                                          MONTH:     MARCH
                                          YEAR:      2015
                                          LATITUDE:   30 30 N
                                          LONGITUDE:  81 42 W

  TEMPERATURE IN F:       :PCPN:    SNOW:  WIND      :SUNSHINE: SKY     :PK WND
================================================================================
1   2   3   4   5  6A  6B    7    8   9   10  11  12  13   14  15   16   17  18
                                     12Z  AVG MX 2MIN
DY MAX MIN AVG DEP HDD CDD  WTR  SNW DPTH SPD SPD DIR MIN PSBL S-S WX    SPD DR
================================================================================

 1  63  49  56  -3   9   0 0.20  0.0    0  6.9 15  30   M    M  10 12     18  30
 2  81  53  67   8   0   2 0.00  0.0    0  3.1 14  70   M    M   9 12     16  60
 3  81  57  69  10   0   4 0.00  0.0    0  5.7 15 130   M    M   6        20 110
 4  85  62  74  14   0   9 0.00  0.0    0  8.9 23 240   M    M   4        29 260
 5  85  58  72  12   0   7 0.15  0.0    0  9.4 28 290   M    M   7 1      39 280
 6  64  45  55  -5  10   0    T  0.0    0 12.0 21  30   M    M  10 1      30  30
 7  61  39  50 -10  15   0 0.00  0.0    0  7.4 20  60   M    M   5        24  60
 8  70  38  54  -6  11   0 0.00  0.0    0  4.1 14  70   M    M   4 1      18  80
 9  77  45  61   1   4   0 0.00  0.0    0  5.6 17 130   M    M   5 1      22 130
10  86  52  69   8   0   4 0.00  0.0    0  7.2 18 150   M    M   4        23 190
11  86  64  75  14   0  10    T  0.0    M  4.7 20 290   M    M   7 13     23 290
12  76  54  65   4   0   0 0.00  0.0    0  8.8 20  40   M    M   9 12     26  50
13  80  64  72  11   0   7 0.01  0.0    0 11.4 22 120   M    M   9 1      26 130
14  87  66  77  16   0  12    T  0.0    0 10.4 22 200   M    M   7        29 200
15  83  61  72  10   0   7 0.00  0.0    0  5.5 12  20   M    M   5 1      17 310
16  84  51  68   6   0   3 0.00  0.0    0  4.4 13  90   M    M   2 1      17 120
17  88  54  71   9   0   6 0.00  0.0    0  9.2 24 260   M    M   4        32 280
18  74  59  67   5   0   2 0.00  0.0    0 11.5 24  40   M    M   8        32  60
19  78  59  69   7   0   4 0.01  0.0    0  6.1 22 130   M    M   9 1      27 130
20  79  61  70   8   0   5 0.00  0.0    0  4.1 13  60   M    M   8 12     15 100
21  82  64  73  10   0   8 0.53  0.0    0  4.4 14  70   M    M   9 128    16  50
22  77  62  70   7   0   5 0.08  0.0    0  4.1 16  50   M    M   9 128    18  60
23  67  59  63   0   2   0 0.47  0.0    0  9.7 21  40   M    M  10 1      26  20
24  66  57  62  -1   3   0 0.03  0.0    0  7.7 15  10   M    M  10 1      19  10
25  75  59  67   4   0   2 0.00  0.0    0  5.6 12 120   M    M   8 1      17 300
26  77  58  68   5   0   3 0.53  0.0    0  4.2 26 280   M    M  10 123    34 280
27  76  51  64   0   1   0 0.28  0.0    0 11.5 23 290   M    M   8 1      28 290
28  63  42  53 -11  12   0 0.00  0.0    0  8.2 23 270   M    M   2        28 270
================================================================================
SM 2151 1543        67 100  2.29     0.0 201.8          M      198
================================================================================
AV 76.8 55.1                               7.2 FASTST   M    M   7    MAX(MPH)
                                 MISC ---->  # 28 290               # 39  280
================================================================================
NOTES:
# LAST OF SEVERAL OCCURRENCES

COLUMN 17 PEAK WIND IN M.P.H.

PRELIMINARY LOCAL CLIMATOLOGICAL DATA (WS FORM: F-6) , PAGE 2

                                          STATION:  JACKSONVILLE FL
                                          MONTH:    MARCH
                                          YEAR:     2015
                                          LATITUDE:   30 30 N
                                          LONGITUDE:  81 42 W

[TEMPERATURE DATA]      [PRECIPITATION DATA]       SYMBOLS USED IN COLUMN 16

AVERAGE MONTHLY: 66.0   TOTAL FOR MONTH:   2.29    1 = FOG OR MIST
DPTR FM NORMAL:   4.5   DPTR FM NORMAL:   -1.30    2 = FOG REDUCING VISIBILITY
HIGHEST:    88 ON 17    GRTST 24HR  0.53 ON 26-26      TO 1/4 MILE OR LESS
LOWEST:     38 ON  8                               3 = THUNDER
                        SNOW, ICE PELLETS, HAIL    4 = ICE PELLETS
                        TOTAL MONTH:   0.0 INCH    5 = HAIL
                        GRTST 24HR     0.0         6 = FREEZING RAIN OR DRIZZLE
                        GRTST DEPTH:   0           7 = DUSTSTORM OR SANDSTORM:
                                                       VSBY 1/2 MILE OR LESS
                                                   8 = SMOKE OR HAZE
[NO. OF DAYS WITH]      [WEATHER - DAYS WITH]      9 = BLOWING SNOW
                                                   X = TORNADO
MAX 32 OR BELOW:   0    0.01 INCH OR MORE:  10
MAX 90 OR ABOVE:   0    0.10 INCH OR MORE:   6
MIN 32 OR BELOW:   0    0.50 INCH OR MORE:   2
MIN  0 OR BELOW:   0    1.00 INCH OR MORE:   0

[HDD (BASE 65) ]
TOTAL THIS MO.    67    CLEAR  (SCALE 0-3)   2
DPTR FM NORMAL   -80    PTCLDY (SCALE 4-7)  12
TOTAL FM JUL 1  1315    CLOUDY (SCALE 8-10) 14
DPTR FM NORMAL    35

[CDD (BASE 65) ]
TOTAL THIS MO.   100
DPTR FM NORMAL    52    [PRESSURE DATA]
TOTAL FM JAN 1   113    HIGHEST SLP M ON M
DPTR FM NORMAL    36    LOWEST  SLP 29.71 ON 27

[REMARKS]
