000
CXUS54 KSJT 010900
CF6JCT
PRELIMINARY LOCAL CLIMATOLOGICAL DATA (WS FORM: F-6)

                                          STATION:   JUNCTION
                                          MONTH:     FEBRUARY
                                          YEAR:      2015
                                          LATITUDE:   30 18 N
                                          LONGITUDE:  99 28 W

  TEMPERATURE IN F:       :PCPN:    SNOW:  WIND      :SUNSHINE: SKY     :PK WND
================================================================================
1   2   3   4   5  6A  6B    7    8   9   10  11  12  13   14  15   16   17  18
                                     12Z  AVG MX 2MIN
DY MAX MIN AVG DEP HDD CDD  WTR  SNW DPTH SPD SPD DIR MIN PSBL S-S WX    SPD DR
================================================================================

 1  65  37  51   2  14   0    T  0.0    0  8.7 22 360   M    M   5 1      27 350
 2  50  27  39 -10  26   0 0.00  0.0    0  4.0 12  50   M    M   1        15  30
 3  53  38  46  -3  19   0    T    M    0  6.3 16 190   M    M   6        21 190
 4  69  42  56   7   9   0 0.00  0.0    0  8.0 22  10   M    M   6 1      29  10
 5  42  32  37 -12  28   0 0.00  0.0    0  6.2 16  30   M    M  10 1      21 360
 6  62  30  46  -3  19   0 0.00  0.0    0  5.0 13 200   M    M   4 8      17 220
 7  73  45  59  10   6   0 0.00  0.0    0  9.6 16 210   M    M   5        21 210
 8  81  46  64  14   1   0 0.00  0.0    0  7.5 18  20   M    M   0 18     30 330
 9  82  36  59   9   6   0 0.00  0.0    0  2.4  9  90   M    M   0 18     13  80
10  82  35  59   9   6   0 0.00  0.0    0  6.1 21 190   M    M   0        28 210
11  80  39  60  10   5   0 0.00  0.0    0  7.1 24  20   M    M   0 8      31  30
12  58  43  51   1  14   0 0.00  0.0    0  7.1 17  30   M    M   7        22  20
13  72  40  56   6   9   0 0.00  0.0    0  4.8 15 230   M    M   4 8      21 240
14  76  37  57   6   8   0 0.00  0.0    0  3.3 14 200   M    M   0 1      20 180
15  68  48  58   7   7   0 0.00  0.0    0  6.9 20 170   M    M   4        27 210
16  62  31  47  -4  18   0    T  0.0    0 11.1 23 360   M    M   7 1      28 360
17  55  32  44  -7  21   0 0.01    T    0  6.1 15 320   M    M   7 1      20 310
18  66  23  45  -6  20   0 0.00  0.0    0  5.0 18 190   M    M   0        23 230
19  69  31  50  -2  15   0 0.00  0.0    0  7.0 21 170   M    M   0        30 170
20  76  54  65  13   0   0 0.00  0.0    0 10.4 21 210   M    M   4        28 190
21  76  53  65  13   0   0 0.00  0.0    0  6.6 17 360   M    M   1 1      21 360
22  54  30  42 -10  23   0 0.01  0.0    0 12.0 23  30   M    M   9 1      29  30
23  30  26  28 -24  37   0    T  0.0    0 10.8 18  20   M    M  10 16     25  20
24  37  26  32 -21  33   0 0.01  0.0    0  4.7  9  90   M    M  10 18     11 160
25  65  33  49  -4  16   0    T  0.0    0  5.8 22 320   M    M   3 18     27 320
26  51  28  40 -13  25   0 0.00  0.0    0 10.7 23  20   M    M   5        28  10
27  32  26  29 -25  36   0 0.00  0.0    0 10.5 16  80   M    M  10 18     20  60
28  33  26  30 -24  35   0 0.01  0.0    0  7.1 13  70   M    M  10 16     15  60
================================================================================
SM 1719  994       456   0  0.04    T    200.8          M      128
================================================================================
AV 61.4 35.5                               7.2 FASTST   M    M   5    MAX(MPH)
                                 MISC ---->  # 24  20               # 31   30
================================================================================
NOTES:
# LAST OF SEVERAL OCCURRENCES

COLUMN 17 PEAK WIND IN M.P.H.

PRELIMINARY LOCAL CLIMATOLOGICAL DATA (WS FORM: F-6) , PAGE 2

                                          STATION:  JUNCTION
                                          MONTH:    FEBRUARY
                                          YEAR:     2015
                                          LATITUDE:   30 18 N
                                          LONGITUDE:  99 28 W

[TEMPERATURE DATA]      [PRECIPITATION DATA]       SYMBOLS USED IN COLUMN 16

AVERAGE MONTHLY: 48.4   TOTAL FOR MONTH:   0.04    1 = FOG OR MIST
DPTR FM NORMAL:  -2.4   DPTR FM NORMAL:   -1.53    2 = FOG REDUCING VISIBILITY
HIGHEST:    82 ON 10, 9 GRTST 24HR  0.10 ON 31- 1      TO 1/4 MILE OR LESS
LOWEST:     23 ON 18                               3 = THUNDER
                        SNOW, ICE PELLETS, HAIL    4 = ICE PELLETS
                        TOTAL MONTH:    T          5 = HAIL
                        GRTST 24HR    T  ON 17-17  6 = FREEZING RAIN OR DRIZZLE
                        GRTST DEPTH:   0           7 = DUSTSTORM OR SANDSTORM:
                                                       VSBY 1/2 MILE OR LESS
                                                   8 = SMOKE OR HAZE
[NO. OF DAYS WITH]      [WEATHER - DAYS WITH]      9 = BLOWING SNOW
                                                   X = TORNADO
MAX 32 OR BELOW:   2    0.01 INCH OR MORE:   4
MAX 90 OR ABOVE:   0    0.10 INCH OR MORE:   0
MIN 32 OR BELOW:  13    0.50 INCH OR MORE:   0
MIN  0 OR BELOW:   0    1.00 INCH OR MORE:   0

[HDD (BASE 65) ]
TOTAL THIS MO.   456    CLEAR  (SCALE 0-3)   9
DPTR FM NORMAL    55    PTCLDY (SCALE 4-7)  13
TOTAL FM JUL 1  1856    CLOUDY (SCALE 8-10)  6
DPTR FM NORMAL   -39

[CDD (BASE 65) ]
TOTAL THIS MO.     0
DPTR FM NORMAL    -5    [PRESSURE DATA]
TOTAL FM JAN 1     0    HIGHEST SLP 30.49 ON 23
DPTR FM NORMAL    -6    LOWEST  SLP 29.65 ON 20

[REMARKS]
#FINAL-02-15#
