000
CXUS54 KSJT 251210
CF6JCT
PRELIMINARY LOCAL CLIMATOLOGICAL DATA (WS FORM: F-6)

                                          STATION:   JUNCTION
                                          MONTH:     SEPTEMBER
                                          YEAR:      2017
                                          LATITUDE:   30 18 N
                                          LONGITUDE:  99 28 W

  TEMPERATURE IN F:       :PCPN:    SNOW:  WIND      :SUNSHINE: SKY     :PK WND
================================================================================
1   2   3   4   5  6A  6B    7    8   9   10  11  12  13   14  15   16   17  18
                                     12Z  AVG MX 2MIN
DY MAX MIN AVG DEP HDD CDD  WTR  SNW DPTH SPD SPD DIR MIN PSBL S-S WX    SPD DR
================================================================================

 1  95  58  77  -3   0  12 0.00  0.0    0  3.8 13  60   M    M   0 18     16  50
 2  96  64  80   0   0  15 0.00  0.0    0  5.5 28 360   M    M   2        36  10
 3  92  67  80   1   0  15    T  0.0    0  4.5 18 360   M    M   1 8      25 360
 4  94  63  79   0   0  14 0.00  0.0    0  2.6 15 120   M    M   0 18     19 120
 5  96  64  80   1   0  15 0.00  0.0    0  5.9 20  40   M    M   1        24  30
 6  87  63  75  -4   0  10 0.00  0.0    0  8.4 18  80   M    M   3        29  50
 7  88  55  72  -6   0   7 0.00  0.0    0  5.7 18  80   M    M   2        24  80
 8  87  50  69  -9   0   4 0.00  0.0    0  4.6 15  60   M    M   0 8      19 140
 9  88  59  74  -4   0   9 0.00  0.0    0  5.2 15  60   M    M   0 8      20  60
10  88  54  71  -7   0   6 0.00  0.0    0  5.6 15  90   M    M   0        21  80
11  88  54  71  -6   0   6 0.00  0.0    0  4.8 18  20   M    M   0        25  30
12  94  51  73  -4   0   8 0.00  0.0    0  3.8 17  40   M    M   0 8      25  10
13 101  58  80   3   0  15 0.00  0.0    0  2.9  9  90   M    M   0 8      13 130
14 102  73  88  12   0  23 0.00  0.0    0  8.6 18 170   M    M   0 8      25 140
15 100  69  85   9   0  20 0.00  0.0    0  7.8 18 160   M    M   0 8      25 160
16  98  70  84   8   0  19 0.00  0.0    0  7.3 16 170   M    M   1        22 170
17  96  69  83   8   0  18 0.00  0.0    0  6.0 14 100   M    M   0 8      18 100
18  97  72  85  10   0  20 0.00  0.0    0  5.7 14 170   M    M   1 8      19 220
19  96  69  83   8   0  18 0.01  0.0    0  7.0 24  10   M    M   2 138    32  10
20  97  69  83   9   0  18 0.00  0.0    0  7.7 17 170   M    M   1 138    24 180
21  94  76  85  11   0  20 0.00  0.0    0  9.7 22 150   M    M   2 8      29 140
22  91  74  83   9   0  18 0.00  0.0    0  9.6 17 140   M    M   4 8      22 160
23  92  73  83  10   0  18 0.00  0.0    M 12.0 23 130   M    M   M        30 130
24  89  71  80   7   0  15    T  0.0    0 10.7 23 140   M    M   4 8      28 140
================================================================================
SM 2246 1545         0 343  0.01     0.0 155.4          M       24
================================================================================
AV 93.6 64.4                               6.5 FASTST   M    M   1    MAX(MPH)
                                 MISC ---->  # 28 360               # 36   10
================================================================================
NOTES:
# LAST OF SEVERAL OCCURRENCES

COLUMN 17 PEAK WIND IN M.P.H.

PRELIMINARY LOCAL CLIMATOLOGICAL DATA (WS FORM: F-6) , PAGE 2

                                          STATION:  JUNCTION
                                          MONTH:    SEPTEMBER
                                          YEAR:     2017
                                          LATITUDE:   30 18 N
                                          LONGITUDE:  99 28 W

[TEMPERATURE DATA]      [PRECIPITATION DATA]       SYMBOLS USED IN COLUMN 16

AVERAGE MONTHLY: 79.0   TOTAL FOR MONTH:   0.01    1 = FOG OR MIST
DPTR FM NORMAL:   2.3   DPTR FM NORMAL:   -2.15    2 = FOG REDUCING VISIBILITY
HIGHEST:   102 ON 14    GRTST 24HR  0.01 ON 19-19      TO 1/4 MILE OR LESS
LOWEST:     50 ON  8                               3 = THUNDER
                        SNOW, ICE PELLETS, HAIL    4 = ICE PELLETS
                        TOTAL MONTH:   0.0 INCH    5 = HAIL
                        GRTST 24HR     0.0         6 = FREEZING RAIN OR DRIZZLE
                        GRTST DEPTH:   0           7 = DUSTSTORM OR SANDSTORM:
                                                       VSBY 1/2 MILE OR LESS
                                                   8 = SMOKE OR HAZE
[NO. OF DAYS WITH]      [WEATHER - DAYS WITH]      9 = BLOWING SNOW
                                                   X = TORNADO
MAX 32 OR BELOW:   0    0.01 INCH OR MORE:   1
MAX 90 OR ABOVE:  17    0.10 INCH OR MORE:   0
MIN 32 OR BELOW:   0    0.50 INCH OR MORE:   0
MIN  0 OR BELOW:   0    1.00 INCH OR MORE:   0

[HDD (BASE 65) ]
TOTAL THIS MO.     0    CLEAR  (SCALE 0-3)  21
DPTR FM NORMAL     0    PTCLDY (SCALE 4-7)   2
TOTAL FM JUL 1     0    CLOUDY (SCALE 8-10)  0
DPTR FM NORMAL     0

[CDD (BASE 65) ]
TOTAL THIS MO.   343
DPTR FM NORMAL    61    [PRESSURE DATA]
TOTAL FM JAN 1  2564    HIGHEST SLP M ON M
DPTR FM NORMAL   332    LOWEST  SLP 29.65 ON 14

[REMARKS]
