000
CXUS55 KGGW 230800
CF6JDN
PRELIMINARY LOCAL CLIMATOLOGICAL DATA (WS FORM: F-6)

                                          STATION:   JORDAN  ASOS MT
                                          MONTH:     FEBRUARY
                                          YEAR:      2017
                                          LATITUDE:   47 19 N
                                          LONGITUDE: 106 50 W

  TEMPERATURE IN F:       :PCPN:    SNOW:  WIND      :SUNSHINE: SKY     :PK WND
================================================================================
1   2   3   4   5  6A  6B    7    8   9   10  11  12  13   14  15   16   17  18
                                     12Z  AVG MX 2MIN
DY MAX MIN AVG DEP HDD CDD  WTR  SNW DPTH SPD SPD DIR MIN PSBL S-S WX    SPD DR
================================================================================

 1  20   7  14  -5  51   0 0.00  0.0    0 14.1 25 300   M    M   0        33 300
 2  22   6  14  -5  51   0 0.00  0.0    0  4.2 17 330   M    M   0        21 330
 3  25   3  14  -6  51   0 0.00  0.0    0  7.3 16 200   M    M   0        21 190
 4  19  12  16  -4  49   0 0.12    M    0  9.1 15 330   M    M   0        19 320
 5  22   4  13  -7  52   0 0.00  0.0    0  7.1 15 340   M    M   0        18 340
 6  11   6   9 -11  56   0 0.08    M    0  7.1 14  70   M    M   0        17  60
 7  10  -4   3 -17  62   0 0.01    M    0  5.8 14 320   M    M   0        17 310
 8  10  -1   5 -16  60   0 0.00  0.0    0  4.4 10 340   M    M   0        12 360
 9  49   6  28   7  37   0 0.00  0.0    0  8.8 22 240   M    M   0        30 230
10  49  28  39  18  26   0 0.00  0.0    0  7.2 14 240   M    M   0        18 270
11  43  23  33  12  32   0 0.00  0.0    0 13.6 37 290   M    M   0        46 290
12  47  21  34  12  31   0 0.00  0.0    0  8.2 18 260   M    M   0        24 270
13  50  25  38  16  27   0 0.00  0.0    0  9.8 21 310   M    M   0        24 320
14  55  26  41  19  24   0 0.00  0.0    0  6.2 14 260   M    M   0        17 250
15  67  29  48  26  17   0 0.00  0.0    0  6.1 16 270   M    M   0        20 280
16  69  35  52  29  13   0 0.00  0.0    0  8.6 28 240   M    M   0        35 230
17  58  25  42  19  23   0 0.00  0.0    0 10.5 31 290   M    M   0        43 290
18  52  25  39  16  26   0 0.00  0.0    0  6.0 16 100   M    M   0        20  80
19  61  30  46  22  19   0 0.00  0.0    0  5.4 21 290   M    M   0        24 290
20  57  27  42  18  23   0 0.00  0.0    0  6.8 18 210   M    M   0        24 210
21  51  31  41  17  24   0 0.05    M    0  5.9 17 210   M    M   0        24 210
22  35  23  29   4  36   0 0.18    M    0  6.2 16 360   M    M   0        18 360
================================================================================
SM  882  387       790   0  0.44     0.0 168.4          M        0
================================================================================
AV 40.1 17.6                               7.7 FASTST   M    M   0    MAX(MPH)
                                 MISC ---->  # 37 290               # 46  290
================================================================================
NOTES:
# LAST OF SEVERAL OCCURRENCES

COLUMN 17 PEAK WIND IN M.P.H.

PRELIMINARY LOCAL CLIMATOLOGICAL DATA (WS FORM: F-6) , PAGE 2

                                          STATION:  JORDAN  ASOS MT
                                          MONTH:    FEBRUARY
                                          YEAR:     2017
                                          LATITUDE:   47 19 N
                                          LONGITUDE: 106 50 W

[TEMPERATURE DATA]      [PRECIPITATION DATA]       SYMBOLS USED IN COLUMN 16

AVERAGE MONTHLY: 28.8   TOTAL FOR MONTH:   0.44    1 = FOG OR MIST
DPTR FM NORMAL:   7.2   DPTR FM NORMAL:    0.26    2 = FOG REDUCING VISIBILITY
HIGHEST:    69 ON 16    GRTST 24HR  0.23 ON 21-22      TO 1/4 MILE OR LESS
LOWEST:     -4 ON  7                               3 = THUNDER
                        SNOW, ICE PELLETS, HAIL    4 = ICE PELLETS
                        TOTAL MONTH:   0.0 INCH    5 = HAIL
                        GRTST 24HR     0.0         6 = FREEZING RAIN OR DRIZZLE
                        GRTST DEPTH:   0           7 = DUSTSTORM OR SANDSTORM:
                                                       VSBY 1/2 MILE OR LESS
                                                   8 = SMOKE OR HAZE
[NO. OF DAYS WITH]      [WEATHER - DAYS WITH]      9 = BLOWING SNOW
                                                   X = TORNADO
MAX 32 OR BELOW:   8    0.01 INCH OR MORE:   5
MAX 90 OR ABOVE:   0    0.10 INCH OR MORE:   2
MIN 32 OR BELOW:  21    0.50 INCH OR MORE:   0
MIN  0 OR BELOW:   2    1.00 INCH OR MORE:   0

[HDD (BASE 65) ]
TOTAL THIS MO.   790    CLEAR  (SCALE 0-3)  22
DPTR FM NORMAL  -164    PTCLDY (SCALE 4-7)   0
TOTAL FM JUL 1  5494    CLOUDY (SCALE 8-10)  0
DPTR FM NORMAL  -390

[CDD (BASE 65) ]
TOTAL THIS MO.     0
DPTR FM NORMAL     0    [PRESSURE DATA]
TOTAL FM JAN 1     0    HIGHEST SLP M ON M
DPTR FM NORMAL     0    LOWEST  SLP 29.36 ON 17

[REMARKS]
