000
CXUS55 KBOI 251002
CF6JER
PRELIMINARY LOCAL CLIMATOLOGICAL DATA (WS FORM: F-6)

                                          STATION:   JEROME ID
                                          MONTH:     MAY
                                          YEAR:      2015
                                          LATITUDE:   42 43 N
                                          LONGITUDE: 114 27 W

  TEMPERATURE IN F:       :PCPN:    SNOW:  WIND      :SUNSHINE: SKY     :PK WND
================================================================================
1   2   3   4   5  6A  6B    7    8   9   10  11  12  13   14  15   16   17  18
                                     12Z  AVG MX 2MIN
DY MAX MIN AVG DEP HDD CDD  WTR  SNW DPTH SPD SPD DIR MIN PSBL S-S WX    SPD DR
================================================================================

 1  75  36  56   6   9   0 0.00    M    M  6.0 13 260   M    M   0        17 110
 2  79  47  63  12   2   0 0.00    M    M  9.7 18 280   M    M   1        24 280
 3  76  48  62  11   3   0 0.00    M    M  6.6 25 170   M    M   2 8      32 170
 4  78  49  64  13   1   0 0.00    M    M  9.3 21 130   M    M   0        25 130
 5  73  48  61   9   4   0 0.00    M    M 13.8 29 250   M    M   0        35 250
 6  62  42  52   0  13   0    T    M    M 11.7 20 240   M    M   4        23 240
 7  53  39  46  -6  19   0 0.03    M    M  8.4 18 230   M    M   6 18     23 220
 8  67  40  54   2  11   0 0.05    M    M  8.5 31  50   M    M   7 1      37  50
 9  66  42  54   1  11   0    T    M    M  6.5 20  70   M    M   4        26 170
10  67  41  54   1  11   0 0.00    M    M 11.5 21 100   M    M   0        27  90
11  70  43  57   3   8   0 0.12    M    M 17.0 28 290   M    M   2 3      33 230
12  74  45  60   6   5   0 0.06    M    M 15.1 32 250   M    M   4 3      40 240
13  65  41  53  -1  12   0 0.00    M    M  7.2 18 220   M    M   1        25 220
14  69  44  57   3   8   0 0.06    M    M  6.5 33 130   M    M   4 3      40 130
15  60  46  53  -2  12   0 0.59    M    M  8.1 24 140   M    M   8 13     31 140
16  61  45  53  -2  12   0 0.62    M    M 19.2 35 250   M    M   9 1      47 240
17  64  49  57   2   8   0 0.00    M    M  8.6 22  70   M    M   7        27  70
18  68  48  58   2   7   0 0.07    M    M 13.4 21 190   M    M   7 3      28 200
19  58  47  53  -3  12   0 0.07    M    M  9.1 18  60   M    M   7 1      23  50
20  61  49  55  -1  10   0 0.20    M    M 13.4 22  60   M    M   9 1      26  60
21  69  48  59   3   6   0 0.00    M    M  9.5 21 150   M    M   4 3      25 150
22  64  50  57   0   8   0 0.17    M    M  5.6 15  60   M    M   5 13     16  60
23  68  48  58   1   7   0 0.06    M    M  7.6 25  40   M    M   5 3      30  40
24  69  47  58   1   7   0 1.01    M    M  7.1 32  40   M    M   5 13     38  50
================================================================================
SM 1616 1082       206   0  3.11    M    239.4          M      101
================================================================================
AV 67.3 45.1                              10.0 FASTST   M    M   4    MAX(MPH)
                                 MISC ---->  # 35 250               # 47  240
================================================================================
NOTES:
# LAST OF SEVERAL OCCURRENCES

COLUMN 17 PEAK WIND IN M.P.H.

PRELIMINARY LOCAL CLIMATOLOGICAL DATA (WS FORM: F-6) , PAGE 2

                                          STATION:  JEROME ID
                                          MONTH:    MAY
                                          YEAR:     2015
                                          LATITUDE:   42 43 N
                                          LONGITUDE: 114 27 W

[TEMPERATURE DATA]      [PRECIPITATION DATA]       SYMBOLS USED IN COLUMN 16

AVERAGE MONTHLY: 56.2   TOTAL FOR MONTH:   3.11    1 = FOG OR MIST
DPTR FM NORMAL:   2.3   DPTR FM NORMAL:    2.06    2 = FOG REDUCING VISIBILITY
HIGHEST:    79 ON  2    GRTST 24HR  1.09 ON 15-16      TO 1/4 MILE OR LESS
LOWEST:     36 ON  1                               3 = THUNDER
                        SNOW, ICE PELLETS, HAIL    4 = ICE PELLETS
                        TOTAL MONTH:    M          5 = HAIL
                        GRTST 24HR    M  ON   M    6 = FREEZING RAIN OR DRIZZLE
                        GRTST DEPTH:  M  ON   M    7 = DUSTSTORM OR SANDSTORM:
                                                       VSBY 1/2 MILE OR LESS
                                                   8 = SMOKE OR HAZE
[NO. OF DAYS WITH]      [WEATHER - DAYS WITH]      9 = BLOWING SNOW
                                                   X = TORNADO
MAX 32 OR BELOW:   0    0.01 INCH OR MORE:  13
MAX 90 OR ABOVE:   0    0.10 INCH OR MORE:   6
MIN 32 OR BELOW:   0    0.50 INCH OR MORE:   3
MIN  0 OR BELOW:   0    1.00 INCH OR MORE:   1

[HDD (BASE 65) ]
TOTAL THIS MO.   206    CLEAR  (SCALE 0-3)   8
DPTR FM NORMAL   -66    PTCLDY (SCALE 4-7)  14
TOTAL FM JUL 1  5310    CLOUDY (SCALE 8-10)  2
DPTR FM NORMAL -1165

[CDD (BASE 65) ]
TOTAL THIS MO.     0
DPTR FM NORMAL    -3    [PRESSURE DATA]
TOTAL FM JAN 1     0    HIGHEST SLP M ON M
DPTR FM NORMAL    -3    LOWEST  SLP 29.51 ON 12

[REMARKS]
