000
CXUS51 KOKX 280701
CF6JFK
PRELIMINARY LOCAL CLIMATOLOGICAL DATA (WS FORM: F-6)

                                          STATION:   KENNEDY NY
                                          MONTH:     FEBRUARY
                                          YEAR:      2015
                                          LATITUDE:   40 39 N
                                          LONGITUDE:  73 47 W

  TEMPERATURE IN F:       :PCPN:    SNOW:  WIND      :SUNSHINE: SKY     :PK WND
================================================================================
1   2   3   4   5  6A  6B    7    8   9   10  11  12  13   14  15   16   17  18
                                     12Z  AVG MX 2MIN
DY MAX MIN AVG DEP HDD CDD  WTR  SNW DPTH SPD SPD DIR MIN PSBL S-S WX    SPD DR
================================================================================

 1  36  21  29  -4  36   0 0.03  0.3    7  8.8 17 270   M    M   8 1      20 270
 2  35  15  25  -8  40   0 1.18  4.2    8 19.0 31 310   M    M   9 12468  39 320
 3  26  14  20 -13  45   0 0.00  0.0    8 14.2 32 310   M    M   4        40 310
 4  39  22  31  -2  34   0 0.00  0.0    8 13.6 24 200   M    M   8        28 190
 5  39  15  27  -7  38   0    T  0.1    5 19.7 33 330   M    M   7        41 320
 6  27  13  20 -14  45   0 0.00  0.0    5 14.0 24 260   M    M   5        30 270
 7  37  25  31  -3  34   0    T    T    4  8.2 14 240   M    M   9        17 250
 8  42  29  36   2  29   0 0.00  0.0    4  8.7 20  50   M    M  10 18     24  50
 9  29  26  28  -6  37   0 0.14  0.1    2 17.3 24  30   M    M  10 46     30  40
10  40  26  33  -1  32   0    T    T    2 15.5 23  20   M    M   8        28 360
11  35  23  29  -5  36   0 0.00  0.0    2 10.0 22  30   M    M   4        28  30
12  40  18  29  -5  36   0    T    T    1 13.1 36 330   M    M   8        44 330
13  23   9  16 -19  49   0 0.00  0.0    1 18.7 38 310   M    M   2        47 310
14  35  16  26  -9  39   0 0.01  0.4    1 10.4 28 200   M    M   9        32 190
15  27   5  16 -19  49   0 0.01  0.3    1 27.7 38 310   M    M   6 9      49 310
16  23   5  14 -21  51   0 0.00  0.0    1 14.8 33 300   M    M   6        44 310
17  27  16  22 -13  43   0 0.19  3.5    4  7.0 16  30   M    M   8        20  20
18  31  15  23 -12  42   0    T    T    3  5.7 17 250   M    M   7        23 250
19  27   9  18 -18  47   0 0.00  0.0    2 21.3 31 310   M    M   5        39 300
20  21   3  12 -24  53   0 0.00  0.0    2 18.7 31 290   M    M   1        40 300
21  33  11  22 -14  43   0 0.59  4.5    1  9.8 25 190   M    M   7 16     31 200
22  43  32  38   2  27   0 0.20  0.2    5  4.1 13 270   M    M   9 16     23 310
23  38   9  24 -12  41   0 0.00  0.0    3 18.9 31 330   M    M   7        38 320
24  28   7  18 -18  47   0 0.00  0.0    3  9.4 21 180   M    M   4        24 180
25  37  19  28  -9  37   0 0.00  0.0    2 10.8 23 260   M    M   6        29 270
26  32  23  28  -9  37   0    T    T    2 12.8 23  20   M    M   9        28  30
27  32  20  26 -11  39   0 0.00  0.0    2 10.3 18 340   M    M   5        25 230
================================================================================
SM  882  446      1086   0  2.35    13.6 362.5          M      181
================================================================================
AV 32.7 16.5                              13.4 FASTST   M    M   7    MAX(MPH)
                                 MISC ---->  # 38 310               # 49  310
================================================================================
NOTES:
# LAST OF SEVERAL OCCURRENCES

COLUMN 17 PEAK WIND IN M.P.H.

PRELIMINARY LOCAL CLIMATOLOGICAL DATA (WS FORM: F-6) , PAGE 2

                                          STATION:  KENNEDY NY
                                          MONTH:    FEBRUARY
                                          YEAR:     2015
                                          LATITUDE:   40 39 N
                                          LONGITUDE:  73 47 W

[TEMPERATURE DATA]      [PRECIPITATION DATA]       SYMBOLS USED IN COLUMN 16

AVERAGE MONTHLY: 24.6   TOTAL FOR MONTH:   2.35    1 = FOG OR MIST
DPTR FM NORMAL: -10.3   DPTR FM NORMAL:   -0.13    2 = FOG REDUCING VISIBILITY
HIGHEST:    43 ON 22    GRTST 24HR  1.20 ON  1- 2      TO 1/4 MILE OR LESS
LOWEST:      3 ON 20                               3 = THUNDER
                        SNOW, ICE PELLETS, HAIL    4 = ICE PELLETS
                        TOTAL MONTH:  13.6 INCHES  5 = HAIL
                        GRTST 24HR   4.5 ON 21-21  6 = FREEZING RAIN OR DRIZZLE
                        GRTST DEPTH:   8 ON  4, 3  7 = DUSTSTORM OR SANDSTORM:
                                                       VSBY 1/2 MILE OR LESS
                                                   8 = SMOKE OR HAZE
[NO. OF DAYS WITH]      [WEATHER - DAYS WITH]      9 = BLOWING SNOW
                                                   X = TORNADO
MAX 32 OR BELOW:  13    0.01 INCH OR MORE:   8
MAX 90 OR ABOVE:   0    0.10 INCH OR MORE:   5
MIN 32 OR BELOW:  27    0.50 INCH OR MORE:   2
MIN  0 OR BELOW:   0    1.00 INCH OR MORE:   1

[HDD (BASE 65) ]
TOTAL THIS MO.  1086    CLEAR  (SCALE 0-3)   2
DPTR FM NORMAL   272    PTCLDY (SCALE 4-7)  17
TOTAL FM JUL 1  3650    CLOUDY (SCALE 8-10)  8
DPTR FM NORMAL   166

[CDD (BASE 65) ]
TOTAL THIS MO.     0
DPTR FM NORMAL     0    [PRESSURE DATA]
TOTAL FM JAN 1     0    HIGHEST SLP M ON M
DPTR FM NORMAL     0    LOWEST  SLP 29.38 ON  2

[REMARKS]
