000
CXUS55 KJKL 211000
CF6JKL
PRELIMINARY LOCAL CLIMATOLOGICAL DATA (WS FORM: F-6)

                                          STATION:   JACKSON KY
                                          MONTH:     FEBRUARY
                                          YEAR:      2017
                                          LATITUDE:   37 35 N
                                          LONGITUDE:  83 19 W

  TEMPERATURE IN F:       :PCPN:    SNOW:  WIND      :SUNSHINE: SKY     :PK WND
================================================================================
1   2   3   4   5  6A  6B    7    8   9   10  11  12  13   14  15   16   17  18
                                     12Z  AVG MX 2MIN
DY MAX MIN AVG DEP HDD CDD  WTR  SNW DPTH SPD SPD DIR MIN PSBL S-S WX    SPD DR
================================================================================

 1  54  41  48  12  17   0 0.00  0.0    0  2.3  8  30   M    M   2        14  10
 2  46  30  38   2  27   0 0.00  0.0    0  4.5 13 270   M    M   0        18 280
 3  32  21  27  -9  38   0 0.00  0.0    0  3.3 13 330   M    M   6        18 330
 4  42  16  29  -7  36   0 0.00  0.0    0  1.8  9 140   M    M   1        13 110
 5  57  37  47  10  18   0    T  0.0    0  5.4 13 220   M    M   6        22 250
 6  68  36  52  15  13   0 0.05  0.0    0  3.9 10 230   M    M   4 1      16 220
 7  71  52  62  25   3   0 0.26  0.0    0  6.9 17 190   M    M   7 1      30 220
 8  64  36  50  13  15   0 0.95  0.0    0  4.4 24 320   M    M   7 13     37 320
 9  36  21  29  -8  36   0    T    T    0  8.2 20 290   M    M   7 1      29 340
10  54  19  37  -1  28   0 0.00  0.0    0  5.2 14 230   M    M   1        25 210
11  65  54  60  22   5   0    T  0.0    0  7.6 15 240   M    M   8        27 210
12  72  41  57  19   8   0    T  0.0    0  9.5 20 330   M    M   7        32 310
13  49  31  40   2  25   0 0.00  0.0    0  3.3 14 320   M    M   0        21 320
14  50  33  42   4  23   0    T  0.0    0  3.8 10 230   M    M   8        16 240
15  47  32  40   1  25   0 0.00  0.0    0  7.2 16 330   M    M   5        24 340
16  42  29  36  -3  29   0 0.00  0.0    0  3.9 10 270   M    M   6        16 280
17  69  38  54  15  11   0 0.00  0.0    0  5.6 13 240   M    M   0        20 220
18  55  46  51  11  14   0 0.02  0.0    0  3.7  9 220   M    M   6 12     18 200
19  63  46  55  15  10   0 0.00  0.0    0  3.1  8 270   M    M   6 12     12 250
20  70  43  57  17   8   0 0.00  0.0    0  3.4  7 100   M    M   0        10 120
================================================================================
SM 1106  702       389   0  1.28    T     97.0          M       87
================================================================================
AV 55.3 35.1                               4.8 FASTST   M    M   4    MAX(MPH)
                                 MISC ---->  # 24 320               # 37  320
================================================================================
NOTES:
# LAST OF SEVERAL OCCURRENCES

COLUMN 17 PEAK WIND IN M.P.H.

PRELIMINARY LOCAL CLIMATOLOGICAL DATA (WS FORM: F-6) , PAGE 2

                                          STATION:  JACKSON KY
                                          MONTH:    FEBRUARY
                                          YEAR:     2017
                                          LATITUDE:   37 35 N
                                          LONGITUDE:  83 19 W

[TEMPERATURE DATA]      [PRECIPITATION DATA]       SYMBOLS USED IN COLUMN 16

AVERAGE MONTHLY: 45.2   TOTAL FOR MONTH:   1.28    1 = FOG OR MIST
DPTR FM NORMAL:   7.4   DPTR FM NORMAL:   -1.38    2 = FOG REDUCING VISIBILITY
HIGHEST:    72 ON 12    GRTST 24HR  0.95 ON  8- 8      TO 1/4 MILE OR LESS
LOWEST:     16 ON  4                               3 = THUNDER
                        SNOW, ICE PELLETS, HAIL    4 = ICE PELLETS
                        TOTAL MONTH:    T          5 = HAIL
                        GRTST 24HR    T  ON  9- 9  6 = FREEZING RAIN OR DRIZZLE
                        GRTST DEPTH:   0           7 = DUSTSTORM OR SANDSTORM:
                                                       VSBY 1/2 MILE OR LESS
                                                   8 = SMOKE OR HAZE
[NO. OF DAYS WITH]      [WEATHER - DAYS WITH]      9 = BLOWING SNOW
                                                   X = TORNADO
MAX 32 OR BELOW:   1    0.01 INCH OR MORE:   4
MAX 90 OR ABOVE:   0    0.10 INCH OR MORE:   2
MIN 32 OR BELOW:   8    0.50 INCH OR MORE:   1
MIN  0 OR BELOW:   0    1.00 INCH OR MORE:   0

[HDD (BASE 65) ]
TOTAL THIS MO.   389    CLEAR  (SCALE 0-3)   7
DPTR FM NORMAL  -155    PTCLDY (SCALE 4-7)  12
TOTAL FM JUL 1  2410    CLOUDY (SCALE 8-10)  1
DPTR FM NORMAL  -700

[CDD (BASE 65) ]
TOTAL THIS MO.     0
DPTR FM NORMAL     0    [PRESSURE DATA]
TOTAL FM JAN 1     0    HIGHEST SLP M ON M
DPTR FM NORMAL     0    LOWEST  SLP 29.59 ON M

[REMARKS]
