000
CXUS53 KBIS 240830
CF6JMS
PRELIMINARY LOCAL CLIMATOLOGICAL DATA (WS FORM: F-6)

                                          STATION:   JAMESTOWN ND
                                          MONTH:     AUGUST
                                          YEAR:      2017
                                          LATITUDE:   46 55 N
                                          LONGITUDE:  98 40 W

  TEMPERATURE IN F:       :PCPN:    SNOW:  WIND      :SUNSHINE: SKY     :PK WND
================================================================================
1   2   3   4   5  6A  6B    7    8   9   10  11  12  13   14  15   16   17  18
                                     12Z  AVG MX 2MIN
DY MAX MIN AVG DEP HDD CDD  WTR  SNW DPTH SPD SPD DIR MIN PSBL S-S WX    SPD DR
================================================================================

 1  82  58  70   0   0   5 0.00    M    M 10.4 21  10   M    M   0        23  10
 2  68  54  61  -9   4   0 0.52    M    M  6.1 17  10   M    M   5 1      21 350
 3  73  54  64  -6   1   0 0.01    M    M  9.5 18 360   M    M   5 1      24  20
 4  80  47  64  -6   1   0 0.00    M    M  2.5  8 290   M    M   2        13 320
 5  79  53  66  -4   0   1 0.39    M    M  4.1 17  20   M    M   4 13     22 360
 6  76  57  67  -3   0   2 0.03    M    M  4.3 13  40   M    M   5        16  20
 7  79  51  65  -5   0   0 0.00    M    M  5.2 13 260   M    M   0        18 270
 8  82  56  69  -1   0   4 0.00    M    M  6.9 15 180   M    M   2        19 200
 9  80  59  70   0   0   5 0.43    M    M  8.5 24 320   M    M   6 13     29 330
10  76  55  66  -4   0   1    T    M    M  7.9 15 340   M    M   5        18 340
11  79  51  65  -5   0   0 0.00    M    M  3.2 10 100   M    M   0        13 100
12  67  51  59 -10   6   0 0.37    M    M  5.5 20 120   M    M   3 13     26 120
13  71  54  63  -6   2   0 1.16    M    M  8.2 18  70   M    M   8 1      23  70
14  74  53  64  -5   1   0 0.00    M    M  5.2  9 100   M    M   6        14  60
15  71  53  62  -7   3   0 0.20    M    M  7.6 15 140   M    M   7 12     20 150
16  75  57  66  -3   0   1 0.24    M    M  7.7 18 360   M    M   6 1      23 360
17  81  54  68   0   0   3 0.00    M    M  4.8 10 310   M    M   0 13     13 310
18  78  58  68   0   0   3 0.45    M    M  5.2 21 320   M    M   3 13     31 320
19  81  55  68   0   0   3 0.00    M    M  9.7 23 180   M    M   0        30 170
20  74  56  65  -3   0   0 0.00    M    M  6.7 18 330   M    M   1        26 310
21  75  52  64  -4   1   0    T    M    M  9.6 26 330   M    M   3        32 320
22  73  49  61  -6   4   0 0.00    M    M  8.2 21 340   M    M   0        26 320
23  79  47  63  -4   2   0 0.00    M    M  6.5 16  90   M    M   0        20 100
================================================================================
SM 1753 1234        25  28  3.80    M    153.5          M       71
================================================================================
AV 76.2 53.7                               6.7 FASTST   M    M   3    MAX(MPH)
                                 MISC ---->  # 26 330               # 32  320
================================================================================
NOTES:
# LAST OF SEVERAL OCCURRENCES

COLUMN 17 PEAK WIND IN M.P.H.

PRELIMINARY LOCAL CLIMATOLOGICAL DATA (WS FORM: F-6) , PAGE 2

                                          STATION:  JAMESTOWN ND
                                          MONTH:    AUGUST
                                          YEAR:     2017
                                          LATITUDE:   46 55 N
                                          LONGITUDE:  98 40 W

[TEMPERATURE DATA]      [PRECIPITATION DATA]       SYMBOLS USED IN COLUMN 16

AVERAGE MONTHLY: 64.9   TOTAL FOR MONTH:   3.80    1 = FOG OR MIST
DPTR FM NORMAL:  -4.2   DPTR FM NORMAL:    2.30    2 = FOG REDUCING VISIBILITY
HIGHEST:    82 ON  8, 1 GRTST 24HR  1.16 ON 13-13      TO 1/4 MILE OR LESS
LOWEST:     47 ON 23, 4                            3 = THUNDER
                        SNOW, ICE PELLETS, HAIL    4 = ICE PELLETS
                        TOTAL MONTH:    M          5 = HAIL
                        GRTST 24HR    M  ON   M    6 = FREEZING RAIN OR DRIZZLE
                        GRTST DEPTH:  M  ON   M    7 = DUSTSTORM OR SANDSTORM:
                                                       VSBY 1/2 MILE OR LESS
                                                   8 = SMOKE OR HAZE
[NO. OF DAYS WITH]      [WEATHER - DAYS WITH]      9 = BLOWING SNOW
                                                   X = TORNADO
MAX 32 OR BELOW:   0    0.01 INCH OR MORE:  10
MAX 90 OR ABOVE:   0    0.10 INCH OR MORE:   8
MIN 32 OR BELOW:   0    0.50 INCH OR MORE:   2
MIN  0 OR BELOW:   0    1.00 INCH OR MORE:   1

[HDD (BASE 65) ]
TOTAL THIS MO.    25    CLEAR  (SCALE 0-3)  13
DPTR FM NORMAL     0    PTCLDY (SCALE 4-7)  10
TOTAL FM JUL 1    28    CLOUDY (SCALE 8-10)  0
DPTR FM NORMAL   -19

[CDD (BASE 65) ]
TOTAL THIS MO.    28
DPTR FM NORMAL   -91    [PRESSURE DATA]
TOTAL FM JAN 1   344    HIGHEST SLP M ON M
DPTR FM NORMAL   -47    LOWEST  SLP 29.71 ON 19

[REMARKS]
