673
CXUS53 KBIS 240829
CF6JMS
PRELIMINARY LOCAL CLIMATOLOGICAL DATA (WS FORM: F-6)

                                          STATION:   JAMESTOWN ND
                                          MONTH:     MARCH
                                          YEAR:      2017
                                          LATITUDE:   46 55 N
                                          LONGITUDE:  98 40 W

  TEMPERATURE IN F:       :PCPN:    SNOW:  WIND      :SUNSHINE: SKY     :PK WND
================================================================================
1   2   3   4   5  6A  6B    7    8   9   10  11  12  13   14  15   16   17  18
                                     12Z  AVG MX 2MIN
DY MAX MIN AVG DEP HDD CDD  WTR  SNW DPTH SPD SPD DIR MIN PSBL S-S WX    SPD DR
================================================================================

 1  23   9  16  -4  49   0    T    M    M 11.5 22 300   M    M   5 1      28 300
 2  21   7  14  -7  51   0 0.00    M    M  4.3 12 280   M    M   4        14 260
 3  34   8  21   0  44   0 0.00    M    M 13.0 24 140   M    M   4        28 150
 4  42  22  32  10  33   0 0.00    M    M 15.6 30 140   M    M   0        37 140
 5  53  23  38  16  27   0 0.00    M    M  5.9 15 150   M    M   2 12     20 150
 6  46  20  33  10  32   0    T    M    M 20.0 45 300   M    M   8 12     58 300
 7  31  16  24   1  41   0    T    M    M 33.3 48 280   M    M   7 1      64 290
 8  26   9  18  -6  47   0    T    M    M 22.1 45 300   M    M   7 1      56 300
 9  16   2   9 -15  56   0    T    M    M 12.6 22 340   M    M   7 8      27 350
10  10  -3   4 -21  61   0    T    M    M  8.2 14  70   M    M   3        17  80
11  13   0   7 -18  58   0    T    M    M  8.1 15  80   M    M  10 8      17  80
12  15   4  10 -16  55   0    T    M    M 15.1 22  60   M    M  10 1      28  60
13  18  -8   5 -21  60   0 0.00    M    M  6.1 12 360   M    M   0        13 360
14  25   2  14 -12  51   0 0.00    M    M 11.4 22 170   M    M   4        27 170
15  33  12  23  -4  42   0 0.00    M    M 14.0 21 180   M    M   5        25 190
16  38  26  32   4  33   0    T    M    M 12.1 22 150   M    M   6 1      25 250
17  37  26  32   4  33   0 0.00    M    M 21.6 37 320   M    M   6 1      47 320
18  41  16  29   1  36   0 0.00    M    M 10.3 20 150   M    M   2        27 150
19  59  34  47  18  18   0    T    M    M 14.8 28 310   M    M   2        34 320
20  49  25  37   8  28   0 0.00    M    M  9.7 22 340   M    M   5        28 340
21  26  17  22  -8  43   0    T    M    M 10.0 15  40   M    M   2        20  20
22  34  17  26  -4  39   0 0.02    M    M 18.4 31 150   M    M   6 1      39 150
23  44  28  36   5  29   0 0.06    M    M  9.0 22 340   M    M   7 1      26 340
================================================================================
SM  734  312       966   0  0.08    M    307.1          M      112
================================================================================
AV 31.9 13.6                              13.4 FASTST   M    M   5    MAX(MPH)
                                 MISC ---->  # 48 280               # 64  290
================================================================================
NOTES:
# LAST OF SEVERAL OCCURRENCES

COLUMN 17 PEAK WIND IN M.P.H.

PRELIMINARY LOCAL CLIMATOLOGICAL DATA (WS FORM: F-6) , PAGE 2

                                          STATION:  JAMESTOWN ND
                                          MONTH:    MARCH
                                          YEAR:     2017
                                          LATITUDE:   46 55 N
                                          LONGITUDE:  98 40 W

[TEMPERATURE DATA]      [PRECIPITATION DATA]       SYMBOLS USED IN COLUMN 16

AVERAGE MONTHLY: 22.7   TOTAL FOR MONTH:   0.08    1 = FOG OR MIST
DPTR FM NORMAL:  -2.8   DPTR FM NORMAL:   -0.51    2 = FOG REDUCING VISIBILITY
HIGHEST:    59 ON 19    GRTST 24HR  0.06 ON 23-23      TO 1/4 MILE OR LESS
LOWEST:     -8 ON 13                               3 = THUNDER
                        SNOW, ICE PELLETS, HAIL    4 = ICE PELLETS
                        TOTAL MONTH:    M          5 = HAIL
                        GRTST 24HR    M  ON   M    6 = FREEZING RAIN OR DRIZZLE
                        GRTST DEPTH:  M  ON   M    7 = DUSTSTORM OR SANDSTORM:
                                                       VSBY 1/2 MILE OR LESS
                                                   8 = SMOKE OR HAZE
[NO. OF DAYS WITH]      [WEATHER - DAYS WITH]      9 = BLOWING SNOW
                                                   X = TORNADO
MAX 32 OR BELOW:  11    0.01 INCH OR MORE:   2
MAX 90 OR ABOVE:   0    0.10 INCH OR MORE:   0
MIN 32 OR BELOW:  22    0.50 INCH OR MORE:   0
MIN  0 OR BELOW:   3    1.00 INCH OR MORE:   0

[HDD (BASE 65) ]
TOTAL THIS MO.   966    CLEAR  (SCALE 0-3)   6
DPTR FM NORMAL    60    PTCLDY (SCALE 4-7)  14
TOTAL FM JUL 1  6975    CLOUDY (SCALE 8-10)  3
DPTR FM NORMAL  -690

[CDD (BASE 65) ]
TOTAL THIS MO.     0
DPTR FM NORMAL     0    [PRESSURE DATA]
TOTAL FM JAN 1     0    HIGHEST SLP M ON M
DPTR FM NORMAL     0    LOWEST  SLP 29.11 ON  6

[REMARKS]
