000
CXUS53 KBIS 010808
CF6JMS
PRELIMINARY LOCAL CLIMATOLOGICAL DATA (WS FORM: F-6)

                                          STATION:   JAMESTOWN ND
                                          MONTH:     JUNE
                                          YEAR:      2015
                                          LATITUDE:   46 55 N
                                          LONGITUDE:  98 40 W

  TEMPERATURE IN F:       :PCPN:    SNOW:  WIND      :SUNSHINE: SKY     :PK WND
================================================================================
1   2   3   4   5  6A  6B    7    8   9   10  11  12  13   14  15   16   17  18
                                     12Z  AVG MX 2MIN
DY MAX MIN AVG DEP HDD CDD  WTR  SNW DPTH SPD SPD DIR MIN PSBL S-S WX    SPD DR
================================================================================

 1  79  53  66   6   0   1 0.00    M    M 16.0 26 180   M    M   4        35 180
 2  80  61  71  10   0   6 0.04    M    M 11.1 21 150   M    M   5 13     27 170
 3  61  49  55  -6  10   0 0.01    M    M 14.4 23 350   M    M  10 1      27 350
 4  71  49  60  -1   5   0 0.01    M    M  8.4 18  50   M    M   4        24  40
 5  77  54  66   4   0   1 0.00    M    M  7.6 16 110   M    M   5 8      23 100
 6  75  58  67   5   0   2 0.44    M    M 10.4 25 320   M    M   5 13     32 320
 7  81  57  69   7   0   4 0.00    M    M 12.7 26 290   M    M   1 3      34 290
 8  85  54  70   8   0   5 0.00    M    M  9.7 23 300   M    M   0        28 290
 9  85  58  72   9   0   7 0.10    M    M 11.4 25 360   M    M   1 38     33 340
10  74  53  64   1   1   0 0.00    M    M  3.3 15 190   M    M   1 8      18 190
11  78  59  69   6   0   4 0.00    M    M  4.2 12  40   M    M   5 18     14  40
12  81  53  67   3   0   2 0.00    M    M 11.0 24 180   M    M   0        30 170
13  85  59  72   8   0   7 0.89    M    M  9.9 32 300   M    M   4 13     42 280
14  72  56  64   0   1   0 1.48    M    M  7.1 26  50   M    M   4 13     33  50
15  68  51  60  -4   5   0 0.00    M    M  9.2 18 320   M    M   2        24 340
16  55  50  53 -12  12   0 0.78    M    M  8.7 14 120   M    M   8 1       M  M
17  72  53  63  -2   2   0 0.00    M    M  4.6 12 280   M    M   6 1      14 260
18  67  50  59  -6   6   0 0.04    M    M  9.3 21  30   M    M   6 1      27  20
19  83  56  70   4   0   5 0.35    M    M 12.9 29 330   M    M   4 13     36 330
20  81  59  70   4   0   5 0.00    M    M  9.3 22 300   M    M   6 13     28 280
21  84  56  70   4   0   5 0.92    M    M  7.5 25 330   M    M   0 13     34 320
22  74  59  67   1   0   2 0.10    M    M 14.4 31 320   M    M   4 13     38 310
23  83  55  69   3   0   4 0.00    M    M  7.8 17 240   M    M   1        21 250
24  81  58  70   3   0   5 0.44    M    M  5.6 36 290   M    M   2 13     43 260
25  81  55  68   1   0   3 0.00    M    M  2.5  8  30   M    M   0 1      10  30
26  83  60  72   5   0   7 0.00    M    M  5.3 20  30   M    M   2 3      24  30
27  90  59  75   8   0  10 0.00    M    M 10.4 29 330   M    M   2        39 320
28  83  61  72   4   0   7 0.00    M    M 10.5 21 350   M    M   1 8      26 360
29  82  63  73   5   0   8 0.00    M    M  8.2 18 310   M    M   3 8      23 310
30  73  60  67  -1   0   2 0.06    M    M  5.3 14 120   M    M   3 18     18 120
================================================================================
SM 2324 1678        42 102  5.66    M    268.7          M       99
================================================================================
AV 77.5 55.9                               9.0 FASTST   M    M   3    MAX(MPH)
                                 MISC ---->  # 36 290               # 43  260
================================================================================
NOTES:
# LAST OF SEVERAL OCCURRENCES

COLUMN 17 PEAK WIND IN M.P.H.

PRELIMINARY LOCAL CLIMATOLOGICAL DATA (WS FORM: F-6) , PAGE 2

                                          STATION:  JAMESTOWN ND
                                          MONTH:    JUNE
                                          YEAR:     2015
                                          LATITUDE:   46 55 N
                                          LONGITUDE:  98 40 W

[TEMPERATURE DATA]      [PRECIPITATION DATA]       SYMBOLS USED IN COLUMN 16

AVERAGE MONTHLY: 66.7   TOTAL FOR MONTH:   5.66    1 = FOG OR MIST
DPTR FM NORMAL:   2.3   DPTR FM NORMAL:    2.47    2 = FOG REDUCING VISIBILITY
HIGHEST:    90 ON 27    GRTST 24HR  2.37 ON 13-14      TO 1/4 MILE OR LESS
LOWEST:     49 ON  4, 3                            3 = THUNDER
                        SNOW, ICE PELLETS, HAIL    4 = ICE PELLETS
                        TOTAL MONTH:    M          5 = HAIL
                        GRTST 24HR    M  ON   M    6 = FREEZING RAIN OR DRIZZLE
                        GRTST DEPTH:  M  ON   M    7 = DUSTSTORM OR SANDSTORM:
                                                       VSBY 1/2 MILE OR LESS
                                                   8 = SMOKE OR HAZE
[NO. OF DAYS WITH]      [WEATHER - DAYS WITH]      9 = BLOWING SNOW
                                                   X = TORNADO
MAX 32 OR BELOW:   0    0.01 INCH OR MORE:  14
MAX 90 OR ABOVE:   1    0.10 INCH OR MORE:   9
MIN 32 OR BELOW:   0    0.50 INCH OR MORE:   4
MIN  0 OR BELOW:   0    1.00 INCH OR MORE:   1

[HDD (BASE 65) ]
TOTAL THIS MO.    42    CLEAR  (SCALE 0-3)  15
DPTR FM NORMAL   -55    PTCLDY (SCALE 4-7)  14
TOTAL FM JUL 1  8737    CLOUDY (SCALE 8-10)  1
DPTR FM NORMAL  -276

[CDD (BASE 65) ]
TOTAL THIS MO.   102
DPTR FM NORMAL    22    [PRESSURE DATA]
TOTAL FM JAN 1   110    HIGHEST SLP M ON M
DPTR FM NORMAL    10    LOWEST  SLP 29.64 ON  9

[REMARKS]
#FINAL-06-15#
