000
CXHW50 PHFO 301250
CF6JRF
PRELIMINARY LOCAL CLIMATOLOGICAL DATA (WS FORM: F-6)

                                          STATION:   KALAELOA ARPT/OAHU HI
                                          MONTH:     APRIL
                                          YEAR:      2016
                                          LATITUDE:   21 19 N
                                          LONGITUDE: 158  4 W

  TEMPERATURE IN F:       :PCPN:    SNOW:  WIND      :SUNSHINE: SKY     :PK WND
================================================================================
1   2   3   4   5  6A  6B    7    8   9   10  11  12  13   14  15   16   17  18
                                     12Z  AVG MX 2MIN
DY MAX MIN AVG DEP HDD CDD  WTR  SNW DPTH SPD SPD DIR MIN PSBL S-S WX    SPD DR
================================================================================

 1  83  63  73  -2   0   8 0.00  0.0    M  5.2  9 150   M    M   1         M  M
 2  86  65  76   1   0  11 0.00  0.0    M  6.9 10 140   M    M   2         M  M
 3  85  67  76   1   0  11 0.00  0.0    0  8.2 14 130   M    M   0        22 120
 4  84  72  78   3   0  13 0.00  0.0    0  6.4 10 310   M    M   1        13 310
 5  87  68  78   3   0  13 0.02  0.0    0  9.1 21 300   M    M   6        28  30
 6  81  68  75   0   0  10 0.00  0.0    0 14.1 20  30   M    M   0        36  20
 7  84  68  76   1   0  11 0.00  0.0    0  9.2 17  60   M    M   3        26  70
 8  88  69  79   4   0  14 0.00  0.0    0  6.5 14  50   M    M   2        21  90
 9  85  68  77   2   0  12    T  0.0    0  5.9 16 310   M    M   4        21 310
10  84  65  75   0   0  10    T  0.0    0  5.9 13 140   M    M   4        21  50
11  85  68  77   2   0  12    T  0.0    0  6.9 17  40   M    M   5        26  50
12  85  70  78   3   0  13    T  0.0    0  8.3 18  50   M    M   5        28  60
13  85  72  79   4   0  14 0.00  0.0    0  9.8 18  50   M    M   5        29  80
14  87  71  79   4   0  14    T  0.0    0  6.6 14  70   M    M   2        21  60
15  87  69  78   3   0  13 0.00  0.0    0  6.3 13  60   M    M   2        21  30
16  85  70  78   3   0  13    T  0.0    0  6.0 15  40   M    M   4        23  40
17  80  69  75   0   0  10 0.01  0.0    0  6.4 14  50   M    M   6        23  60
18  83  69  76   1   0  11 0.00  0.0    0  8.5 17  40   M    M   1        28  40
19  84  68  76   1   0  11    T  0.0    0  6.6 13  50   M    M   4        20  50
20  85  67  76   1   0  11 0.00  0.0    0  7.7 15  70   M    M   2        25  80
21  85  68  77   2   0  12 0.00  0.0    0  6.1 14 130   M    M   3        21 120
22  85  69  77   2   0  12 0.00  0.0    0  6.5 16 120   M    M   3        22 120
23  86  70  78   3   0  13 0.01  0.0    0  6.9 14 110   M    M   5        24  70
24  85  72  79   4   0  14    T  0.0    0  6.3 14  60   M    M   5        25  70
25  88  70  79   4   0  14 0.00  0.0    0  6.0 14  70   M    M   2        21  50
26  88  69  79   4   0  14    T  0.0    0  6.5 16  50   M    M   3        26  70
27  87  71  79   4   0  14 0.00  0.0    0  7.0 15  60   M    M   3        25  50
28  87  73  80   5   0  15 0.00  0.0    0  7.4 15 120   M    M   2        23 110
29  84  72  78   3   0  13    T  0.0    0  6.4 15 150   M    M   3        24 120
================================================================================
SM 2468 2000         0 356  0.04     0.0 209.6          M       88
================================================================================
AV 85.1 69.0                               7.2 FASTST   M    M   3    MAX(MPH)
                                 MISC ---->  # 21 300               # 36   20
================================================================================
NOTES:
# LAST OF SEVERAL OCCURRENCES

COLUMN 17 PEAK WIND IN M.P.H.

PRELIMINARY LOCAL CLIMATOLOGICAL DATA (WS FORM: F-6) , PAGE 2

                                          STATION:  KALAELOA ARPT/OAHU HI
                                          MONTH:    APRIL
                                          YEAR:     2016
                                          LATITUDE:   21 19 N
                                          LONGITUDE: 158  4 W

[TEMPERATURE DATA]      [PRECIPITATION DATA]       SYMBOLS USED IN COLUMN 16

AVERAGE MONTHLY: 77.0   TOTAL FOR MONTH:   0.04    1 = FOG OR MIST
DPTR FM NORMAL:   2.0   DPTR FM NORMAL:   -1.03    2 = FOG REDUCING VISIBILITY
HIGHEST:    88 ON 26,25 GRTST 24HR  0.02 ON  5- 5      TO 1/4 MILE OR LESS
LOWEST:     63 ON  1                               3 = THUNDER
                        SNOW, ICE PELLETS, HAIL    4 = ICE PELLETS
                        TOTAL MONTH:   0.0 INCH    5 = HAIL
                        GRTST 24HR     0.0         6 = FREEZING RAIN OR DRIZZLE
                        GRTST DEPTH:   0           7 = DUSTSTORM OR SANDSTORM:
                                                       VSBY 1/2 MILE OR LESS
                                                   8 = SMOKE OR HAZE
[NO. OF DAYS WITH]      [WEATHER - DAYS WITH]      9 = BLOWING SNOW
                                                   X = TORNADO
MAX 32 OR BELOW:   0    0.01 INCH OR MORE:   3
MAX 90 OR ABOVE:   0    0.10 INCH OR MORE:   0
MIN 32 OR BELOW:   0    0.50 INCH OR MORE:   0
MIN  0 OR BELOW:   0    1.00 INCH OR MORE:   0

[HDD (BASE 65) ]
TOTAL THIS MO.     0    CLEAR  (SCALE 0-3)  16
DPTR FM NORMAL     0    PTCLDY (SCALE 4-7)  13
TOTAL FM JUL 1     0    CLOUDY (SCALE 8-10)  0
DPTR FM NORMAL     0

[CDD (BASE 65) ]
TOTAL THIS MO.   356
DPTR FM NORMAL    66    [PRESSURE DATA]
TOTAL FM JAN 1  1093    HIGHEST SLP M ON M
DPTR FM NORMAL    82    LOWEST  SLP 29.99 ON 17

[REMARKS]
