000
CXHW50 PHFO 271250
CF6JRF
PRELIMINARY LOCAL CLIMATOLOGICAL DATA (WS FORM: F-6)

                                          STATION:   KALAELOA ARPT/OAHU HI
                                          MONTH:     AUGUST
                                          YEAR:      2015
                                          LATITUDE:   21 19 N
                                          LONGITUDE: 158  4 W

  TEMPERATURE IN F:       :PCPN:    SNOW:  WIND      :SUNSHINE: SKY     :PK WND
================================================================================
1   2   3   4   5  6A  6B    7    8   9   10  11  12  13   14  15   16   17  18
                                     12Z  AVG MX 2MIN
DY MAX MIN AVG DEP HDD CDD  WTR  SNW DPTH SPD SPD DIR MIN PSBL S-S WX    SPD DR
================================================================================

 1  90  75  83   2   0  18 0.00  0.0    0  7.0 15  70   M    M   2        25  90
 2  91  75  83   2   0  18 0.00  0.0    0  5.7 14  80   M    M   0        23  70
 3  90  74  82   1   0  17 0.00  0.0    0  4.2 13  80   M    M   2        23  70
 4  89  68  79  -2   0  14 0.00  0.0    0  3.2 15 310   M    M   3        20 300
 5  91  71  81   0   0  16 0.01  0.0    0  4.1 14  70   M    M   4 1      23  70
 6  89  73  81   0   0  16    T  0.0    0  3.9 12  80   M    M   4 1      20  60
 7  87  72  80  -1   0  15 0.00  0.0    0  5.5 15 140   M    M   4        21 140
 8  89  73  81   0   0  16 0.00  0.0    0  7.4 16  70   M    M   2 8      28 100
 9  88  75  82   1   0  17    T  0.0    0  5.8 14  70   M    M   5        22  60
10  89  72  81   0   0  16 0.00  0.0    0  4.6 13  60   M    M   1        24  70
11  87  70  79  -2   0  14 0.00  0.0    0  3.0 14 140   M    M   3        20 120
12  89  72  81   0   0  16 0.00  0.0    0  4.3 14 120   M    M   3        18 120
13  91  74  83   2   0  18    T  0.0    0  4.9 14  70   M    M   3        22  70
14  90  74  82   1   0  17 0.00  0.0    0  6.2 14  80   M    M   2        23  80
15  89  75  82   1   0  17 0.00  0.0    0  5.3 13  50   M    M   3        23  60
16  86  75  81   0   0  16 0.00  0.0    0  4.5 13 220   M    M   4        15 220
17  88  71  80  -1   0  15 0.00  0.0    0  4.5 15 270   M    M   4        20 280
18  86  72  79  -2   0  14 0.00  0.0    0  4.8 13 300   M    M   1 8      18 270
19  85  71  78  -3   0  13 0.00  0.0    0  4.4 10 170   M    M   0        13 180
20  89  74  82   1   0  17    T  0.0    0  4.0 14 150   M    M   2 1      16 140
21  92  77  85   4   0  20 0.00  0.0    0  4.9 15 140   M    M   2        21 150
22  91  77  84   3   0  19 0.01  0.0    0  4.7 15 150   M    M   5        18 140
23  89  78  84   3   0  19 0.06  0.0    0  3.7 13 140   M    M   4 1      17 140
24  85  73  79  -2   0  14 3.06  0.0    0  7.8 17 150   M    M   7 1      21 160
25  87  76  82   1   0  17 0.12  0.0    0  4.8 17 180   M    M   6 1      22 170
26  88  75  82   1   0  17 1.58  0.0    0  3.1 12 190   M    M   3 12     15 210
================================================================================
SM 2305 1912         0 426  4.84     0.0 126.3          M       79
================================================================================
AV 88.7 73.5                               4.9 FASTST   M    M   3    MAX(MPH)
                                 MISC ---->  # 17 150               # 28  100
================================================================================
NOTES:
# LAST OF SEVERAL OCCURRENCES

COLUMN 17 PEAK WIND IN M.P.H.

PRELIMINARY LOCAL CLIMATOLOGICAL DATA (WS FORM: F-6) , PAGE 2

                                          STATION:  KALAELOA ARPT/OAHU HI
                                          MONTH:    AUGUST
                                          YEAR:     2015
                                          LATITUDE:   21 19 N
                                          LONGITUDE: 158  4 W

[TEMPERATURE DATA]      [PRECIPITATION DATA]       SYMBOLS USED IN COLUMN 16

AVERAGE MONTHLY: 81.1   TOTAL FOR MONTH:   4.84    1 = FOG OR MIST
DPTR FM NORMAL:   0.1   DPTR FM NORMAL:    4.32    2 = FOG REDUCING VISIBILITY
HIGHEST:    92 ON 21    GRTST 24HR  3.12 ON 23-24      TO 1/4 MILE OR LESS
LOWEST:     68 ON  4                               3 = THUNDER
                        SNOW, ICE PELLETS, HAIL    4 = ICE PELLETS
                        TOTAL MONTH:   0.0 INCH    5 = HAIL
                        GRTST 24HR     0.0         6 = FREEZING RAIN OR DRIZZLE
                        GRTST DEPTH:   0           7 = DUSTSTORM OR SANDSTORM:
                                                       VSBY 1/2 MILE OR LESS
                                                   8 = SMOKE OR HAZE
[NO. OF DAYS WITH]      [WEATHER - DAYS WITH]      9 = BLOWING SNOW
                                                   X = TORNADO
MAX 32 OR BELOW:   0    0.01 INCH OR MORE:   6
MAX 90 OR ABOVE:   8    0.10 INCH OR MORE:   3
MIN 32 OR BELOW:   0    0.50 INCH OR MORE:   2
MIN  0 OR BELOW:   0    1.00 INCH OR MORE:   2

[HDD (BASE 65) ]
TOTAL THIS MO.     0    CLEAR  (SCALE 0-3)  15
DPTR FM NORMAL     0    PTCLDY (SCALE 4-7)  11
TOTAL FM JUL 1     0    CLOUDY (SCALE 8-10)  0
DPTR FM NORMAL     0

[CDD (BASE 65) ]
TOTAL THIS MO.   426
DPTR FM NORMAL    10    [PRESSURE DATA]
TOTAL FM JAN 1  2615    HIGHEST SLP M ON M
DPTR FM NORMAL   -66    LOWEST  SLP 29.80 ON 18

[REMARKS]
