000
CXHW53 PHFO 281250
CF6KOA
PRELIMINARY LOCAL CLIMATOLOGICAL DATA (WS FORM: F-6)

                                          STATION:   KONA HI
                                          MONTH:     MARCH
                                          YEAR:      2015
                                          LATITUDE:   19 38 N
                                          LONGITUDE: 156  0 W

  TEMPERATURE IN F:       :PCPN:    SNOW:  WIND      :SUNSHINE: SKY     :PK WND
================================================================================
1   2   3   4   5  6A  6B    7    8   9   10  11  12  13   14  15   16   17  18
                                     12Z  AVG MX 2MIN
DY MAX MIN AVG DEP HDD CDD  WTR  SNW DPTH SPD SPD DIR MIN PSBL S-S WX    SPD DR
================================================================================

 1  86  70  78   3   0  13    T  0.0    0  5.4 15 320   M    M   2        20 310
 2  84  71  78   3   0  13 0.00  0.0    0  7.3 15 190   M    M   1        20 190
 3  85  71  78   3   0  13 0.00  0.0    0  5.9 12 160   M    M   3        15 140
 4  78  68  73  -2   0   8 0.24  0.0    0 10.1 26  20   M    M   6 1      35  10
 5  79  68  74  -1   0   9 0.25  0.0    0  7.3 23 360   M    M   5 1      28 360
 6  81  70  76   0   0  11 0.00  0.0    0 18.2 31 350   M    M   5        38 360
 7  80  70  75  -1   0  10 0.02  0.0    0 10.1 26  30   M    M   5        33  10
 8  73  69  71  -5   0   6 0.05  0.0    0  6.3 21 360   M    M   8 1      23 360
 9  75  66  71  -5   0   6 0.23  0.0    0  5.8 16 350   M    M   6 1      20 360
10  81  65  73  -3   0   8 0.00  0.0    0  5.2 14 330   M    M   4        18 310
11  76  69  73  -3   0   8 0.07  0.0    0  5.6 14 280   M    M   7        17 290
12  78  67  73  -3   0   8 0.05  0.0    0  8.1 23 120   M    M   5        28 110
13  81  64  73  -3   0   8 0.00  0.0    0 19.3 33 350   M    M   0        39 350
14  81  64  73  -3   0   8 0.00  0.0    0 10.4 30  30   M    M   2        35  20
15  82  68  75  -1   0  10 0.00  0.0    0  7.1 16  50   M    M   6        18  50
16  82  70  76   0   0  11 0.00  0.0    0  7.0 16 320   M    M   4        20 320
17  82  66  74  -2   0   9 0.00  0.0    0  6.9 13 300   M    M   4        16 320
18  82  67  75  -1   0  10 0.00  0.0    0  7.3 14  10   M    M   0        18  10
19  83  67  75  -1   0  10 0.00  0.0    0  6.9 16 190   M    M   2        21 190
20  83  69  76   0   0  11    T  0.0    0  6.8 14  30   M    M   3 8      17  30
21  82  73  78   2   0  13    T  0.0    0  7.5 14  80   M    M   6        18  80
22  84  70  77   1   0  12 0.00  0.0    0  5.1 10 220   M    M   3        14 260
23  83  72  78   1   0  13 0.00  0.0    0  6.5 12 250   M    M   2        15 260
24  84  71  78   1   0  13 0.00  0.0    0  6.9 14 340   M    M   1        16 350
25  86  72  79   2   0  14 0.00  0.0    0  7.1 18 340   M    M   2        22 340
26  84  72  78   1   0  13 0.00  0.0    0  7.4 16  80   M    M   5        21 120
27  85  72  79   2   0  14 0.00  0.0    0  6.0 12 160   M    M   3        14 160
================================================================================
SM 2200 1861         0 282  0.91     0.0 213.5          M      100
================================================================================
AV 81.5 68.9                               7.9 FASTST   M    M   4    MAX(MPH)
                                 MISC ---->  # 33 350               # 39  350
================================================================================
NOTES:
# LAST OF SEVERAL OCCURRENCES

COLUMN 17 PEAK WIND IN M.P.H.

PRELIMINARY LOCAL CLIMATOLOGICAL DATA (WS FORM: F-6) , PAGE 2

                                          STATION:  KONA HI
                                          MONTH:    MARCH
                                          YEAR:     2015
                                          LATITUDE:   19 38 N
                                          LONGITUDE: 156  0 W

[TEMPERATURE DATA]      [PRECIPITATION DATA]       SYMBOLS USED IN COLUMN 16

AVERAGE MONTHLY: 75.2   TOTAL FOR MONTH:   0.91    1 = FOG OR MIST
DPTR FM NORMAL:  -0.8   DPTR FM NORMAL:   -0.63    2 = FOG REDUCING VISIBILITY
HIGHEST:    86 ON 25, 1 GRTST 24HR  0.25 ON  5- 5      TO 1/4 MILE OR LESS
LOWEST:     64 ON 14,13                            3 = THUNDER
                        SNOW, ICE PELLETS, HAIL    4 = ICE PELLETS
                        TOTAL MONTH:   0.0 INCH    5 = HAIL
                        GRTST 24HR     0.0         6 = FREEZING RAIN OR DRIZZLE
                        GRTST DEPTH:   0           7 = DUSTSTORM OR SANDSTORM:
                                                       VSBY 1/2 MILE OR LESS
                                                   8 = SMOKE OR HAZE
[NO. OF DAYS WITH]      [WEATHER - DAYS WITH]      9 = BLOWING SNOW
                                                   X = TORNADO
MAX 32 OR BELOW:   0    0.01 INCH OR MORE:   7
MAX 90 OR ABOVE:   0    0.10 INCH OR MORE:   3
MIN 32 OR BELOW:   0    0.50 INCH OR MORE:   0
MIN  0 OR BELOW:   0    1.00 INCH OR MORE:   0

[HDD (BASE 65) ]
TOTAL THIS MO.     0    CLEAR  (SCALE 0-3)  13
DPTR FM NORMAL     0    PTCLDY (SCALE 4-7)  14
TOTAL FM JUL 1     0    CLOUDY (SCALE 8-10)  0
DPTR FM NORMAL     0

[CDD (BASE 65) ]
TOTAL THIS MO.   282
DPTR FM NORMAL   -15    [PRESSURE DATA]
TOTAL FM JAN 1   913    HIGHEST SLP M ON M
DPTR FM NORMAL    40    LOWEST  SLP 29.85 ON 11

[REMARKS]
