000
CXUS55 KVEF 230940
CF6LAS
PRELIMINARY LOCAL CLIMATOLOGICAL DATA (WS FORM: F-6)

                                          STATION:   LAS VEGAS NV
                                          MONTH:     OCTOBER
                                          YEAR:      2017
                                          LATITUDE:   36  4 N
                                          LONGITUDE: 115 10 W

  TEMPERATURE IN F:       :PCPN:    SNOW:  WIND      :SUNSHINE: SKY     :PK WND
================================================================================
1   2   3   4   5  6A  6B    7    8   9   10  11  12  13   14  15   16   17  18
                                     12Z  AVG MX 2MIN
DY MAX MIN AVG DEP HDD CDD  WTR  SNW DPTH SPD SPD DIR MIN PSBL S-S WX    SPD DR
================================================================================

 1  91  67  79   3   0  14 0.00  0.0    0  6.4 14  30   M    M   1        21  40
 2  77  62  70  -6   0   5 0.00  0.0    0 12.1 31 340   M    M   0        41 330
 3  85  58  72  -3   0   7 0.00  0.0    0  6.8 22 220   M    M   0        30 230
 4  81  61  71  -4   0   6 0.00  0.0    0  4.4 20 230   M    M   0        27 210
 5  85  59  72  -2   0   7 0.00  0.0    0  3.8  8 200   M    M   0        12  40
 6  84  61  73  -1   0   8 0.00  0.0    0  6.5 22  30   M    M   0        25  40
 7  88  59  74   1   0   9 0.00  0.0    0  3.5  8 210   M    M   1        10  70
 8  91  61  76   3   0  11 0.00  0.0    0 10.7 45 340   M    M   1        56 350
 9  75  57  66  -6   0   1 0.00  0.0    0 15.4 31  40   M    M   0        37  50
10  77  53  65  -7   0   0 0.00  0.0    0  3.9 14  30   M    M   1        21  30
11  87  56  72   0   0   7 0.00  0.0    0  5.2 13 240   M    M   3        17 250
12  84  63  74   3   0   9 0.00  0.0    0  4.9 17 190   M    M   0        23 200
13  84  59  72   1   0   7 0.00  0.0    0  3.8 10 200   M    M   1        15 210
14  80  56  68  -2   0   3 0.00  0.0    0  9.4 23  30   M    M   0        28  30
15  79  51  65  -5   0   0 0.00  0.0    0  3.3 12  20   M    M   0        16  10
16  84  54  69  -1   0   4 0.00  0.0    0  2.5  8  50   M    M   3        10  50
17  86  56  71   2   0   6 0.00  0.0    0  4.0  9 270   M    M   4        10  70
18  82  61  72   3   0   7 0.00  0.0    0  2.8  9 280   M    M   6        11 210
19  89  68  79  11   0  14 0.00  0.0    0  6.9 18 190   M    M   4        28 190
20  79  65  72   4   0   7 0.00  0.0    0 15.3 25 190   M    M   4        36 180
21  73  58  66  -1   0   1 0.00  0.0    0  8.0 21  10   M    M   1        27 350
22  83  55  69   2   0   4 0.00  0.0    0  2.6  9 270   M    M   0        10 270
================================================================================
SM 1824 1300         0 137  0.00     0.0 142.2          M       30
================================================================================
AV 82.9 59.1                               6.5 FASTST   M    M   1    MAX(MPH)
                                 MISC ---->  # 45 340               # 56  350
================================================================================
NOTES:
# LAST OF SEVERAL OCCURRENCES

COLUMN 17 PEAK WIND IN M.P.H.

PRELIMINARY LOCAL CLIMATOLOGICAL DATA (WS FORM: F-6) , PAGE 2

                                          STATION:  LAS VEGAS NV
                                          MONTH:    OCTOBER
                                          YEAR:     2017
                                          LATITUDE:   36  4 N
                                          LONGITUDE: 115 10 W

[TEMPERATURE DATA]      [PRECIPITATION DATA]       SYMBOLS USED IN COLUMN 16

AVERAGE MONTHLY: 71.0   TOTAL FOR MONTH:   0.00    1 = FOG OR MIST
DPTR FM NORMAL:  -0.5   DPTR FM NORMAL:   -0.17    2 = FOG REDUCING VISIBILITY
HIGHEST:    91 ON  8, 1 GRTST 24HR  0.00 ON 22-22      TO 1/4 MILE OR LESS
LOWEST:     51 ON 15                               3 = THUNDER
                        SNOW, ICE PELLETS, HAIL    4 = ICE PELLETS
                        TOTAL MONTH:   0.0 INCH    5 = HAIL
                        GRTST 24HR     0.0         6 = FREEZING RAIN OR DRIZZLE
                        GRTST DEPTH:   0           7 = DUSTSTORM OR SANDSTORM:
                                                       VSBY 1/2 MILE OR LESS
                                                   8 = SMOKE OR HAZE
[NO. OF DAYS WITH]      [WEATHER - DAYS WITH]      9 = BLOWING SNOW
                                                   X = TORNADO
MAX 32 OR BELOW:   0    0.01 INCH OR MORE:   0
MAX 90 OR ABOVE:   2    0.10 INCH OR MORE:   0
MIN 32 OR BELOW:   0    0.50 INCH OR MORE:   0
MIN  0 OR BELOW:   0    1.00 INCH OR MORE:   0

[HDD (BASE 65) ]
TOTAL THIS MO.     0    CLEAR  (SCALE 0-3)  17
DPTR FM NORMAL   -13    PTCLDY (SCALE 4-7)   5
TOTAL FM JUL 1     0    CLOUDY (SCALE 8-10)  0
DPTR FM NORMAL   -14

[CDD (BASE 65) ]
TOTAL THIS MO.   137
DPTR FM NORMAL   -18    [PRESSURE DATA]
TOTAL FM JAN 1  3945    HIGHEST SLP M ON M
DPTR FM NORMAL   413    LOWEST  SLP 29.48 ON  1

[REMARKS]
