000
CXUS55 KVEF 300940
CF6LAS
PRELIMINARY LOCAL CLIMATOLOGICAL DATA (WS FORM: F-6)

                                          STATION:   LAS VEGAS NV
                                          MONTH:     JANUARY
                                          YEAR:      2015
                                          LATITUDE:   36  4 N
                                          LONGITUDE: 115 10 W

  TEMPERATURE IN F:       :PCPN:    SNOW:  WIND      :SUNSHINE: SKY     :PK WND
================================================================================
1   2   3   4   5  6A  6B    7    8   9   10  11  12  13   14  15   16   17  18
                                     12Z  AVG MX 2MIN
DY MAX MIN AVG DEP HDD CDD  WTR  SNW DPTH SPD SPD DIR MIN PSBL S-S WX    SPD DR
================================================================================

 1  46  30  38  -9  27   0 0.00  0.0    0  6.5 13 200   M    M   3        13 200
 2  49  29  39  -9  26   0 0.00  0.0    0  6.0 12 200   M    M   0        13 200
 3  52  31  42  -6  23   0 0.00  0.0    0  5.8 12 200   M    M   1        13 200
 4  53  33  43  -5  22   0 0.00  0.0    0  5.3 12 200   M    M   5        12 200
 5  61  36  49   1  16   0 0.00  0.0    0  6.1 13 200   M    M   6        13 200
 6  69  42  56   8   9   0 0.00  0.0    0  7.2 13 210   M    M   1        14 200
 7  73  46  60  12   5   0 0.00  0.0    0  6.1 14 200   M    M   1        15 210
 8  69  47  58  10   7   0 0.00  0.0    0  6.9 12 200   M    M   2        13 200
 9  67  46  57   9   8   0 0.00  0.0    0  6.9 12 200   M    M   5        13 200
10  65  51  58  10   7   0 0.00  0.0    0  4.6  9 210   M    M   7        13 180
11  55  50  53   5  12   0 0.46  0.0    0  5.7 10 190   M    M   9 1      13 190
12  62  49  56   8   9   0 0.00  0.0    0  5.8 12 190   M    M   8 1      13  40
13  59  45  52   4  13   0 0.00  0.0    0  6.8 18 310   M    M   3        24 290
14  61  45  53   5  12   0 0.00  0.0    0  6.7 15 360   M    M   0        19 360
15  60  40  50   1  15   0 0.00  0.0    0  6.9 13 200   M    M   2        14 200
16  60  40  50   1  15   0 0.00  0.0    0  5.9 13 200   M    M   4        14 200
17  65  41  53   4  12   0 0.00  0.0    0  7.0 13 200   M    M   4        15 190
18  64  45  55   6  10   0 0.00  0.0    0  6.1 14 210   M    M   7        15 210
19  66  46  56   7   9   0 0.00  0.0    0  6.3 12 200   M    M   5        13 200
20  60  44  52   3  13   0 0.01  0.0    0  5.4 15 210   M    M   9        18 230
21  63  48  56   7   9   0    T  0.0    0  8.8 20 350   M    M   3        30 330
22  58  39  49   0  16   0 0.00  0.0    0  6.5 13 200   M    M   4        14 190
23  62  39  51   2  14   0 0.00  0.0    0  5.9 12 160   M    M   4        14 160
24  68  46  57   8   8   0 0.00  0.0    0  5.9 13  20   M    M   0        23  40
25  73  45  59   9   6   0 0.00  0.0    0  5.9 13 200   M    M   1        15  40
26  69  50  60  10   5   0 0.09  0.0    0  8.1 17 210   M    M   8 1      23 220
27  62  51  57   7   8   0 0.11  0.0    0  3.8 14 190   M    M   7 1      15 190
28  64  49  57   7   8   0 0.00  0.0    0  5.5 10 200   M    M   8         M  M
29  65  54  60  10   5   0 0.00  0.0    0  5.9 12 190   M    M  10        12 200
================================================================================
SM 1800 1257       349   0  0.67     0.0 180.3          M      127
================================================================================
AV 62.1 43.3                               6.2 FASTST   M    M   4    MAX(MPH)
                                 MISC ---->  # 20 350               # 30  330
================================================================================
NOTES:
# LAST OF SEVERAL OCCURRENCES

COLUMN 17 PEAK WIND IN M.P.H.

PRELIMINARY LOCAL CLIMATOLOGICAL DATA (WS FORM: F-6) , PAGE 2

                                          STATION:  LAS VEGAS NV
                                          MONTH:    JANUARY
                                          YEAR:     2015
                                          LATITUDE:   36  4 N
                                          LONGITUDE: 115 10 W

[TEMPERATURE DATA]      [PRECIPITATION DATA]       SYMBOLS USED IN COLUMN 16

AVERAGE MONTHLY: 52.7   TOTAL FOR MONTH:   0.67    1 = FOG OR MIST
DPTR FM NORMAL:   4.1   DPTR FM NORMAL:    0.17    2 = FOG REDUCING VISIBILITY
HIGHEST:    73 ON 25, 7 GRTST 24HR  0.46 ON 11-11      TO 1/4 MILE OR LESS
LOWEST:     29 ON  2                               3 = THUNDER
                        SNOW, ICE PELLETS, HAIL    4 = ICE PELLETS
                        TOTAL MONTH:   0.0 INCH    5 = HAIL
                        GRTST 24HR     0.0         6 = FREEZING RAIN OR DRIZZLE
                        GRTST DEPTH:   0           7 = DUSTSTORM OR SANDSTORM:
                                                       VSBY 1/2 MILE OR LESS
                                                   8 = SMOKE OR HAZE
[NO. OF DAYS WITH]      [WEATHER - DAYS WITH]      9 = BLOWING SNOW
                                                   X = TORNADO
MAX 32 OR BELOW:   0    0.01 INCH OR MORE:   4
MAX 90 OR ABOVE:   0    0.10 INCH OR MORE:   2
MIN 32 OR BELOW:   3    0.50 INCH OR MORE:   0
MIN  0 OR BELOW:   0    1.00 INCH OR MORE:   0

[HDD (BASE 65) ]
TOTAL THIS MO.   349    CLEAR  (SCALE 0-3)  11
DPTR FM NORMAL  -126    PTCLDY (SCALE 4-7)  15
TOTAL FM JUL 1   946    CLOUDY (SCALE 8-10)  3
DPTR FM NORMAL  -376

[CDD (BASE 65) ]
TOTAL THIS MO.     0
DPTR FM NORMAL     0    [PRESSURE DATA]
TOTAL FM JAN 1     0    HIGHEST SLP M ON M
DPTR FM NORMAL     0    LOWEST  SLP 27.89 ON 27

[REMARKS]
