000
CXUS54 KOUN 220700
CF6LAW
PRELIMINARY LOCAL CLIMATOLOGICAL DATA (WS FORM: F-6)

                                          STATION:   LAWTON MUNICIPAL
                                          MONTH:     JANUARY
                                          YEAR:      2017
                                          LATITUDE:   34 34 N
                                          LONGITUDE:  98 25 W

  TEMPERATURE IN F:       :PCPN:    SNOW:  WIND      :SUNSHINE: SKY     :PK WND
================================================================================
1   2   3   4   5  6A  6B    7    8   9   10  11  12  13   14  15   16   17  18
                                     12Z  AVG MX 2MIN
DY MAX MIN AVG DEP HDD CDD  WTR  SNW DPTH SPD SPD DIR MIN PSBL S-S WX    SPD DR
================================================================================

 1  62  35  49   9  16   0 0.00  0.0    M  7.7 16 140   M    M   0        20 130
 2  66  38  52  12  13   0 0.08  0.0    0  5.1 17 130   M    M   2 123    22 130
 3  45  30  38  -2  27   0 0.00  0.0    0 17.4 28 360   M    M   7        36  10
 4  39  24  32  -8  33   0 0.00  0.0    0  9.7 20  10   M    M   0        25  20
 5  29  21  25 -15  40   0    T    M    0 18.0 30  10   M    M   5        37  30
 6  24  -3  11 -29  54   0    M    M    M  8.9 22  20   M    M   5 128    28  10
 7  37  -5  16 -24  49   0 0.00  0.0    0  2.3  8  80   M    M   M        11 230
 8  48  14  31  -9  34   0 0.00  0.0    0  9.5 24 170   M    M   0        32 200
 9  66  22  44   4  21   0 0.00  0.0    0 10.4 22 170   M    M   0        28 170
10  71  35  53  13  12   0 0.00  0.0    0  7.1 21 360   M    M   0        25 360
11  83  32  58  18   7   0 0.00  0.0    0 10.4 22 180   M    M   0        32 210
12  65  29  47   7  18   0 0.00  0.0    0 16.0 26  10   M    M   1        34  10
13  40  29  35  -5  30   0 0.02  0.0    0 13.4 22  10   M    M  10 168    26  10
14  34  29  32  -8  33   0 0.04  0.0    0 12.0 18  20   M    M  10 16     21  20
15  45  34  40  -1  25   0 1.25  0.0    0 10.7 23  40   M    M  10 13     28 250
16  55  36  46   5  19   0 0.02  0.0    0  8.9 22 230   M    M   4 1      33 220
17  57  28  43   2  22   0 0.15  0.0    0  4.1 12  30   M    M   3 1      13 280
18  51  36  44   3  21   0 0.00  0.0    0  3.3  9 170   M    M  10 12     11 160
19  68  38  53  12  12   0 0.00  0.0    0  7.3 21 210   M    M   5 12     30 210
20  71  33  52  11  13   0 0.00  0.0    0  9.1 24 240   M    M   0        35 250
21  69  33  51  10  14   0 0.00  0.0    0  5.2 16 170   M    M   4        22 170
================================================================================
SM 1125  568       513   0  1.56     0.0 196.5          M       76
================================================================================
AV 53.6 27.1                               9.4 FASTST   M    M   4    MAX(MPH)
                                 MISC ---->  # 30  10               # 37   30
================================================================================
NOTES:
# LAST OF SEVERAL OCCURRENCES

COLUMN 17 PEAK WIND IN M.P.H.

PRELIMINARY LOCAL CLIMATOLOGICAL DATA (WS FORM: F-6) , PAGE 2

                                          STATION:  LAWTON MUNICIPAL
                                          MONTH:    JANUARY
                                          YEAR:     2017
                                          LATITUDE:   34 34 N
                                          LONGITUDE:  98 25 W

[TEMPERATURE DATA]      [PRECIPITATION DATA]       SYMBOLS USED IN COLUMN 16

AVERAGE MONTHLY: 40.3   TOTAL FOR MONTH:   1.56    1 = FOG OR MIST
DPTR FM NORMAL:  -0.0   DPTR FM NORMAL:    0.85    2 = FOG REDUCING VISIBILITY
HIGHEST:    83 ON 11    GRTST 24HR  1.27 ON 15-16      TO 1/4 MILE OR LESS
LOWEST:     -5 ON  7                               3 = THUNDER
                        SNOW, ICE PELLETS, HAIL    4 = ICE PELLETS
                        TOTAL MONTH:   0.0 INCH    5 = HAIL
                        GRTST 24HR     0.0         6 = FREEZING RAIN OR DRIZZLE
                        GRTST DEPTH:   0           7 = DUSTSTORM OR SANDSTORM:
                                                       VSBY 1/2 MILE OR LESS
                                                   8 = SMOKE OR HAZE
[NO. OF DAYS WITH]      [WEATHER - DAYS WITH]      9 = BLOWING SNOW
                                                   X = TORNADO
MAX 32 OR BELOW:   2    0.01 INCH OR MORE:   6
MAX 90 OR ABOVE:   0    0.10 INCH OR MORE:   2
MIN 32 OR BELOW:  12    0.50 INCH OR MORE:   1
MIN  0 OR BELOW:   2    1.00 INCH OR MORE:   1

[HDD (BASE 65) ]
TOTAL THIS MO.   513    CLEAR  (SCALE 0-3)  10
DPTR FM NORMAL    -4    PTCLDY (SCALE 4-7)   6
TOTAL FM JUL 1  1545    CLOUDY (SCALE 8-10)  4
DPTR FM NORMAL  -283

[CDD (BASE 65) ]
TOTAL THIS MO.     0
DPTR FM NORMAL     0    [PRESSURE DATA]
TOTAL FM JAN 1     0    HIGHEST SLP M ON M
DPTR FM NORMAL     0    LOWEST  SLP 29.32 ON 21

[REMARKS]
