627
CXUS55 KLBF 241200
CF6LBF
PRELIMINARY LOCAL CLIMATOLOGICAL DATA (WS FORM: F-6)

                                          STATION:   NORTH PLATTE
                                          MONTH:     AUGUST
                                          YEAR:      2016
                                          LATITUDE:   41  7 N
                                          LONGITUDE: 100 41 W

  TEMPERATURE IN F:       :PCPN:    SNOW:  WIND      :SUNSHINE: SKY     :PK WND
================================================================================
1   2   3   4   5  6A  6B    7    8   9   10  11  12  13   14  15   16   17  18
                                     12Z  AVG MX 2MIN
DY MAX MIN AVG DEP HDD CDD  WTR  SNW DPTH SPD SPD DIR MIN PSBL S-S WX    SPD DR
================================================================================

 1  90  69  80   6   0  15 0.00  0.0    0  6.0 17  80   M    M   3 123    21  80
 2  90  69  80   6   0  15 0.00  0.0    0  6.7 15 110   M    M   4 1      18 110
 3  92  65  79   5   0  14 0.00  0.0    0  7.3 15 170   M    M   2 12     18 160
 4  81  62  72  -2   0   7 0.00  0.0    0 11.5 33  30   M    M   1        42  30
 5  72  60  66  -8   0   1    T  0.0    0  3.5 10 120   M    M   9        13 120
 6  76  62  69  -5   0   4    T  0.0    0  6.9 15 130   M    M   9        19 100
 7  78  63  71  -3   0   6    T  0.0    0  9.1 16 100   M    M  10 18     19 100
 8  85  65  75   1   0  10 0.00  0.0    0  8.7 20 170   M    M   6 1      27 180
 9  93  68  81   7   0  16 0.00  0.0    0  8.9 18 120   M    M   4 1      23 120
10  96  68  82   9   0  17 0.00  0.0    0  9.6 20 160   M    M   0        23 160
11  91  61  76   3   0  11 0.64  0.0    0  5.0 61 300   M    M   0 13     73 300
12  86  58  72  -1   0   7 0.06  0.0    0  7.5 30 350   M    M   1 13     40 350
13  89  53  71  -2   0   6 0.06  0.0    0  4.1 12  80   M    M   1 13     15  80
14  87  57  72  -1   0   7 0.00  0.0    0  6.4 14 160   M    M   0        20 160
15  93  58  76   3   0  11 0.00  0.0    0  7.4 16 170   M    M   0 1      22 170
16  93  59  76   4   0  11 0.00  0.0    0  6.7 15 280   M    M   1        17 270
17  90  59  75   3   0  10 0.00  0.0    0  8.2 18 110   M    M   0 18     22 120
18  97  56  77   5   0  12 0.00  0.0    0  8.0 23  10   M    M   2 123    30  10
19  75  57  66  -6   0   1 0.04  0.0    0  9.8 20 350   M    M   7 13     28 340
20  75  45  60 -12   5   0 0.00  0.0    0  7.8 17 310   M    M   1        22 290
21  89  43  66  -6   0   1 0.00  0.0    0  7.9 20 170   M    M   0        27 190
22  94  64  79   8   0  14 0.00  0.0    0 12.3 26 180   M    M   0        35 180
23  92  55  74   3   0   9 0.00  0.0    0  7.6 24 180   M    M   1        32 190
================================================================================
SM 2004 1376         5 205  0.80     0.0 176.9          M       62
================================================================================
AV 87.1 59.8                               7.7 FASTST   M    M   3    MAX(MPH)
                                 MISC ---->  # 61 300               # 73  300
================================================================================
NOTES:
# LAST OF SEVERAL OCCURRENCES

COLUMN 17 PEAK WIND IN M.P.H.

PRELIMINARY LOCAL CLIMATOLOGICAL DATA (WS FORM: F-6) , PAGE 2

                                          STATION:  NORTH PLATTE
                                          MONTH:    AUGUST
                                          YEAR:     2016
                                          LATITUDE:   41  7 N
                                          LONGITUDE: 100 41 W

[TEMPERATURE DATA]      [PRECIPITATION DATA]       SYMBOLS USED IN COLUMN 16

AVERAGE MONTHLY: 73.5   TOTAL FOR MONTH:   0.80    1 = FOG OR MIST
DPTR FM NORMAL:   0.5   DPTR FM NORMAL:   -1.06    2 = FOG REDUCING VISIBILITY
HIGHEST:    97 ON 18    GRTST 24HR  0.70 ON 11-12      TO 1/4 MILE OR LESS
LOWEST:     43 ON 21                               3 = THUNDER
                        SNOW, ICE PELLETS, HAIL    4 = ICE PELLETS
                        TOTAL MONTH:   0.0 INCH    5 = HAIL
                        GRTST 24HR     0.0         6 = FREEZING RAIN OR DRIZZLE
                        GRTST DEPTH:   0           7 = DUSTSTORM OR SANDSTORM:
                                                       VSBY 1/2 MILE OR LESS
                                                   8 = SMOKE OR HAZE
[NO. OF DAYS WITH]      [WEATHER - DAYS WITH]      9 = BLOWING SNOW
                                                   X = TORNADO
MAX 32 OR BELOW:   0    0.01 INCH OR MORE:   4
MAX 90 OR ABOVE:  12    0.10 INCH OR MORE:   1
MIN 32 OR BELOW:   0    0.50 INCH OR MORE:   1
MIN  0 OR BELOW:   0    1.00 INCH OR MORE:   0

[HDD (BASE 65) ]
TOTAL THIS MO.     5    CLEAR  (SCALE 0-3)  16
DPTR FM NORMAL     3    PTCLDY (SCALE 4-7)   4
TOTAL FM JUL 1    11    CLOUDY (SCALE 8-10)  3
DPTR FM NORMAL     4

[CDD (BASE 65) ]
TOTAL THIS MO.   205
DPTR FM NORMAL    16    [PRESSURE DATA]
TOTAL FM JAN 1   767    HIGHEST SLP M ON M
DPTR FM NORMAL   119    LOWEST  SLP 29.71 ON M

[REMARKS]
