000
CXUS52 KILM 301000
CF6LBT
PRELIMINARY LOCAL CLIMATOLOGICAL DATA (WS FORM: F-6)

                                          STATION:   LUMBERTON NC
                                          MONTH:     AUGUST
                                          YEAR:      2015
                                          LATITUDE:   34 35 N
                                          LONGITUDE:  79  4 W

  TEMPERATURE IN F:       :PCPN:    SNOW:  WIND      :SUNSHINE: SKY     :PK WND
================================================================================
1   2   3   4   5  6A  6B    7    8   9   10  11  12  13   14  15   16   17  18
                                     12Z  AVG MX 2MIN
DY MAX MIN AVG DEP HDD CDD  WTR  SNW DPTH SPD SPD DIR MIN PSBL S-S WX    SPD DR
================================================================================

 1  98  70  84   3   0  19 0.00    M    M  3.8 10 220   M    M   3 1      17 210
 2  98  69  84   3   0  19 0.00    M    M  5.1 15 160   M    M   1 1      21 170
 3  93  73  83   3   0  18 0.00    M    M  5.5 18 190   M    M   3 1      23 190
 4  94  75  85   5   0  20 0.00    M    M  6.7 16 120   M    M   2        23  70
 5  99  75  87   7   0  22    T    M    M  3.5 18 190   M    M   1 13     24 190
 6  99  73  86   6   0  21 1.17    M    M  6.2 30 290   M    M   5 138    38 300
 7  84  72  78  -2   0  13 0.73    M    M  6.4 15 340   M    M   8 18     18 350
 8  88  71  80   0   0  15 0.00    M    M  7.7 15  40   M    M   7 1      21 360
 9  89  68  79  -1   0  14 0.00    M    M  4.7 14  30   M    M   0        17  80
10  89  69  79  -1   0  14 0.00    M    M  3.7 12 150   M    M   2        15 150
11  87  73  80   0   0  15 0.04    M    M  6.4 17 230   M    M   5 1      22 190
12  92  69  81   1   0  16 0.00    M    M  4.1 15  40   M    M   1 1      20  40
13  91  65  78  -2   0  13 0.00    M    M  3.4 13  80   M    M   0 18     16  80
14  92  66  79   0   0  14 0.00    M    M  4.3 12  80   M    M   0        15  60
15  92  66  79   0   0  14 0.00    M    M  2.6  9 180   M    M   1 1      16 190
16  92  67  80   1   0  15 0.00    M    M  2.7  8 160   M    M   0 1      12 300
17  94  68  81   2   0  16 0.00    M    M  3.7 14 190   M    M   0 1      19 200
18  87  74  81   2   0  16 0.08    M    M  3.1 12 200   M    M   4 1      19 180
19  95  75  85   6   0  20 0.23    M    M  4.9 22 210   M    M   4 13     31 210
20  92  73  83   4   0  18    T    M    M  3.9 21 260   M    M   1 13     28 200
21  94  73  84   6   0  19 0.00    M    M  4.6 18  10   M    M   3 123    22  20
22  91  71  81   3   0  16 0.00    M    M  5.5 13  50   M    M   2        16  40
23  90  65  78   0   0  13    T    M    M  2.8  9  30   M    M   1        12  20
24  94  74  84   6   0  19 0.00    M    M  4.2 14 190   M    M   4 13     19  30
25  92  74  83   5   0  18 0.18    M    M  2.3 14 330   M    M   7 138    17 330
26  89  69  79   1   0  14 1.06    M    M  7.0 22 360   M    M   2 13     27  10
27  84  71  78   0   0  13 0.00    M    M  8.9 17  50   M    M   8        24  60
28  86  65  76  -1   0  11 0.00    M    M  6.3 16  30   M    M   0        21  40
29  87  63  75  -2   0  10 0.00    M    M  3.6 13  20   M    M   0        16  20
================================================================================
SM 2652 2036         0 465  3.49    M    137.6          M       75
================================================================================
AV 91.4 70.2                               4.7 FASTST   M    M   3    MAX(MPH)
                                 MISC ---->  # 30 290               # 38  300
================================================================================
NOTES:
# LAST OF SEVERAL OCCURRENCES

COLUMN 17 PEAK WIND IN M.P.H.

PRELIMINARY LOCAL CLIMATOLOGICAL DATA (WS FORM: F-6) , PAGE 2

                                          STATION:  LUMBERTON NC
                                          MONTH:    AUGUST
                                          YEAR:     2015
                                          LATITUDE:   34 35 N
                                          LONGITUDE:  79  4 W

[TEMPERATURE DATA]      [PRECIPITATION DATA]       SYMBOLS USED IN COLUMN 16

AVERAGE MONTHLY: 80.8   TOTAL FOR MONTH:   3.49    1 = FOG OR MIST
DPTR FM NORMAL:   1.7   DPTR FM NORMAL:   -1.71    2 = FOG REDUCING VISIBILITY
HIGHEST:    99 ON  6, 5 GRTST 24HR  1.90 ON  6- 7      TO 1/4 MILE OR LESS
LOWEST:     63 ON 29                               3 = THUNDER
                        SNOW, ICE PELLETS, HAIL    4 = ICE PELLETS
                        TOTAL MONTH:    M          5 = HAIL
                        GRTST 24HR    M  ON   M    6 = FREEZING RAIN OR DRIZZLE
                        GRTST DEPTH:  M  ON   M    7 = DUSTSTORM OR SANDSTORM:
                                                       VSBY 1/2 MILE OR LESS
                                                   8 = SMOKE OR HAZE
[NO. OF DAYS WITH]      [WEATHER - DAYS WITH]      9 = BLOWING SNOW
                                                   X = TORNADO
MAX 32 OR BELOW:   0    0.01 INCH OR MORE:   7
MAX 90 OR ABOVE:  19    0.10 INCH OR MORE:   5
MIN 32 OR BELOW:   0    0.50 INCH OR MORE:   3
MIN  0 OR BELOW:   0    1.00 INCH OR MORE:   2

[HDD (BASE 65) ]
TOTAL THIS MO.     0    CLEAR  (SCALE 0-3)  20
DPTR FM NORMAL     0    PTCLDY (SCALE 4-7)   9
TOTAL FM JUL 1     0    CLOUDY (SCALE 8-10)  0
DPTR FM NORMAL     0

[CDD (BASE 65) ]
TOTAL THIS MO.   465
DPTR FM NORMAL    56    [PRESSURE DATA]
TOTAL FM JAN 1  1918    HIGHEST SLP 30.06 ON 17
DPTR FM NORMAL   371    LOWEST  SLP  0.00 ON 10

[REMARKS]
