000
CXUS52 KMLB 011118
CF6LEE
PRELIMINARY LOCAL CLIMATOLOGICAL DATA (WS FORM: F-6)

                                          STATION:   LEESBURG
                                          MONTH:     SEPTEMBER
                                          YEAR:      2014
                                          LATITUDE:   28 49 N
                                          LONGITUDE:  81 49 W

  TEMPERATURE IN F:       :PCPN:    SNOW:  WIND      :SUNSHINE: SKY     :PK WND
================================================================================
1   2   3   4   5  6A  6B    7    8   9   10  11  12  13   14  15   16   17  18
                                     12Z  AVG MX 2MIN
DY MAX MIN AVG DEP HDD CDD  WTR  SNW DPTH SPD SPD DIR MIN PSBL S-S WX    SPD DR
================================================================================

 1  95  77  86   4   0  21 0.17  0.0    0  4.2 20  40   M    M   1 13     25  40
 2  95  77  86   4   0  21 0.00  0.0    0  5.7 15 130   M    M   0        20 130
 3  95  78  87   5   0  22    T  0.0    0  6.0 22 110   M    M   2        26 120
 4  91  75  83   1   0  18 0.00  0.0    0  4.7 15 110   M    M   2 3      18 100
 5  91  75  83   1   0  18 0.87  0.0    0  5.2 23 280   M    M   3 123    33 270
 6  89  75  82   0   0  17 0.00  0.0    0  4.8 20 150   M    M   2        25 130
 7  86  75  81  -1   0  16 0.39  0.0    0  4.7 16 190   M    M   3 13     22 190
 8  90  76  83   1   0  18 0.00  0.0    0  4.7 15 120   M    M   3 3      20 120
 9  90  75  83   1   0  18 0.00  0.0    0  5.2 20  20   M    M   1 3      24  20
10  93  73  83   1   0  18    T  0.0    0  6.2 18  90   M    M   2        25  90
11  94  75  85   3   0  20 0.00  0.0    0  4.3 15  60   M    M   2 8      18 110
12  93  74  84   2   0  19 0.02  0.0    0  8.5 23  50   M    M   2 3      27  30
13  93  77  85   3   0  20 0.16  0.0    0  6.0 15  80   M    M   2        20 130
14  92  76  84   3   0  19 0.06  0.0    0  6.6 15 230   M    M   2 1      20 200
15  93  75  84   3   0  19    T  0.0    0  5.0 15  10   M    M   3 3      20 340
16  86  76  81   0   0  16    T  0.0    0  4.8 20 290   M    M   2        27 280
17  86  74  80  -1   0  15 0.00  0.0    0  3.5  8 170   M    M   3        11 350
18  92  72  82   1   0  17 0.02  0.0    0  3.5 16  20   M    M   3 13     21  30
19  83  72  78  -3   0  13 0.11  0.0    0  4.1 17 100   M    M   4        24 100
20  87  71  79  -2   0  14 0.12  0.0    0  6.9 22  10   M    M   4 1      28  20
21  89  69  79  -2   0  14 0.00  0.0    0  5.3 13 110   M    M   2        17 120
22  87  73  80   0   0  15 0.19  0.0    0  5.4 25 180   M    M   4 138    32 190
23  85  73  79  -1   0  14 0.01  0.0    0  6.3 16  20   M    M   6 8      21  30
24  80  68  74  -6   0   9 0.00  0.0    0  9.1 16  50   M    M   8        20  30
25  87  68  78  -2   0  13 0.00  0.0    0  8.9 14  40   M    M   8 18     17  40
26  85  70  78  -2   0  13 1.15  0.0    0  6.2 20 120   M    M   5 138    26 120
27  88  75  82   2   0  17 0.59  0.0    0  6.3 20 180   M    M   7 13     25 180
28  89  74  82   2   0  17 0.77  0.0    0  5.6 18 230   M    M   5 13     23 230
29  85  74  80   1   0  15 3.72  0.0    0  3.9 18 350   M    M   7 13     22 170
30  87  73  80   1   0  15 0.23  0.0    0  4.1 14 310   M    M   8 13     20 320
================================================================================
SM 2676 2215         0 501  8.58     0.0 165.7          M      106
================================================================================
AV 89.2 73.8                               5.5 FASTST   M    M   4    MAX(MPH)
                                 MISC ---->  # 25 180               # 33  270
================================================================================
NOTES:
# LAST OF SEVERAL OCCURRENCES

COLUMN 17 PEAK WIND IN M.P.H.

PRELIMINARY LOCAL CLIMATOLOGICAL DATA (WS FORM: F-6) , PAGE 2

                                          STATION:  LEESBURG
                                          MONTH:    SEPTEMBER
                                          YEAR:     2014
                                          LATITUDE:   28 49 N
                                          LONGITUDE:  81 49 W

[TEMPERATURE DATA]      [PRECIPITATION DATA]       SYMBOLS USED IN COLUMN 16

AVERAGE MONTHLY: 81.5   TOTAL FOR MONTH:   8.58    1 = FOG OR MIST
DPTR FM NORMAL:   0.4   DPTR FM NORMAL:    2.43    2 = FOG REDUCING VISIBILITY
HIGHEST:    95 ON  3, 2 GRTST 24HR  4.45 ON 28-29      TO 1/4 MILE OR LESS
LOWEST:     68 ON 25,24                            3 = THUNDER
                        SNOW, ICE PELLETS, HAIL    4 = ICE PELLETS
                        TOTAL MONTH:   0.0 INCH    5 = HAIL
                        GRTST 24HR     0.0         6 = FREEZING RAIN OR DRIZZLE
                        GRTST DEPTH:   0           7 = DUSTSTORM OR SANDSTORM:
                                                       VSBY 1/2 MILE OR LESS
                                                   8 = SMOKE OR HAZE
[NO. OF DAYS WITH]      [WEATHER - DAYS WITH]      9 = BLOWING SNOW
                                                   X = TORNADO
MAX 32 OR BELOW:   0    0.01 INCH OR MORE:  16
MAX 90 OR ABOVE:  14    0.10 INCH OR MORE:  12
MIN 32 OR BELOW:   0    0.50 INCH OR MORE:   5
MIN  0 OR BELOW:   0    1.00 INCH OR MORE:   2

[HDD (BASE 65) ]
TOTAL THIS MO.     0    CLEAR  (SCALE 0-3)  16
DPTR FM NORMAL     0    PTCLDY (SCALE 4-7)  14
TOTAL FM JUL 1     0    CLOUDY (SCALE 8-10)  0
DPTR FM NORMAL     0

[CDD (BASE 65) ]
TOTAL THIS MO.   501
DPTR FM NORMAL    20    [PRESSURE DATA]
TOTAL FM JAN 1  3059    HIGHEST SLP 30.18 ON 15
DPTR FM NORMAL   218    LOWEST  SLP 29.82 ON 30

[REMARKS]
#FINAL-09-14#
