000
CXUS52 KMLB 240626
CF6LEE
PRELIMINARY LOCAL CLIMATOLOGICAL DATA (WS FORM: F-6)

                                          STATION:   LEESBURG
                                          MONTH:     JUNE
                                          YEAR:      2017
                                          LATITUDE:   28 49 N
                                          LONGITUDE:  81 49 W

  TEMPERATURE IN F:       :PCPN:    SNOW:  WIND      :SUNSHINE: SKY     :PK WND
================================================================================
1   2   3   4   5  6A  6B    7    8   9   10  11  12  13   14  15   16   17  18
                                     12Z  AVG MX 2MIN
DY MAX MIN AVG DEP HDD CDD  WTR  SNW DPTH SPD SPD DIR MIN PSBL S-S WX    SPD DR
================================================================================

 1  92  73  83   3   0  18 0.03  0.0    0  4.6 17 190   M    M   1 3      26 190
 2  86  73  80  -1   0  15 0.03  0.0    0  5.0 18 120   M    M   6        25 170
 3  89  72  81   0   0  16 1.54  0.0    0  5.2 15 360   M    M   6 13     21 350
 4  82  73  78  -3   0  13 0.02  0.0    0  4.7 15 190   M    M   5 1      19 150
 5  85  75  80  -1   0  15 0.01  0.0    0  7.4 14 180   M    M   6        19 180
 6  82  71  77  -4   0  12 2.15  0.0    0  9.0 18 220   M    M   6 13     25 230
 7  80  73  77  -4   0  12 0.60  0.0    0 10.3 20 210   M    M   8 13     25 210
 8  84  71  78  -3   0  13 0.80  0.0    0  7.5 16  40   M    M   8 13     21  40
 9  89  69  79  -2   0  14 0.00  0.0    0  7.1 16  60   M    M   3        21 100
10  90  74  82   0   0  17    T  0.0    0  6.4 25 190   M    M   4 3      35 190
11  91  74  83   1   0  18 0.10  0.0    0  4.8 26 130   M    M   1 13     32 130
12  89  74  82   0   0  17 0.00  0.0    0  5.3 23  60   M    M   2        31  60
13  89  74  82   0   0  17 0.27  0.0    0  4.0 24 120   M    M   6 13     31 110
14  90  72  81  -1   0  16 0.00  0.0    0  4.2 21 140   M    M   3 123    30 160
15  90  73  82   0   0  17 0.27  0.0    0  5.4 24 140   M    M   1 13     33 130
16  86  73  80  -2   0  15 0.39  0.0    0  5.6 18 290   M    M   3 13     24 290
17  92  74  83   1   0  18 0.00  0.0    0  5.7 17 120   M    M   3 3      21 130
18  93  75  84   2   0  19    T  0.0    0  8.0 29 140   M    M   2 3      39 140
19  91  75  83   1   0  18 0.14  0.0    0  6.4 24 150   M    M   2 13     35 160
20  90  76  83   1   0  18 0.00  0.0    0  9.7 17 100   M    M   1 3      23 140
21  93  75  84   2   0  19 0.81  0.0    0  7.5 32 190   M    M   4 13     47 190
22  94  77  86   4   0  21 0.00  0.0    0  7.2 15 140   M    M   4        21 130
23  93  76  85   3   0  20 0.06  0.0    0  5.8 18 240   M    M   1 1      24 230
================================================================================
SM 2040 1692         0 378  7.22     0.0 146.8          M       86
================================================================================
AV 88.7 73.6                               6.4 FASTST   M    M   4    MAX(MPH)
                                 MISC ---->  # 32 190               # 47  190
================================================================================
NOTES:
# LAST OF SEVERAL OCCURRENCES

COLUMN 17 PEAK WIND IN M.P.H.

PRELIMINARY LOCAL CLIMATOLOGICAL DATA (WS FORM: F-6) , PAGE 2

                                          STATION:  LEESBURG
                                          MONTH:    JUNE
                                          YEAR:     2017
                                          LATITUDE:   28 49 N
                                          LONGITUDE:  81 49 W

[TEMPERATURE DATA]      [PRECIPITATION DATA]       SYMBOLS USED IN COLUMN 16

AVERAGE MONTHLY: 81.1   TOTAL FOR MONTH:   7.22    1 = FOG OR MIST
DPTR FM NORMAL:  -0.4   DPTR FM NORMAL:    1.15    2 = FOG REDUCING VISIBILITY
HIGHEST:    94 ON 22    GRTST 24HR  2.15 ON  6- 6      TO 1/4 MILE OR LESS
LOWEST:     69 ON  9                               3 = THUNDER
                        SNOW, ICE PELLETS, HAIL    4 = ICE PELLETS
                        TOTAL MONTH:   0.0 INCH    5 = HAIL
                        GRTST 24HR     0.0         6 = FREEZING RAIN OR DRIZZLE
                        GRTST DEPTH:   0           7 = DUSTSTORM OR SANDSTORM:
                                                       VSBY 1/2 MILE OR LESS
                                                   8 = SMOKE OR HAZE
[NO. OF DAYS WITH]      [WEATHER - DAYS WITH]      9 = BLOWING SNOW
                                                   X = TORNADO
MAX 32 OR BELOW:   0    0.01 INCH OR MORE:  15
MAX 90 OR ABOVE:  12    0.10 INCH OR MORE:  10
MIN 32 OR BELOW:   0    0.50 INCH OR MORE:   5
MIN  0 OR BELOW:   0    1.00 INCH OR MORE:   2

[HDD (BASE 65) ]
TOTAL THIS MO.     0    CLEAR  (SCALE 0-3)  10
DPTR FM NORMAL     0    PTCLDY (SCALE 4-7)  12
TOTAL FM JUL 1   279    CLOUDY (SCALE 8-10)  1
DPTR FM NORMAL  -423

[CDD (BASE 65) ]
TOTAL THIS MO.   378
DPTR FM NORMAL    -2    [PRESSURE DATA]
TOTAL FM JAN 1  1444    HIGHEST SLP M ON M
DPTR FM NORMAL   312    LOWEST  SLP 29.69 ON M

[REMARKS]
