000
CXUS53 KLMK 220800
CF6LEX
PRELIMINARY LOCAL CLIMATOLOGICAL DATA (WS FORM: F-6)

                                          STATION:   LEXINGTON KY
                                          MONTH:     JANUARY
                                          YEAR:      2018
                                          LATITUDE:   38  1 N
                                          LONGITUDE:  84 36 W

  TEMPERATURE IN F:       :PCPN:    SNOW:  WIND      :SUNSHINE: SKY     :PK WND
================================================================================
1   2   3   4   5  6A  6B    7    8   9   10  11  12  13   14  15   16   17  18
                                     12Z  AVG MX 2MIN
DY MAX MIN AVG DEP HDD CDD  WTR  SNW DPTH SPD SPD DIR MIN PSBL S-S WX    SPD DR
================================================================================

 1  18   3  11 -22  54   0    T    T    0  7.2 15 270   M    M   4 8      22 290
 2  20  -3   9 -24  56   0 0.00  0.0    0  3.3  8 230   M    M   0        12 220
 3  31   4  18 -15  47   0 0.00  0.0    0  8.6 17 210   M    M   3        23 210
 4  23   8  16 -17  49   0    T  0.1    T 10.5 17 280   M    M   9 8      25 270
 5  19   5  12 -21  53   0 0.00  0.0    0  5.7 14 260   M    M   5        18 270
 6  22  -2  10 -23  55   0 0.00  0.0    0  2.4  8 100   M    M   0        11  20
 7  42  10  26  -7  39   0    T  0.0    0 10.8 16 160   M    M   3        25 170
 8  38  35  37   4  28   0 0.28  0.0    0  7.5 15 190   M    M  10 12     22 180
 9  47  35  41   8  24   0 0.00  0.0    0  4.4  9 140   M    M   9 12     12 140
10  65  40  53  20  12   0    T  0.0    0 10.9 24 190   M    M   7 1      34 180
11  66  52  59  26   6   0 0.09  0.0    0 11.3 24 170   M    M   8 1      35 180
12  59  22  41   8  24   0 0.34  0.5    0 13.9 30 350   M    M  10 16     39 330
13  22   9  16 -17  49   0 0.04  0.7    2  9.6 23 350   M    M   8 1      35 360
14  22   1  12 -21  53   0 0.00  0.0    1  4.3 15  60   M    M   0        18  60
15  37  19  28  -5  37   0 0.06  1.1    1 10.3 23 250   M    M   9 18     31 260
16  23   4  14 -19  51   0 0.17  3.5    3  6.3 16 300   M    M   8 18     22 300
17  17   6  12 -21  53   0 0.01  0.2    4  6.0 12 290   M    M   7 18     16 280
18  28   6  17 -16  48   0 0.00  0.0    4 10.7 20 210   M    M   0        26 230
19  40  19  30  -3  35   0 0.00  0.0    3 12.1 18 210   M    M   0        26 200
20  50  33  42   9  23   0 0.00  0.0    3 11.4 17 230   M    M   7        26 230
21  59  48  54  21  11   0    T  0.0    0  9.4 15 210   M    M   9        19 170
================================================================================
SM  748  354       807   0  0.99     6.1 176.6          M      116
================================================================================
AV 35.6 16.9                               8.4 FASTST   M    M   6    MAX(MPH)
                                 MISC ---->  # 30 350               # 39  330
================================================================================
NOTES:
# LAST OF SEVERAL OCCURRENCES

COLUMN 17 PEAK WIND IN M.P.H.

PRELIMINARY LOCAL CLIMATOLOGICAL DATA (WS FORM: F-6) , PAGE 2

                                          STATION:  LEXINGTON KY
                                          MONTH:    JANUARY
                                          YEAR:     2018
                                          LATITUDE:   38  1 N
                                          LONGITUDE:  84 36 W

[TEMPERATURE DATA]      [PRECIPITATION DATA]       SYMBOLS USED IN COLUMN 16

AVERAGE MONTHLY: 26.2   TOTAL FOR MONTH:   0.99    1 = FOG OR MIST
DPTR FM NORMAL:  -6.8   DPTR FM NORMAL:   -1.17    2 = FOG REDUCING VISIBILITY
HIGHEST:    66 ON 11    GRTST 24HR  0.34 ON 12-12      TO 1/4 MILE OR LESS
LOWEST:     -3 ON  2                               3 = THUNDER
                        SNOW, ICE PELLETS, HAIL    4 = ICE PELLETS
                        TOTAL MONTH:   6.1 INCHES  5 = HAIL
                        GRTST 24HR   3.5 ON 16-16  6 = FREEZING RAIN OR DRIZZLE
                        GRTST DEPTH:   4 ON 18,17  7 = DUSTSTORM OR SANDSTORM:
                                                       VSBY 1/2 MILE OR LESS
                                                   8 = SMOKE OR HAZE
[NO. OF DAYS WITH]      [WEATHER - DAYS WITH]      9 = BLOWING SNOW
                                                   X = TORNADO
MAX 32 OR BELOW:  11    0.01 INCH OR MORE:   7
MAX 90 OR ABOVE:   0    0.10 INCH OR MORE:   3
MIN 32 OR BELOW:  15    0.50 INCH OR MORE:   0
MIN  0 OR BELOW:   2    1.00 INCH OR MORE:   0

[HDD (BASE 65) ]
TOTAL THIS MO.   807    CLEAR  (SCALE 0-3)   6
DPTR FM NORMAL   135    PTCLDY (SCALE 4-7)   9
TOTAL FM JUL 1  2511    CLOUDY (SCALE 8-10)  6
DPTR FM NORMAL    51

[CDD (BASE 65) ]
TOTAL THIS MO.     0
DPTR FM NORMAL     0    [PRESSURE DATA]
TOTAL FM JAN 1     0    HIGHEST SLP M ON M
DPTR FM NORMAL     0    LOWEST  SLP 29.63 ON 12

[REMARKS]
