000
CXUS54 KLCH 200610
CF6LFT
PRELIMINARY LOCAL CLIMATOLOGICAL DATA (WS FORM: F-6)

                                          STATION:   LAFAYETTE
                                          MONTH:     DECEMBER
                                          YEAR:      2014
                                          LATITUDE:   30 12 N
                                          LONGITUDE:  92  0 W

  TEMPERATURE IN F:       :PCPN:    SNOW:  WIND      :SUNSHINE: SKY     :PK WND
================================================================================
1   2   3   4   5  6A  6B    7    8   9   10  11  12  13   14  15   16   17  18
                                     12Z  AVG MX 2MIN
DY MAX MIN AVG DEP HDD CDD  WTR  SNW DPTH SPD SPD DIR MIN PSBL S-S WX    SPD DR
================================================================================

 1  79  52  66   9   0   1 0.00  0.0    0  3.9 15 220   M    M   6 12     19 210
 2  66  49  58   1   7   0    T  0.0    0  7.4 13  20   M    M   5 1      16  30
 3  74  45  60   3   5   0 0.00  0.0    0  4.4  9  30   M    M   2        10  40
 4  73  56  65   9   0   0 0.00  0.0    0  2.1  7  80   M    M   8 128     9  80
 5  79  64  72  16   0   7 0.00  0.0    0  7.0 20 190   M    M   8 12     26 200
 6  81  58  70  14   0   5 0.00  0.0    0  9.2 21  10   M    M   9 12     27  20
 7  61  47  54  -2  11   0 0.00  0.0    0  9.3 17  40   M    M   2        21  20
 8  65  42  54  -2  11   0 0.00  0.0    0  6.3 15  30   M    M   0        21 360
 9  70  41  56   1   9   0 0.00  0.0    0  3.3 13 330   M    M   0 18     17 360
10  63  40  52  -3  13   0 0.00  0.0    0  4.6  9 340   M    M   0        13  50
11  66  43  55   0  10   0 0.00  0.0    0  2.4  8  30   M    M   3        11  20
12  70  45  58   3   7   0 0.00  0.0    0  1.6  9 180   M    M   6 18     11 180
13  74  49  62   7   3   0 0.00  0.0    0  1.7  8 200   M    M   3 18     10  80
14  72  47  60   6   5   0 0.00  0.0    0  4.5 14 190   M    M   2 12     19 170
15  77  60  69  15   0   4 0.06  0.0    0 10.4 25 220   M    M   8 1      31 210
16  66  45  56   2   9   0 0.00  0.0    0  8.6 20 330   M    M   2        25 330
17  61  39  50  -4  15   0 0.00  0.0    0  2.2 12  70   M    M   1        16  80
18  67  48  58   4   7   0 0.00    M    0  3.8 10  20   M    M   8 1      13  40
19   M   M   M   M   M   M    M    M    M   M   M   M   M    M   M 1       M  M
================================================================================
SM 1264  870       112  17  0.06     0.0  92.7          M       73
================================================================================
AV 70.2 48.3                               5.1 FASTST   M    M   4    MAX(MPH)
                                 MISC ---->  # 25 220               # 31  210
================================================================================
NOTES:
# LAST OF SEVERAL OCCURRENCES

COLUMN 17 PEAK WIND IN M.P.H.

PRELIMINARY LOCAL CLIMATOLOGICAL DATA (WS FORM: F-6) , PAGE 2

                                          STATION:  LAFAYETTE
                                          MONTH:    DECEMBER
                                          YEAR:     2014
                                          LATITUDE:   30 12 N
                                          LONGITUDE:  92  0 W

[TEMPERATURE DATA]      [PRECIPITATION DATA]       SYMBOLS USED IN COLUMN 16

AVERAGE MONTHLY: 59.3   TOTAL FOR MONTH:   0.06    1 = FOG OR MIST
DPTR FM NORMAL:   4.0   DPTR FM NORMAL:   -3.28    2 = FOG REDUCING VISIBILITY
HIGHEST:    81 ON  6    GRTST 24HR  0.67 ON 18-19      TO 1/4 MILE OR LESS
LOWEST:     39 ON 17                               3 = THUNDER
                        SNOW, ICE PELLETS, HAIL    4 = ICE PELLETS
                        TOTAL MONTH:   0.0 INCH    5 = HAIL
                        GRTST 24HR     0.0         6 = FREEZING RAIN OR DRIZZLE
                        GRTST DEPTH:   0           7 = DUSTSTORM OR SANDSTORM:
                                                       VSBY 1/2 MILE OR LESS
                                                   8 = SMOKE OR HAZE
[NO. OF DAYS WITH]      [WEATHER - DAYS WITH]      9 = BLOWING SNOW
                                                   X = TORNADO
MAX 32 OR BELOW:   0    0.01 INCH OR MORE:   1
MAX 90 OR ABOVE:   0    0.10 INCH OR MORE:   0
MIN 32 OR BELOW:   0    0.50 INCH OR MORE:   0
MIN  0 OR BELOW:   0    1.00 INCH OR MORE:   0

[HDD (BASE 65) ]
TOTAL THIS MO.   112    CLEAR  (SCALE 0-3)  10
DPTR FM NORMAL   -90    PTCLDY (SCALE 4-7)   7
TOTAL FM JUL 1   413    CLOUDY (SCALE 8-10)  1
DPTR FM NORMAL    12

[CDD (BASE 65) ]
TOTAL THIS MO.    17
DPTR FM NORMAL    -2    [PRESSURE DATA]
TOTAL FM JAN 1  2759    HIGHEST SLP M ON M
DPTR FM NORMAL  -212    LOWEST  SLP 29.94 ON 15

[REMARKS]
