099
CXUS54 KLCH 222010
CF6LFT
PRELIMINARY LOCAL CLIMATOLOGICAL DATA (WS FORM: F-6)

                                          STATION:   LAFAYETTE
                                          MONTH:     MAY
                                          YEAR:      2015
                                          LATITUDE:   30 12 N
                                          LONGITUDE:  92  0 W

  TEMPERATURE IN F:       :PCPN:    SNOW:  WIND      :SUNSHINE: SKY     :PK WND
================================================================================
1   2   3   4   5  6A  6B    7    8   9   10  11  12  13   14  15   16   17  18
                                     12Z  AVG MX 2MIN
DY MAX MIN AVG DEP HDD CDD  WTR  SNW DPTH SPD SPD DIR MIN PSBL S-S WX    SPD DR
================================================================================

 1  85  61  73   0   0   8 0.00  0.0    0  3.8 16 360   M    M   2        20 360
 2  84  60  72  -1   0   7 0.00  0.0    0  2.5  8 230   M    M   4        11 210
 3  83  62  73  -1   0   8 0.00  0.0    0  2.3 12 190   M    M   3 1      15 160
 4  84  61  73  -1   0   8 0.05  0.0    0  3.7 16 120   M    M   2 13     25 130
 5  84  65  75   1   0  10 0.00  0.0    0  6.1 14 170   M    M   2        23 160
 6  84  63  74   0   0   9 0.01  0.0    0  4.2 13 200   M    M   3 1      16 160
 7  87  68  78   3   0  13 0.00  0.0    0  7.3 20 190   M    M   4 1      27 210
 8  88  71  80   5   0  15 0.00  0.0    0  7.1 17 200   M    M   3        24 200
 9  88  74  81   6   0  16 0.00  0.0    0  8.1 17 180   M    M   4        27 190
10  88  73  81   6   0  16 0.00  0.0    0  8.6 20 170   M    M   5 1      27 170
11  85  64  75  -1   0  10 1.59  0.0    0  5.7 36 330   M    M   8 138    49 320
12  83  68  76   0   0  11 0.29  0.0    0  5.8 15 360   M    M   5 138    18  10
13  83  68  76   0   0  11    T  0.0    0  3.5 12  90   M    M   2 13     19  90
14  88  69  79   3   0  14 0.00  0.0    0  3.1 12 130   M    M   1        17 160
15  86  73  80   4   0  15 0.23  0.0    0  4.6 13 170   M    M   5 13     18  80
16  87  71  79   2   0  14 0.27  0.0    0  6.4 18 190   M    M   6 13     26 190
17  87  76  82   5   0  17 0.00  0.0    0  7.8 18 180   M    M   5 1      26 170
18  88  68  78   1   0  13 0.57  0.0    0  5.6 24 360   M    M   4 138    31 360
19  86  70  78   1   0  13 0.02  0.0    0  1.6  8 130   M    M   7 123    14 110
20  86  72  79   1   0  14 0.92  0.0    0  3.1 18 160   M    M   1 13     28 140
21  89  65  77  -1   0  12    T  0.0    0  5.9 35 320   M    M   3 138    42 320
================================================================================
SM 1803 1422         0 254  3.95     0.0 106.8          M       79
================================================================================
AV 85.9 67.7                               5.1 FASTST   M    M   4    MAX(MPH)
                                 MISC ---->  # 36 330               # 49  320
================================================================================
NOTES:
# LAST OF SEVERAL OCCURRENCES

COLUMN 17 PEAK WIND IN M.P.H.

PRELIMINARY LOCAL CLIMATOLOGICAL DATA (WS FORM: F-6) , PAGE 2

                                          STATION:  LAFAYETTE
                                          MONTH:    MAY
                                          YEAR:     2015
                                          LATITUDE:   30 12 N
                                          LONGITUDE:  92  0 W

[TEMPERATURE DATA]      [PRECIPITATION DATA]       SYMBOLS USED IN COLUMN 16

AVERAGE MONTHLY: 76.8   TOTAL FOR MONTH:   3.95    1 = FOG OR MIST
DPTR FM NORMAL:   1.3   DPTR FM NORMAL:    0.88    2 = FOG REDUCING VISIBILITY
HIGHEST:    89 ON 21    GRTST 24HR  1.59 ON 11-11      TO 1/4 MILE OR LESS
LOWEST:     60 ON  2                               3 = THUNDER
                        SNOW, ICE PELLETS, HAIL    4 = ICE PELLETS
                        TOTAL MONTH:   0.0 INCH    5 = HAIL
                        GRTST 24HR     0.0         6 = FREEZING RAIN OR DRIZZLE
                        GRTST DEPTH:   0           7 = DUSTSTORM OR SANDSTORM:
                                                       VSBY 1/2 MILE OR LESS
                                                   8 = SMOKE OR HAZE
[NO. OF DAYS WITH]      [WEATHER - DAYS WITH]      9 = BLOWING SNOW
                                                   X = TORNADO
MAX 32 OR BELOW:   0    0.01 INCH OR MORE:   9
MAX 90 OR ABOVE:   0    0.10 INCH OR MORE:   6
MIN 32 OR BELOW:   0    0.50 INCH OR MORE:   3
MIN  0 OR BELOW:   0    1.00 INCH OR MORE:   1

[HDD (BASE 65) ]
TOTAL THIS MO.     0    CLEAR  (SCALE 0-3)   9
DPTR FM NORMAL     0    PTCLDY (SCALE 4-7)  12
TOTAL FM JUL 1  1529    CLOUDY (SCALE 8-10)  0
DPTR FM NORMAL   110

[CDD (BASE 65) ]
TOTAL THIS MO.   254
DPTR FM NORMAL    32    [PRESSURE DATA]
TOTAL FM JAN 1   565    HIGHEST SLP M ON M
DPTR FM NORMAL    89    LOWEST  SLP 29.94 ON  9

[REMARKS]
