000
CXUS55 KLOX 281655
CF6LGB
PRELIMINARY LOCAL CLIMATOLOGICAL DATA (WS FORM: F-6)

                                          STATION:   LONG BEACH AIRPORT CA
                                          MONTH:     MAY
                                          YEAR:      2016
                                          LATITUDE:   33 49 N
                                          LONGITUDE: 118  9 W

  TEMPERATURE IN F:       :PCPN:    SNOW:  WIND      :SUNSHINE: SKY     :PK WND
================================================================================
1   2   3   4   5  6A  6B    7    8   9   10  11  12  13   14  15   16   17  18
                                     12Z  AVG MX 2MIN
DY MAX MIN AVG DEP HDD CDD  WTR  SNW DPTH SPD SPD DIR MIN PSBL S-S WX    SPD DR
================================================================================

 1  68  57  63  -1   2   0 0.00  0.0    0  5.9 13 150   M    M   5        17 180
 2  74  57  66   2   0   1 0.00  0.0    0  5.9 18 300   M    M   3        22 290
 3  79  57  68   3   0   3 0.00  0.0    0  4.6 15 300   M    M   0        19 310
 4  69  59  64  -1   1   0 0.00  0.0    0  5.9 14 200   M    M   7        18 210
 5  69  60  65   0   0   0 0.04  0.0    0  5.4 14 220   M    M  10        20 220
 6  68  58  63  -2   2   0 0.01  0.0    0  6.0 14 200   M    M   7 1      19 180
 7  70  58  64  -1   1   0 0.00  0.0    0  6.5 15 300   M    M   6        19 290
 8  70  57  64  -1   1   0 0.00  0.0    0  6.1 16 290   M    M   6        19 310
 9  70  56  63  -2   2   0 0.00  0.0    0  4.9 16 290   M    M   3        20 300
10  71  58  65   0   0   0 0.00  0.0    0  4.8 14 300   M    M   6        18 300
11  75  59  67   2   0   2 0.00  0.0    0  6.4 16 280   M    M   5 8      21 310
12  75  58  67   2   0   2 0.00  0.0    0  5.4 13 300   M    M   4 18     20 290
13  73  59  66   0   0   1 0.00  0.0    0  5.6 14 190   M    M   7 18     18 180
14  68  62  65  -1   0   0 0.00  0.0    0  6.6 14 130   M    M   9        18 180
15  71  61  66   0   0   1 0.00  0.0    0  6.5 14 200   M    M   9        18 200
16  70  61  66   0   0   1 0.00  0.0    0  5.6 13 190   M    M  10        18 210
17  73  62  68   2   0   3 0.00  0.0    0  5.4 13 230   M    M   7        23 310
18  73  61  67   1   0   2 0.00  0.0    0  6.8 16 310   M    M   6 8      19 280
19  71  61  66   0   0   1 0.00  0.0    0  6.4 14 300   M    M   9        18 320
20  68  59  64  -2   1   0    T  0.0    0  6.3 15 140   M    M   7        22 140
21  68  57  63  -3   2   0 0.00  0.0    0  7.5 16 290   M    M   3        21 200
22  72  55  64  -2   1   0 0.00  0.0    0  6.4 17 290   M    M   0        24 290
23  68  56  62  -4   3   0 0.00  0.0    0  7.3 15 190   M    M   3        21 200
24  72  58  65  -1   0   0 0.00  0.0    0  6.6 17 310   M    M   4        21 320
25  71  57  64  -2   1   0 0.00  0.0    0  6.1 15 260   M    M   4        20 200
26  71  58  65  -1   0   0 0.00  0.0    0  5.8 15 310   M    M   4        22 280
27  73  59  66   0   0   1 0.00  0.0    0  6.0 15 300   M    M   5        18 300
================================================================================
SM 1920 1580        17  18  0.05     0.0 162.9          M      149
================================================================================
AV 71.1 58.5                               6.0 FASTST   M    M   6    MAX(MPH)
                                 MISC ---->  # 18 300               # 24  290
================================================================================
NOTES:
# LAST OF SEVERAL OCCURRENCES

COLUMN 17 PEAK WIND IN M.P.H.

PRELIMINARY LOCAL CLIMATOLOGICAL DATA (WS FORM: F-6) , PAGE 2

                                          STATION:  LONG BEACH AIRPORT CA
                                          MONTH:    MAY
                                          YEAR:     2016
                                          LATITUDE:   33 49 N
                                          LONGITUDE: 118  9 W

[TEMPERATURE DATA]      [PRECIPITATION DATA]       SYMBOLS USED IN COLUMN 16

AVERAGE MONTHLY: 64.8   TOTAL FOR MONTH:   0.05    1 = FOG OR MIST
DPTR FM NORMAL:  -0.7   DPTR FM NORMAL:   -0.14    2 = FOG REDUCING VISIBILITY
HIGHEST:    79 ON  3    GRTST 24HR  0.05 ON  5- 6      TO 1/4 MILE OR LESS
LOWEST:     55 ON 22                               3 = THUNDER
                        SNOW, ICE PELLETS, HAIL    4 = ICE PELLETS
                        TOTAL MONTH:   0.0 INCH    5 = HAIL
                        GRTST 24HR     0.0         6 = FREEZING RAIN OR DRIZZLE
                        GRTST DEPTH:   0           7 = DUSTSTORM OR SANDSTORM:
                                                       VSBY 1/2 MILE OR LESS
                                                   8 = SMOKE OR HAZE
[NO. OF DAYS WITH]      [WEATHER - DAYS WITH]      9 = BLOWING SNOW
                                                   X = TORNADO
MAX 32 OR BELOW:   0    0.01 INCH OR MORE:   2
MAX 90 OR ABOVE:   0    0.10 INCH OR MORE:   0
MIN 32 OR BELOW:   0    0.50 INCH OR MORE:   0
MIN  0 OR BELOW:   0    1.00 INCH OR MORE:   0

[HDD (BASE 65) ]
TOTAL THIS MO.    17    CLEAR  (SCALE 0-3)   5
DPTR FM NORMAL   -19    PTCLDY (SCALE 4-7)  17
TOTAL FM JUL 1   794    CLOUDY (SCALE 8-10)  5
DPTR FM NORMAL  -418

[CDD (BASE 65) ]
TOTAL THIS MO.    18
DPTR FM NORMAL   -36    [PRESSURE DATA]
TOTAL FM JAN 1   134    HIGHEST SLP M ON M
DPTR FM NORMAL    33    LOWEST  SLP 29.77 ON M

[REMARKS]
