560
CXUS55 KPUB 281059
CF6LHX
PRELIMINARY LOCAL CLIMATOLOGICAL DATA (WS FORM: F-6)

                                          STATION:   LA JUNTA CO
                                          MONTH:     MARCH
                                          YEAR:      2017
                                          LATITUDE:   38  2 N
                                          LONGITUDE: 103 31 W

  TEMPERATURE IN F:       :PCPN:    SNOW:  WIND      :SUNSHINE: SKY     :PK WND
================================================================================
1   2   3   4   5  6A  6B    7    8   9   10  11  12  13   14  15   16   17  18
                                     12Z  AVG MX 2MIN
DY MAX MIN AVG DEP HDD CDD  WTR  SNW DPTH SPD SPD DIR MIN PSBL S-S WX    SPD DR
================================================================================

 1  52  17  35  -4  30   0 0.00  0.0    0  7.6 16 110   M    M   1        20 110
 2  52  18  35  -5  30   0 0.00  0.0    0  7.2 15 130   M    M   0        18 120
 3  70  20  45   5  20   0 0.00  0.0    0  8.3 17 150   M    M   0        21 150
 4  79  29  54  14  11   0 0.00  0.0    0 14.2 29 250   M    M   0        37 250
 5  78  43  61  20   4   0 0.00  0.0    0 15.0 33 260   M    M   0        41 260
 6  62  28  45   4  20   0 0.00  0.0    0 25.7 49 260   M    M   0 8      62 260
 7  61  23  42   0  23   0 0.00  0.0    0  9.0 31 300   M    M   0        39 290
 8  75  24  50   8  15   0 0.00  0.0    0  6.2 17 260   M    M   0        26 270
 9  79  35  57  15   8   0 0.00  0.0    0 12.0 25  70   M    M   0        38 300
10  62  30  46   4  19   0 0.00  0.0    0 11.0 21  60   M    M   1        25  70
11  56  26  41  -2  24   0 0.00  0.0    0  8.1  M   M   M    M   0         M  M
12  71  28  50   7  15   0 0.00  0.0    0  9.7 46  20   M    M   2        52  20
13  62  30  46   2  19   0 0.00  0.0    0  9.2 23  30   M    M   2        28  30
14  75  27  51   7  14   0 0.00  0.0    0  9.2 25 100   M    M   0        30  90
15  84  28  56  12   9   0 0.00  0.0    0  7.5 20 260   M    M   0 8      21 240
16  84  43  64  20   1   0 0.00  0.0    0 11.7 25 290   M    M   0        32 230
17  75  42  59  14   6   0 0.00  0.0    0  8.4 21 130   M    M   0 8      25 130
18  84  41  63  18   2   0 0.00  0.0    0  8.8 18 230   M    M   0        22 230
19  88  48  68  23   0   3 0.00  0.0    0 12.2 24 300   M    M   0        30 280
20  84  45  65  19   0   0 0.00  0.0    0  9.3 24  80   M    M   0        32  80
21  68  39  54   8  11   0 0.00  0.0    0 14.5 26 100   M    M   2        32 100
22  83  38  61  15   4   0 0.00  0.0    0 11.5 26 180   M    M   0        32 190
23  86  51  69  23   0   4 0.00  0.0    0 15.5 41  40   M    M   0        53 180
24  59  35  47   1  18   0    T    M    0 23.9 51 350   M    M   6 138    61 350
25  66  32  49   2  16   0 0.00  0.0    0  8.8 17 110   M    M   0        20  90
26  53  36  45  -2  20   0 0.00  0.0    0 10.1 18  10   M    M   4        22  30
27  71  34  53   6  12   0    T  0.0    0  9.8 24 130   M    M   3        29 130
================================================================================
SM 1919  890       351   7    T      0.0 304.4          M       21
================================================================================
AV 71.1 33.0                              11.3 FASTST   M    M   1    MAX(MPH)
                                 MISC ---->  # 51 350               # 62  260
================================================================================
NOTES:
# LAST OF SEVERAL OCCURRENCES

COLUMN 17 PEAK WIND IN M.P.H.

PRELIMINARY LOCAL CLIMATOLOGICAL DATA (WS FORM: F-6) , PAGE 2

                                          STATION:  LA JUNTA CO
                                          MONTH:    MARCH
                                          YEAR:     2017
                                          LATITUDE:   38  2 N
                                          LONGITUDE: 103 31 W

[TEMPERATURE DATA]      [PRECIPITATION DATA]       SYMBOLS USED IN COLUMN 16

AVERAGE MONTHLY: 52.0   TOTAL FOR MONTH:      T    1 = FOG OR MIST
DPTR FM NORMAL:   8.4   DPTR FM NORMAL:   -0.67    2 = FOG REDUCING VISIBILITY
HIGHEST:    88 ON 19    GRTST 24HR    T  ON 27-27      TO 1/4 MILE OR LESS
LOWEST:     17 ON  1                               3 = THUNDER
                        SNOW, ICE PELLETS, HAIL    4 = ICE PELLETS
                        TOTAL MONTH:   0.0 INCH    5 = HAIL
                        GRTST 24HR     0.0         6 = FREEZING RAIN OR DRIZZLE
                        GRTST DEPTH:   0           7 = DUSTSTORM OR SANDSTORM:
                                                       VSBY 1/2 MILE OR LESS
                                                   8 = SMOKE OR HAZE
[NO. OF DAYS WITH]      [WEATHER - DAYS WITH]      9 = BLOWING SNOW
                                                   X = TORNADO
MAX 32 OR BELOW:   0    0.01 INCH OR MORE:   0
MAX 90 OR ABOVE:   0    0.10 INCH OR MORE:   0
MIN 32 OR BELOW:  14    0.50 INCH OR MORE:   0
MIN  0 OR BELOW:   0    1.00 INCH OR MORE:   0

[HDD (BASE 65) ]
TOTAL THIS MO.   351    CLEAR  (SCALE 0-3)  24
DPTR FM NORMAL  -230    PTCLDY (SCALE 4-7)   3
TOTAL FM JUL 1  3740    CLOUDY (SCALE 8-10)  0
DPTR FM NORMAL  -942

[CDD (BASE 65) ]
TOTAL THIS MO.     7
DPTR FM NORMAL     7    [PRESSURE DATA]
TOTAL FM JAN 1    11    HIGHEST SLP M ON M
DPTR FM NORMAL    11    LOWEST  SLP 29.43 ON 23

[REMARKS]
