000
CXUS55 KBOU 261109
CF6LIC
PRELIMINARY LOCAL CLIMATOLOGICAL DATA (WS FORM: F-6)

                                          STATION:   LIMON CO
                                          MONTH:     JUNE
                                          YEAR:      2015
                                          LATITUDE:   39 10 N
                                          LONGITUDE: 103 42 W

  TEMPERATURE IN F:       :PCPN:    SNOW:  WIND      :SUNSHINE: SKY     :PK WND
================================================================================
1   2   3   4   5  6A  6B    7    8   9   10  11  12  13   14  15   16   17  18
                                     12Z  AVG MX 2MIN
DY MAX MIN AVG DEP HDD CDD  WTR  SNW DPTH SPD SPD DIR MIN PSBL S-S WX    SPD DR
================================================================================

 1  80  48  64   M   1   0    T    M    M  8.1 22 320   M    M   0 3      30  40
 2  85  51  68   M   0   3    T    M    M  5.9 12 170   M    M   0        18 230
 3  71  51  61   M   4   0 0.00    M    M 10.7 28 340   M    M   5 1      36 350
 4  78  57  68   M   0   3 0.10    M    M  9.4 23  80   M    M   6 123    30  80
 5  77  56  67   M   0   2 0.04    M    M 12.5 25  60   M    M   6 13     33 190
 6  78  49  64   M   1   0 0.28    M    M  5.8 25  20   M    M   2 13     30  20
 7  74  47  61   M   4   0    T    M    M  9.0 20 330   M    M   1        25 330
 8  79  46  63   M   2   0 0.00    M    M  4.1 10 130   M    M   0 1      13 110
 9  84  48  66   M   0   1 0.00    M    M  4.1 12 320   M    M   0        15 110
10  77  58  68   M   0   3 0.08    M    M  7.4 24 140   M    M   4 13     28 140
11  72  51  62   M   3   0 0.26    M    M  9.2 32 350   M    M   6 13     41 350
12  67  54  61   M   4   0 0.40    M    M  7.3 21  20   M    M   8        24  10
13  77  55  66   M   0   1 0.00    M    M  7.1 15 140   M    M   4 1      19 140
14  76  51  64   M   1   0 0.27    M    M  5.9 29  80   M    M   3 13     38  90
15  70  52  61   M   4   0 0.00    M    M  8.3 16 150   M    M   8 13     21 150
16  78  55  67   M   0   2 1.12    M    M 10.8 35 150   M    M   2 138    45 150
17  79  51  65   M   0   0 0.00    M    M  5.6 17 140   M    M   0        23 150
18  79  53  66   M   0   1 0.00    M    M  8.2 18 340   M    M   2        22 330
19  85  57  71   M   0   6 0.00    M    M  9.6 18 150   M    M   4 1      23 160
20  83  52  68   M   0   3    T    M    M  8.3 22 340   M    M   0        25 340
21  86  56  71   M   0   6 0.00    M    M  7.3 22 150   M    M   2 12     29 160
22  79  51  65   M   0   0 0.00    M    M 12.2 32 360   M    M   0        37 360
23  83  53  68   M   0   3    T    M    M 11.0 38 150   M    M   3        49 150
24  87  54  71   M   0   6    T    M    M  8.4 25 300   M    M   1 38     36 160
25  84  54  69   M   0   4 0.24    M    M  8.7 44 340   M    M   1 3      55 350
================================================================================
SM 1968 1310        24  44  2.79    M    204.9          M       68
================================================================================
AV 78.7 52.4                               8.2 FASTST   M    M   3    MAX(MPH)
                                 MISC ---->  # 44 340               # 55  350
================================================================================
NOTES:
# LAST OF SEVERAL OCCURRENCES

COLUMN 17 PEAK WIND IN M.P.H.

PRELIMINARY LOCAL CLIMATOLOGICAL DATA (WS FORM: F-6) , PAGE 2

                                          STATION:  LIMON CO
                                          MONTH:    JUNE
                                          YEAR:     2015
                                          LATITUDE:   39 10 N
                                          LONGITUDE: 103 42 W

[TEMPERATURE DATA]      [PRECIPITATION DATA]       SYMBOLS USED IN COLUMN 16

AVERAGE MONTHLY: 65.6   TOTAL FOR MONTH:   2.79    1 = FOG OR MIST
DPTR FM NORMAL:     M   DPTR FM NORMAL:       M    2 = FOG REDUCING VISIBILITY
HIGHEST:    87 ON 24    GRTST 24HR  1.12 ON 16-16      TO 1/4 MILE OR LESS
LOWEST:     46 ON  8                               3 = THUNDER
                        SNOW, ICE PELLETS, HAIL    4 = ICE PELLETS
                        TOTAL MONTH:    M          5 = HAIL
                        GRTST 24HR    M  ON   M    6 = FREEZING RAIN OR DRIZZLE
                        GRTST DEPTH:  M  ON   M    7 = DUSTSTORM OR SANDSTORM:
                                                       VSBY 1/2 MILE OR LESS
                                                   8 = SMOKE OR HAZE
[NO. OF DAYS WITH]      [WEATHER - DAYS WITH]      9 = BLOWING SNOW
                                                   X = TORNADO
MAX 32 OR BELOW:   0    0.01 INCH OR MORE:   9
MAX 90 OR ABOVE:   0    0.10 INCH OR MORE:   7
MIN 32 OR BELOW:   0    0.50 INCH OR MORE:   1
MIN  0 OR BELOW:   0    1.00 INCH OR MORE:   1

[HDD (BASE 65) ]
TOTAL THIS MO.    24    CLEAR  (SCALE 0-3)  16
DPTR FM NORMAL     M    PTCLDY (SCALE 4-7)   9
TOTAL FM JUL 1  6688    CLOUDY (SCALE 8-10)  0
DPTR FM NORMAL     M

[CDD (BASE 65) ]
TOTAL THIS MO.    44
DPTR FM NORMAL     M    [PRESSURE DATA]
TOTAL FM JAN 1    44    HIGHEST SLP M ON M
DPTR FM NORMAL     M    LOWEST  SLP 29.61 ON 10

[REMARKS]
