000
CXUS55 KBOU 200900
CF6LIC
PRELIMINARY LOCAL CLIMATOLOGICAL DATA (WS FORM: F-6)

                                          STATION:   LIMON CO
                                          MONTH:     JANUARY
                                          YEAR:      2018
                                          LATITUDE:   39 10 N
                                          LONGITUDE: 103 42 W

  TEMPERATURE IN F:       :PCPN:    SNOW:  WIND      :SUNSHINE: SKY     :PK WND
================================================================================
1   2   3   4   5  6A  6B    7    8   9   10  11  12  13   14  15   16   17  18
                                     12Z  AVG MX 2MIN
DY MAX MIN AVG DEP HDD CDD  WTR  SNW DPTH SPD SPD DIR MIN PSBL S-S WX    SPD DR
================================================================================

 1  30  -6  12   M  53   0 0.00    M    M  9.6 21 150   M    M   1        26 160
 2  39  -4  18   M  47   0 0.00    M    M  8.9 22 350   M    M   1        28 350
 3  49   5  27   M  38   0 0.00    M    M  4.0 14 180   M    M   0        17 180
 4  50   7  29   M  36   0 0.00    M    M  6.8 15 340   M    M   0        18 340
 5  57   7  32   M  33   0 0.00    M    M  4.7 10 110   M    M   1        13 120
 6  51  12  32   M  33   0 0.00    M    M  3.7 12 160   M    M   2 8      14 160
 7  48  11  30   M  35   0    T    M    M 11.4 29 360   M    M   4        35 360
 8  58  11  35   M  30   0 0.00    M    M  4.8 14 150   M    M   1        17 160
 9  65  22  44   M  21   0 0.00    M    M  8.6 22 190   M    M   0        26 180
10  61  19  40   M  25   0 0.13    M    M 13.4 35 360   M    M   3 1      50 360
11  37  13  25   M  40   0 0.00    M    M 10.5 32 350   M    M   0        42 350
12  45  15  30   M  35   0    T    M    M  7.9 24 350   M    M   6        34 360
13  50   8  29   M  36   0 0.00    M    M  3.5 17  30   M    M   5        24  30
14  51  12  32   M  33   0 0.00    M    M  7.4 20  30   M    M   1        27  30
15  28  -5  12   M  53   0 0.01    M    M 14.0 25 340   M    M   6 1      34 340
16  31 -12  10   M  55   0 0.00    M    M  4.2 14 180   M    M   0        17 180
17  50  -3  24   M  41   0 0.00    M    M  6.4 21 350   M    M   0        28 360
18  61  10  36   M  29   0 0.00    M    M  6.1 13 220   M    M   0        16 200
19  68  19  44   M  21   0 0.00    M    M  4.8 16 250   M    M   0        23 240
================================================================================
SM  929  141       694   0  0.14    M    140.7          M       31
================================================================================
AV 48.9  7.4                               7.4 FASTST   M    M   2    MAX(MPH)
                                 MISC ---->  # 35 360               # 50  360
================================================================================
NOTES:
# LAST OF SEVERAL OCCURRENCES

COLUMN 17 PEAK WIND IN M.P.H.

PRELIMINARY LOCAL CLIMATOLOGICAL DATA (WS FORM: F-6) , PAGE 2

                                          STATION:  LIMON CO
                                          MONTH:    JANUARY
                                          YEAR:     2018
                                          LATITUDE:   39 10 N
                                          LONGITUDE: 103 42 W

[TEMPERATURE DATA]      [PRECIPITATION DATA]       SYMBOLS USED IN COLUMN 16

AVERAGE MONTHLY: 28.2   TOTAL FOR MONTH:   0.14    1 = FOG OR MIST
DPTR FM NORMAL:     M   DPTR FM NORMAL:       M    2 = FOG REDUCING VISIBILITY
HIGHEST:    68 ON 19    GRTST 24HR  0.13 ON 10-10      TO 1/4 MILE OR LESS
LOWEST:    -12 ON 16                               3 = THUNDER
                        SNOW, ICE PELLETS, HAIL    4 = ICE PELLETS
                        TOTAL MONTH:    M          5 = HAIL
                        GRTST 24HR    M  ON   M    6 = FREEZING RAIN OR DRIZZLE
                        GRTST DEPTH:  M  ON   M    7 = DUSTSTORM OR SANDSTORM:
                                                       VSBY 1/2 MILE OR LESS
                                                   8 = SMOKE OR HAZE
[NO. OF DAYS WITH]      [WEATHER - DAYS WITH]      9 = BLOWING SNOW
                                                   X = TORNADO
MAX 32 OR BELOW:   3    0.01 INCH OR MORE:   2
MAX 90 OR ABOVE:   0    0.10 INCH OR MORE:   1
MIN 32 OR BELOW:  19    0.50 INCH OR MORE:   0
MIN  0 OR BELOW:   5    1.00 INCH OR MORE:   0

[HDD (BASE 65) ]
TOTAL THIS MO.   694    CLEAR  (SCALE 0-3)  14
DPTR FM NORMAL     M    PTCLDY (SCALE 4-7)   5
TOTAL FM JUL 1  3308    CLOUDY (SCALE 8-10)  0
DPTR FM NORMAL     M

[CDD (BASE 65) ]
TOTAL THIS MO.     0
DPTR FM NORMAL     M    [PRESSURE DATA]
TOTAL FM JAN 1     0    HIGHEST SLP M ON M
DPTR FM NORMAL     M    LOWEST  SLP 29.27 ON 10

[REMARKS]
