000
CXHW51 PHFO 231250
CF6LIH
PRELIMINARY LOCAL CLIMATOLOGICAL DATA (WS FORM: F-6)

                                          STATION:   LIHUE HI
                                          MONTH:     MAY
                                          YEAR:      2017
                                          LATITUDE:   21 58 N
                                          LONGITUDE: 159 21 W

  TEMPERATURE IN F:       :PCPN:    SNOW:  WIND      :SUNSHINE: SKY     :PK WND
================================================================================
1   2   3   4   5  6A  6B    7    8   9   10  11  12  13   14  15   16   17  18
                                     12Z  AVG MX 2MIN
DY MAX MIN AVG DEP HDD CDD  WTR  SNW DPTH SPD SPD DIR MIN PSBL S-S WX    SPD DR
================================================================================

 1  83  64  74  -1   0   9 0.00  0.0    M  5.7 14 180   M    M   M        17 180
 2  86  74  80   5   0  15 0.00  0.0    M  9.9 16  40   M    M   M        19  40
 3  84  73  79   4   0  14 0.01  0.0    M 10.6 18  40   M    M   M        21  20
 4  84  76  80   5   0  15 0.01  0.0    M 14.5 21  90   M    M   M 8      23  40
 5  84  75  80   5   0  15 0.04  0.0    M 11.9 22  80   M    M   M        25  80
 6  84  76  80   5   0  15 0.00  0.0    M 12.7 17  70   M    M   M        21  80
 7  83  71  77   2   0  12 0.11  0.0    M  9.5 21 110   M    M   M        24 110
 8  84  70  77   2   0  12    T  0.0    M  7.1 14 150   M    M   M        19 170
 9  85  69  77   2   0  12 0.00  0.0    M 11.1 20  90   M    M   M        23  80
10  84  75  80   5   0  15    T  0.0    M 15.7 23  90   M    M   M        27  90
11  84  73  79   4   0  14 0.04  0.0    M 13.7 21 110   M    M   M        24 110
12  84  72  78   3   0  13 0.28  0.0    M 15.0 22 100   M    M   M 1      26  90
13  84  73  79   3   0  14 0.05  0.0    M 16.4 25 100   M    M   M 8      29 100
14  83  76  80   4   0  15 0.00  0.0    M 15.9 21  70   M    M   M        25  80
15  84  75  80   4   0  15 0.01  0.0    M 17.1 23  70   M    M   M        27  70
16  83  76  80   4   0  15    T  0.0    M 18.4 23  60   M    M   M        27  70
17  83  73  78   2   0  13    T  0.0    M 14.2 21  60   M    M   M        25  60
18  83  69  76   0   0  11    T  0.0    M  8.3 13  80   M    M   M        16  90
19  84  68  76   0   0  11    T  0.0    M  7.3 14  20   M    M   M        17  30
20  84  68  76   0   0  11 0.01  0.0    M  7.9 13 110   M    M   M 1      16  80
21  84  70  77   1   0  12    T  0.0    M 10.7 18  40   M    M   M        21  10
22  85  73  79   3   0  14 0.04  0.0    M 17.0 26  40   M    M   M        32  40
================================================================================
SM 1846 1589         0 292  0.60     0.0 270.6          M        M
================================================================================
AV 83.9 72.2                              12.3 FASTST   M    M -nan   MAX(MPH)
                                 MISC ---->  # 26  40               # 32   40
================================================================================
NOTES:
# LAST OF SEVERAL OCCURRENCES

COLUMN 17 PEAK WIND IN M.P.H.

PRELIMINARY LOCAL CLIMATOLOGICAL DATA (WS FORM: F-6) , PAGE 2

                                          STATION:  LIHUE HI
                                          MONTH:    MAY
                                          YEAR:     2017
                                          LATITUDE:   21 58 N
                                          LONGITUDE: 159 21 W

[TEMPERATURE DATA]      [PRECIPITATION DATA]       SYMBOLS USED IN COLUMN 16

AVERAGE MONTHLY: 78.1   TOTAL FOR MONTH:   0.60    1 = FOG OR MIST
DPTR FM NORMAL:   2.6   DPTR FM NORMAL:   -1.00    2 = FOG REDUCING VISIBILITY
HIGHEST:    86 ON  2    GRTST 24HR  0.28 ON 12-12      TO 1/4 MILE OR LESS
LOWEST:     64 ON  1                               3 = THUNDER
                        SNOW, ICE PELLETS, HAIL    4 = ICE PELLETS
                        TOTAL MONTH:   0.0 INCH    5 = HAIL
                        GRTST 24HR     0.0         6 = FREEZING RAIN OR DRIZZLE
                        GRTST DEPTH:  M  ON   M    7 = DUSTSTORM OR SANDSTORM:
                                                       VSBY 1/2 MILE OR LESS
                                                   8 = SMOKE OR HAZE
[NO. OF DAYS WITH]      [WEATHER - DAYS WITH]      9 = BLOWING SNOW
                                                   X = TORNADO
MAX 32 OR BELOW:   0    0.01 INCH OR MORE:  10
MAX 90 OR ABOVE:   0    0.10 INCH OR MORE:   2
MIN 32 OR BELOW:   0    0.50 INCH OR MORE:   0
MIN  0 OR BELOW:   0    1.00 INCH OR MORE:   0

[HDD (BASE 65) ]
TOTAL THIS MO.     0    CLEAR  (SCALE 0-3)   0
DPTR FM NORMAL     0    PTCLDY (SCALE 4-7)   0
TOTAL FM JUL 1     0    CLOUDY (SCALE 8-10)  0
DPTR FM NORMAL     0

[CDD (BASE 65) ]
TOTAL THIS MO.   292
DPTR FM NORMAL    63    [PRESSURE DATA]
TOTAL FM JAN 1  1354    HIGHEST SLP M ON M
DPTR FM NORMAL   221    LOWEST  SLP 29.97 ON M

[REMARKS]
