000
CXUS54 KLZK 251130
CF6LLQ
PRELIMINARY LOCAL CLIMATOLOGICAL DATA (WS FORM: F-6)

                                          STATION:   Monticello
                                          MONTH:     MARCH
                                          YEAR:      2017
                                          LATITUDE:   33 37 N
                                          LONGITUDE:  91 45 W

  TEMPERATURE IN F:       :PCPN:    SNOW:  WIND      :SUNSHINE: SKY     :PK WND
================================================================================
1   2   3   4   5  6A  6B    7    8   9   10  11  12  13   14  15   16   17  18
                                     12Z  AVG MX 2MIN
DY MAX MIN AVG DEP HDD CDD  WTR  SNW DPTH SPD SPD DIR MIN PSBL S-S WX    SPD DR
================================================================================

 1  77  50  64  12   1   0 0.00  0.0    0 10.4 23 290   M    M   3        36 270
 2  62  38  50  -2  15   0 0.00  0.0    0  4.0 15  50   M    M   0        21  40
 3  64  35  50  -2  15   0 0.00  0.0    0  4.6 16  50   M    M   0        19  40
 4  69  37  53   1  12   0 0.00  0.0    0  5.4 16 170   M    M   0        21 200
 5  61  50  56   3   9   0 0.12  0.0    0  6.6 14 150   M    M  10 1      19 160
 6  75  58  67  14   0   2 0.14  0.0    0 10.2 20 170   M    M  10 1      27 160
 7  68  42  55   2  10   0 0.58    M    0  6.4 21  10   M    M   7 13     31 340
 8  72  39  56   3   9   0 0.00  0.0    0  4.5 14 160   M    M   0        20 170
 9  71  48  60   6   5   0 0.00  0.0    0  7.2 15 230   M    M   7 1      21 220
10  67  46  57   3   8   0 0.19    M    0  8.7 23  50   M    M   4 13     31  50
11  48  38  43 -11  22   0 0.21  0.0    0 11.4 21  50   M    M  10 13     25  60
12  54  33  44 -10  21   0    T  0.0    0  7.3 17  50   M    M   2        24  10
13  51  34  43 -12  22   0 0.31  0.0    0  4.4 16 320   M    M   6 1      27 320
14  50  34  42 -13  23   0 0.00  0.0    0  5.8 13  50   M    M   9        17  40
15  50  31  41 -14  24   0 0.00  0.0    0  5.0 15  70   M    M   3        19  50
16  59  38  49  -6  16   0 0.00  0.0    0  6.5 13 140   M    M   9        18 150
17  75  55  65   9   0   0 0.00  0.0    0  9.2 18 190   M    M  10        26 200
18  80  55  68  12   0   3 0.00  0.0    0  5.6 15 220   M    M   3        22 220
19  84  52  68  12   0   3 0.00  0.0    0  4.7 12 210   M    M   3        16 190
20  86  64  75  19   0  10 0.00  0.0    0  9.1 17 230   M    M   2        24 220
21  88  61  75  18   0  10 0.00  0.0    0  8.1 17 210   M    M   0        23 220
22  71  54  63   6   2   0 0.00  0.0    0  8.1 15  40   M    M   0        21  50
23  84  51  68  11   0   3 0.00  0.0    0  6.8 16 140   M    M   1        24 140
24  78  65  72  15   0   7 0.00  0.0    0 11.8 24 170   M    M   3        34 180
================================================================================
SM 1644 1108       214  38  1.55     0.0 171.8          M      102
================================================================================
AV 68.5 46.2                               7.2 FASTST   M    M   4    MAX(MPH)
                                 MISC ---->  # 24 170               # 36  270
================================================================================
NOTES:
# LAST OF SEVERAL OCCURRENCES

COLUMN 17 PEAK WIND IN M.P.H.

PRELIMINARY LOCAL CLIMATOLOGICAL DATA (WS FORM: F-6) , PAGE 2

                                          STATION:  Monticello
                                          MONTH:    MARCH
                                          YEAR:     2017
                                          LATITUDE:   33 37 N
                                          LONGITUDE:  91 45 W

[TEMPERATURE DATA]      [PRECIPITATION DATA]       SYMBOLS USED IN COLUMN 16

AVERAGE MONTHLY: 57.3   TOTAL FOR MONTH:   1.55    1 = FOG OR MIST
DPTR FM NORMAL:   2.8   DPTR FM NORMAL:   -2.47    2 = FOG REDUCING VISIBILITY
HIGHEST:    88 ON 21    GRTST 24HR  0.58 ON  7- 7      TO 1/4 MILE OR LESS
LOWEST:     31 ON 15                               3 = THUNDER
                        SNOW, ICE PELLETS, HAIL    4 = ICE PELLETS
                        TOTAL MONTH:   0.0 INCH    5 = HAIL
                        GRTST 24HR     0.0         6 = FREEZING RAIN OR DRIZZLE
                        GRTST DEPTH:   0           7 = DUSTSTORM OR SANDSTORM:
                                                       VSBY 1/2 MILE OR LESS
                                                   8 = SMOKE OR HAZE
[NO. OF DAYS WITH]      [WEATHER - DAYS WITH]      9 = BLOWING SNOW
                                                   X = TORNADO
MAX 32 OR BELOW:   0    0.01 INCH OR MORE:   6
MAX 90 OR ABOVE:   0    0.10 INCH OR MORE:   6
MIN 32 OR BELOW:   1    0.50 INCH OR MORE:   1
MIN  0 OR BELOW:   0    1.00 INCH OR MORE:   0

[HDD (BASE 65) ]
TOTAL THIS MO.   214    CLEAR  (SCALE 0-3)  12
DPTR FM NORMAL   -54    PTCLDY (SCALE 4-7)   6
TOTAL FM JUL 1  1706    CLOUDY (SCALE 8-10)  6
DPTR FM NORMAL  -789

[CDD (BASE 65) ]
TOTAL THIS MO.    38
DPTR FM NORMAL    20    [PRESSURE DATA]
TOTAL FM JAN 1    70    HIGHEST SLP M ON M
DPTR FM NORMAL    47    LOWEST  SLP 29.57 ON  1

[REMARKS]
ALL SNOWFALL DATA IS FROM THE UNIVERSITY OF ARKANSAS AT MONTICELLO COOPERATIVE OBSERVER SITE
