000
CXUS56 KMFR 281000
CF6LMT
PRELIMINARY LOCAL CLIMATOLOGICAL DATA (WS FORM: F-6)

                                          STATION:   KLAMATH FALLS OR
                                          MONTH:     AUGUST
                                          YEAR:      2015
                                          LATITUDE:   42  9 N
                                          LONGITUDE: 121 44 W

  TEMPERATURE IN F:       :PCPN:    SNOW:  WIND      :SUNSHINE: SKY     :PK WND
================================================================================
1   2   3   4   5  6A  6B    7    8   9   10  11  12  13   14  15   16   17  18
                                     12Z  AVG MX 2MIN
DY MAX MIN AVG DEP HDD CDD  WTR  SNW DPTH SPD SPD DIR MIN PSBL S-S WX    SPD DR
================================================================================

 1  97  56  77  10   0  12    T    M    M  5.8 18 250   M    M   1 8      23 250
 2  82  63  73   6   0   8    T    M    M  7.6 35  90   M    M   5 8      41  80
 3  85  54  70   3   0   5    T    M    M  4.1 13 320   M    M   3 3      16 320
 4  86  49  68   1   0   3 0.05    M    M  5.4 21 230   M    M   2 138    24 230
 5  81  53  67   0   0   2 0.37    M    M  6.4 18 230   M    M   3 138    28  50
 6  82  46  64  -3   1   0 0.00    M    M  4.8 15 320   M    M   0 18     17 340
 7  83  52  68   1   0   3 0.00    M    M  5.9 20 280   M    M   1 8      34 300
 8  83  43  63  -3   2   0 0.00    M    M  5.9 21 150   M    M   2 18     25 150
 9  82  45  64  -2   1   0 0.00    M    M  4.6 15 280   M    M   1 18     19 290
10  80  47  64  -2   1   0 0.00    M    M  5.2 17 250   M    M   2 18     20 280
11  83  50  67   1   0   2 0.00    M    M  5.7 17 220   M    M   0 8      23 210
12  84  45  65  -1   0   0 0.00    M    M  4.9 20 200   M    M   0 8      25 190
13  87  42  65  -1   0   0 0.00    M    M  8.5 23 230   M    M   0        30 210
14  74  40  57  -9   8   0 0.00    M    M  6.9 21 310   M    M   1        29 290
15  83  38  61  -4   4   0 0.00    M    M  3.7 16 340   M    M   0        18 330
16  88  41  65   0   0   0 0.00    M    M  6.0 18 330   M    M   0        22 330
17  90  46  68   3   0   3 0.00    M    M  5.0 13 340   M    M   0 8      17 340
18  93  47  70   5   0   5 0.00    M    M  4.1 13 330   M    M   1 8      13 330
19  93  46  70   6   0   5 0.00    M    M  6.0 20 330   M    M   1 8      23 330
20  90  44  67   3   0   2 0.00    M    M  4.9 20 330   M    M   0 8      24 330
21  86  46  66   2   0   1 0.00    M    M  5.2 20 330   M    M   0        24 320
22  87  48  68   4   0   3 0.00    M    M  4.6 12 340   M    M   0 8      14 340
23  90  46  68   4   0   3 0.00    M    M  3.5 16 330   M    M   0 18     19 330
24  89  51  70   7   0   5 0.00    M    M  4.7 16 170   M    M   1 18     21 190
25  89  45  67   4   0   2 0.00    M    M  4.8 18 230   M    M   1 18     24 230
26  86  44  65   2   0   0 0.00    M    M  5.6 22 180   M    M   1 18     27 190
27  86  45  66   3   0   1 0.00    M    M  3.8 15 340   M    M   0 18     20 340
================================================================================
SM 2319 1272        17  65  0.42    M    143.6          M       26
================================================================================
AV 85.9 47.1                               5.3 FASTST   M    M   1    MAX(MPH)
                                 MISC ---->  # 35  90               # 41   80
================================================================================
NOTES:
# LAST OF SEVERAL OCCURRENCES

COLUMN 17 PEAK WIND IN M.P.H.

PRELIMINARY LOCAL CLIMATOLOGICAL DATA (WS FORM: F-6) , PAGE 2

                                          STATION:  KLAMATH FALLS OR
                                          MONTH:    AUGUST
                                          YEAR:     2015
                                          LATITUDE:   42  9 N
                                          LONGITUDE: 121 44 W

[TEMPERATURE DATA]      [PRECIPITATION DATA]       SYMBOLS USED IN COLUMN 16

AVERAGE MONTHLY: 66.5   TOTAL FOR MONTH:   0.42    1 = FOG OR MIST
DPTR FM NORMAL:   1.2   DPTR FM NORMAL:    0.09    2 = FOG REDUCING VISIBILITY
HIGHEST:    97 ON  1    GRTST 24HR  0.42 ON  4- 5      TO 1/4 MILE OR LESS
LOWEST:     38 ON 15                               3 = THUNDER
                        SNOW, ICE PELLETS, HAIL    4 = ICE PELLETS
                        TOTAL MONTH:    M          5 = HAIL
                        GRTST 24HR    M  ON   M    6 = FREEZING RAIN OR DRIZZLE
                        GRTST DEPTH:  M  ON   M    7 = DUSTSTORM OR SANDSTORM:
                                                       VSBY 1/2 MILE OR LESS
                                                   8 = SMOKE OR HAZE
[NO. OF DAYS WITH]      [WEATHER - DAYS WITH]      9 = BLOWING SNOW
                                                   X = TORNADO
MAX 32 OR BELOW:   0    0.01 INCH OR MORE:   2
MAX 90 OR ABOVE:   6    0.10 INCH OR MORE:   1
MIN 32 OR BELOW:   0    0.50 INCH OR MORE:   0
MIN  0 OR BELOW:   0    1.00 INCH OR MORE:   0

[HDD (BASE 65) ]
TOTAL THIS MO.    17    CLEAR  (SCALE 0-3)  25
DPTR FM NORMAL   -35    PTCLDY (SCALE 4-7)   2
TOTAL FM JUL 1    35    CLOUDY (SCALE 8-10)  0
DPTR FM NORMAL   -67

[CDD (BASE 65) ]
TOTAL THIS MO.    65
DPTR FM NORMAL     6    [PRESSURE DATA]
TOTAL FM JAN 1   287    HIGHEST SLP M ON M
DPTR FM NORMAL   134    LOWEST  SLP  0.00 ON 20

[REMARKS]
