000
CXUS56 KMFR 271000
CF6LMT
PRELIMINARY LOCAL CLIMATOLOGICAL DATA (WS FORM: F-6)

                                          STATION:   KLAMATH FALLS OR
                                          MONTH:     JULY
                                          YEAR:      2017
                                          LATITUDE:   42  9 N
                                          LONGITUDE: 121 44 W

  TEMPERATURE IN F:       :PCPN:    SNOW:  WIND      :SUNSHINE: SKY     :PK WND
================================================================================
1   2   3   4   5  6A  6B    7    8   9   10  11  12  13   14  15   16   17  18
                                     12Z  AVG MX 2MIN
DY MAX MIN AVG DEP HDD CDD  WTR  SNW DPTH SPD SPD DIR MIN PSBL S-S WX    SPD DR
================================================================================

 1  86  51  69   6   0   4 0.00    M    M  6.8 21 260   M    M   0        25 260
 2  90  47  69   6   0   4 0.00    M    M  5.3 21 330   M    M   0        25 320
 3  90  49  70   6   0   5 0.00    M    M  4.9 18 330   M    M   0 8      22 330
 4  90  51  71   7   0   6 0.00    M    M  7.0 18 180   M    M   0        25 160
 5  90  45  68   4   0   3 0.00    M    M  8.0 20 190   M    M   0        26 170
 6  92  45  69   5   0   4 0.00    M    M  6.7 23 190   M    M   0        30 190
 7  91  46  69   4   0   4 0.00    M    M  4.6 15 330   M    M   0        22 300
 8  94  47  71   6   0   6 0.00    M    M  4.2 18 330   M    M   0        22 330
 9  91  51  71   6   0   6 0.00    M    M  6.0 20 310   M    M   0        24 270
10  86  49  68   3   0   3 0.00    M    M  6.0 17 280   M    M   0        22 260
11  87  48  68   2   0   3 0.00    M    M  4.9 18 330   M    M   0        22 320
12  89  49  69   3   0   4 0.00    M    M  6.0 18 330   M    M   0        22 330
13  89  49  69   3   0   4 0.00    M    M  4.0 18 330   M    M   0 8      22 330
14  91  50  71   5   0   6 0.00    M    M  4.7 17 340   M    M   0 8      22 340
15  88  52  70   4   0   5 0.00    M    M  6.5 24 330   M    M   0        29 330
16  86  45  66  -1   0   1 0.00    M    M  4.6 17 340   M    M   0        21 340
17  86  44  65  -2   0   0 0.00    M    M  5.0 22 280   M    M   0 8      26 290
18  86  44  65  -2   0   0 0.00    M    M  6.0 20 320   M    M   0        23 320
19  84  45  65  -2   0   0 0.00    M    M  5.8 17 290   M    M   0 1      21 300
20  83  44  64  -3   1   0 0.00    M    M  6.8 20 330   M    M   0        25 340
21  86  45  66  -1   0   1 0.00    M    M  5.7 21 330   M    M   0        25 320
22  92  50  71   4   0   6 0.00    M    M  9.9 20 330   M    M   0        23 330
23  95  56  76   9   0  11 0.00    M    M  6.1 16 330   M    M   0 8      18 330
24  93  55  74   7   0   9 0.98    M    M  5.6 33 200   M    M   1 38     42 190
25  86  55  71   4   0   6 0.00    M    M  5.0 18 160   M    M   1 3      22 150
26  85  53  69   2   0   4 0.00    M    M  5.6 24 170   M    M   3        36 170
================================================================================
SM 2306 1265         1 105  0.98    M    151.7          M        5
================================================================================
AV 88.7 48.7                               5.8 FASTST   M    M   0    MAX(MPH)
                                 MISC ---->  # 33 200               # 42  190
================================================================================
NOTES:
# LAST OF SEVERAL OCCURRENCES

COLUMN 17 PEAK WIND IN M.P.H.

PRELIMINARY LOCAL CLIMATOLOGICAL DATA (WS FORM: F-6) , PAGE 2

                                          STATION:  KLAMATH FALLS OR
                                          MONTH:    JULY
                                          YEAR:     2017
                                          LATITUDE:   42  9 N
                                          LONGITUDE: 121 44 W

[TEMPERATURE DATA]      [PRECIPITATION DATA]       SYMBOLS USED IN COLUMN 16

AVERAGE MONTHLY: 68.7   TOTAL FOR MONTH:   0.98    1 = FOG OR MIST
DPTR FM NORMAL:   2.9   DPTR FM NORMAL:    0.54    2 = FOG REDUCING VISIBILITY
HIGHEST:    95 ON 23    GRTST 24HR  0.98 ON 24-24      TO 1/4 MILE OR LESS
LOWEST:     44 ON 20,18                            3 = THUNDER
                        SNOW, ICE PELLETS, HAIL    4 = ICE PELLETS
                        TOTAL MONTH:    M          5 = HAIL
                        GRTST 24HR    M  ON   M    6 = FREEZING RAIN OR DRIZZLE
                        GRTST DEPTH:  M  ON   M    7 = DUSTSTORM OR SANDSTORM:
                                                       VSBY 1/2 MILE OR LESS
                                                   8 = SMOKE OR HAZE
[NO. OF DAYS WITH]      [WEATHER - DAYS WITH]      9 = BLOWING SNOW
                                                   X = TORNADO
MAX 32 OR BELOW:   0    0.01 INCH OR MORE:   1
MAX 90 OR ABOVE:  12    0.10 INCH OR MORE:   1
MIN 32 OR BELOW:   0    0.50 INCH OR MORE:   1
MIN  0 OR BELOW:   0    1.00 INCH OR MORE:   0

[HDD (BASE 65) ]
TOTAL THIS MO.     1    CLEAR  (SCALE 0-3)  26
DPTR FM NORMAL   -41    PTCLDY (SCALE 4-7)   0
TOTAL FM JUL 1     1    CLOUDY (SCALE 8-10)  0
DPTR FM NORMAL   -41

[CDD (BASE 65) ]
TOTAL THIS MO.   105
DPTR FM NORMAL    42    [PRESSURE DATA]
TOTAL FM JAN 1   171    HIGHEST SLP M ON M
DPTR FM NORMAL    96    LOWEST  SLP  0.00 ON 24

[REMARKS]
