000
CXUS53 KOAX 251000
CF6LNK
PRELIMINARY LOCAL CLIMATOLOGICAL DATA (WS FORM: F-6)

                                          STATION:   LINCOLN, NEBRASKA
                                          MONTH:     MARCH
                                          YEAR:      2017
                                          LATITUDE:   40 50 N
                                          LONGITUDE:  96 45 W

  TEMPERATURE IN F:       :PCPN:    SNOW:  WIND      :SUNSHINE: SKY     :PK WND
================================================================================
1   2   3   4   5  6A  6B    7    8   9   10  11  12  13   14  15   16   17  18
                                     12Z  AVG MX 2MIN
DY MAX MIN AVG DEP HDD CDD  WTR  SNW DPTH SPD SPD DIR MIN PSBL S-S WX    SPD DR
================================================================================

 1  47  23  35   1  30   0 0.00  0.0    0 14.0 30 310   M    M   5        38 320
 2  48  18  33  -1  32   0 0.00  0.0    0  9.3 25 330   M    M   1        32 330
 3  57  17  37   2  28   0 0.00  0.0    0 10.4 30 180   M    M   1 1      36 170
 4  74  21  48  13  17   0 0.00  0.0    0 13.8 32 190   M    M   0        38 180
 5  71  52  62  26   3   0 0.00  0.0    0 19.5 32 180   M    M   5        39 170
 6  79  40  60  24   5   0 0.01  0.0    0 26.9 40 280   M    M   5 3      56 220
 7  57  34  46   9  19   0 0.00  0.0    0 16.2 32 310   M    M   1        41 310
 8  61  28  45   8  20   0 0.00  0.0    0  4.2 12  80   M    M   0        15  80
 9  54  26  40   3  25   0 0.00  0.0    0 12.7 30  20   M    M   0        37  30
10  29  16  23 -15  42   0 0.00  0.0    0 11.9 22  30   M    M   7        25  60
11  34  24  29  -9  36   0 0.00  0.0    0  7.6 14  60   M    M   8        17  70
12  43  27  35  -4  30   0    T  0.0    0 15.6 33 310   M    M   9        41 180
13  33  21  27 -12  38   0    T    T    0 20.7 38 350   M    M   9 6      45 330
14  30  17  24 -15  41   0 0.05  0.6    T  5.2 12  70   M    M   8 18     18  80
15  46  20  33  -7  32   0 0.00  0.0    0 12.6 22 150   M    M   6        30 180
16  70  30  50  10  15   0 0.00  0.0    0 12.4 24 170   M    M   0        29 180
17  70  36  53  12  12   0 0.00  0.0    0 10.5 25 320   M    M   0        31 320
18  62  28  45   4  20   0 0.00  0.0    0  5.2 16 160   M    M   2        18 140
19  87  44  66  25   0   1 0.00  0.0    0  9.6 21 200   M    M   0        26 200
20  70  44  57  15   8   0 0.00  0.0    0 12.9 24  30   M    M   0        29  40
21  50  34  42   0  23   0 0.01  0.0    0 15.2 33  20   M    M   2        39  10
22  54  34  44   2  21   0    T    T    0 13.4 22 120   M    M   7 4      27 140
23  77  48  63  20   2   0    T  0.0    0 18.7 44 160   M    M   7        50 170
24  69  42  56  13   9   0 0.15  0.0    0 15.4 25  20   M    M   9 1      32  20
================================================================================
SM 1372  724       508   1  0.22     0.6 313.9          M       92
================================================================================
AV 57.2 30.2                              13.1 FASTST   M    M   4    MAX(MPH)
                                 MISC ---->  # 44 160               # 56  220
================================================================================
NOTES:
# LAST OF SEVERAL OCCURRENCES

COLUMN 17 PEAK WIND IN M.P.H.

PRELIMINARY LOCAL CLIMATOLOGICAL DATA (WS FORM: F-6) , PAGE 2

                                          STATION:  LINCOLN, NEBRASKA
                                          MONTH:    MARCH
                                          YEAR:     2017
                                          LATITUDE:   40 50 N
                                          LONGITUDE:  96 45 W

[TEMPERATURE DATA]      [PRECIPITATION DATA]       SYMBOLS USED IN COLUMN 16

AVERAGE MONTHLY: 43.7   TOTAL FOR MONTH:   0.22    1 = FOG OR MIST
DPTR FM NORMAL:   5.0   DPTR FM NORMAL:   -1.16    2 = FOG REDUCING VISIBILITY
HIGHEST:    87 ON 19    GRTST 24HR  0.15 ON 24-24      TO 1/4 MILE OR LESS
LOWEST:     16 ON 10                               3 = THUNDER
                        SNOW, ICE PELLETS, HAIL    4 = ICE PELLETS
                        TOTAL MONTH:   0.6 INCH    5 = HAIL
                        GRTST 24HR   0.6 ON   M    6 = FREEZING RAIN OR DRIZZLE
                        GRTST DEPTH:   T           7 = DUSTSTORM OR SANDSTORM:
                                                       VSBY 1/2 MILE OR LESS
                                                   8 = SMOKE OR HAZE
[NO. OF DAYS WITH]      [WEATHER - DAYS WITH]      9 = BLOWING SNOW
                                                   X = TORNADO
MAX 32 OR BELOW:   2    0.01 INCH OR MORE:   4
MAX 90 OR ABOVE:   0    0.10 INCH OR MORE:   1
MIN 32 OR BELOW:  14    0.50 INCH OR MORE:   0
MIN  0 OR BELOW:   0    1.00 INCH OR MORE:   0

[HDD (BASE 65) ]
TOTAL THIS MO.   508    CLEAR  (SCALE 0-3)  12
DPTR FM NORMAL  -122    PTCLDY (SCALE 4-7)   9
TOTAL FM JUL 1  4391    CLOUDY (SCALE 8-10)  3
DPTR FM NORMAL  -942

[CDD (BASE 65) ]
TOTAL THIS MO.     1
DPTR FM NORMAL     1    [PRESSURE DATA]
TOTAL FM JAN 1     1    HIGHEST SLP M ON M
DPTR FM NORMAL     1    LOWEST  SLP 29.18 ON  6

[REMARKS]
