000
CXUS55 KJKL 280800
CF6LOZ
PRELIMINARY LOCAL CLIMATOLOGICAL DATA (WS FORM: F-6)

                                          STATION:   LONDON KY
                                          MONTH:     DECEMBER
                                          YEAR:      2014
                                          LATITUDE:   37  4 N
                                          LONGITUDE:  84  5 W

  TEMPERATURE IN F:       :PCPN:    SNOW:  WIND      :SUNSHINE: SKY     :PK WND
================================================================================
1   2   3   4   5  6A  6B    7    8   9   10  11  12  13   14  15   16   17  18
                                     12Z  AVG MX 2MIN
DY MAX MIN AVG DEP HDD CDD  WTR  SNW DPTH SPD SPD DIR MIN PSBL S-S WX    SPD DR
================================================================================

 1  63  40  52  10  13   0 0.35    M    M  8.6 16 220   M    M   8 1      24 220
 2  55  40  48   6  17   0 0.38    M    M  3.1 13 290   M    M  10 123    15 310
 3  54  35  45   3  20   0    T    M    M  6.5 18 260   M    M   8 12     23 260
 4  46  35  41   0  24   0 0.29    M    M  4.4  9  30   M    M   8 1      12  20
 5  62  45  54  13  11   0 0.22    M    M  4.7 14 190   M    M   8 1      18 170
 6  58  40  49   8  16   0 0.59    M    M 10.8 21 350   M    M  10 1      29  50
 7  49  38  44   4  21   0 0.00    M    M  8.1 21  50   M    M   5        27  60
 8  50  36  43   3  22   0 0.00    M    M  3.6 10 180   M    M   3        13 160
 9  44  37  41   1  24   0    T    M    M  7.3 15 330   M    M  10 18     23 340
10  38  34  36  -4  29   0 0.01    M    M  7.3 14 340   M    M  10 1      19 350
11  41  26  34  -5  31   0 0.00    M    M  4.4 10 280   M    M   5        14 310
12  46  21  34  -5  31   0 0.00    M    M  1.9  9 250   M    M   0 1      13 270
13  40  26  33  -6  32   0 0.00    M    M  1.3  9  20   M    M   9 8      10  10
14  45  37  41   2  24   0 0.00    M    M  2.0  8 110   M    M  10        12  90
15  55  36  46   8  19   0 0.01    M    M  6.0 16 170   M    M   7        24 180
16  52  43  48  10  17   0 0.07    M    M 10.6 20 260   M    M   7 1      26 260
17  43  27  35  -3  30   0    T    M    M  5.8 15 270   M    M   7 18     18 270
18  37  25  31  -7  34   0 0.00    M    M  2.2 10 310   M    M   7 18     13 340
19  41  29  35  -3  30   0 0.00    M    M  4.0  8  20   M    M   5 8      10 360
20  41  28  35  -2  30   0 0.00    M    M  2.6  8  10   M    M   7        10  10
21  50  22  36  -1  29   0 0.00    M    M  2.2  8 100   M    M   1 8      11  80
22  60  35  48  11  17   0    T    M    M  4.0 12 180   M    M   9        17 200
23  60  50  55  18  10   0 1.02    M    M  5.3 15 190   M    M  10 1      20 170
24  64  41  53  16  12   0 0.14    M    M  9.8 35 270   M    M   7        45 280
25  46  31  39   2  26   0    T    M    M  5.8 18 270   M    M   6        24 280
26  55  26  41   5  24   0 0.00    M    M  3.6 12 190   M    M   0 18     16 200
27  63  41  52  16  13   0 0.10    M    M  3.4 15 190   M    M   8        18 190
================================================================================
SM 1358  924       606   0  3.18    M    139.3          M      185
================================================================================
AV 50.3 34.2                               5.2 FASTST   M    M   7    MAX(MPH)
                                 MISC ---->  # 35 270               # 45  280
================================================================================
NOTES:
# LAST OF SEVERAL OCCURRENCES

COLUMN 17 PEAK WIND IN M.P.H.

PRELIMINARY LOCAL CLIMATOLOGICAL DATA (WS FORM: F-6) , PAGE 2

                                          STATION:  LONDON KY
                                          MONTH:    DECEMBER
                                          YEAR:     2014
                                          LATITUDE:   37  4 N
                                          LONGITUDE:  84  5 W

[TEMPERATURE DATA]      [PRECIPITATION DATA]       SYMBOLS USED IN COLUMN 16

AVERAGE MONTHLY: 42.3   TOTAL FOR MONTH:   3.18    1 = FOG OR MIST
DPTR FM NORMAL:   3.4   DPTR FM NORMAL:   -0.58    2 = FOG REDUCING VISIBILITY
HIGHEST:    64 ON 24    GRTST 24HR  1.06 ON 23-24      TO 1/4 MILE OR LESS
LOWEST:     21 ON 12                               3 = THUNDER
                        SNOW, ICE PELLETS, HAIL    4 = ICE PELLETS
                        TOTAL MONTH:    M          5 = HAIL
                        GRTST 24HR    M  ON   M    6 = FREEZING RAIN OR DRIZZLE
                        GRTST DEPTH:  M  ON   M    7 = DUSTSTORM OR SANDSTORM:
                                                       VSBY 1/2 MILE OR LESS
                                                   8 = SMOKE OR HAZE
[NO. OF DAYS WITH]      [WEATHER - DAYS WITH]      9 = BLOWING SNOW
                                                   X = TORNADO
MAX 32 OR BELOW:   0    0.01 INCH OR MORE:  11
MAX 90 OR ABOVE:   0    0.10 INCH OR MORE:   8
MIN 32 OR BELOW:  10    0.50 INCH OR MORE:   2
MIN  0 OR BELOW:   0    1.00 INCH OR MORE:   1

[HDD (BASE 65) ]
TOTAL THIS MO.   606    CLEAR  (SCALE 0-3)   4
DPTR FM NORMAL  -100    PTCLDY (SCALE 4-7)  15
TOTAL FM JUL 1  1550    CLOUDY (SCALE 8-10)  8
DPTR FM NORMAL    14

[CDD (BASE 65) ]
TOTAL THIS MO.     0
DPTR FM NORMAL     0    [PRESSURE DATA]
TOTAL FM JAN 1  1247    HIGHEST SLP M ON M
DPTR FM NORMAL    57    LOWEST  SLP 29.41 ON 24

[REMARKS]
