985
CXUS56 KMTR 191000
CF6LVK
PRELIMINARY LOCAL CLIMATOLOGICAL DATA (WS FORM: F-6)

                                          STATION:   LIVERMORE AIRPORT
                                          MONTH:     JANUARY
                                          YEAR:      2018
                                          LATITUDE:   37 42 N
                                          LONGITUDE: 121 49 W

  TEMPERATURE IN F:       :PCPN:    SNOW:  WIND      :SUNSHINE: SKY     :PK WND
================================================================================
1   2   3   4   5  6A  6B    7    8   9   10  11  12  13   14  15   16   17  18
                                     12Z  AVG MX 2MIN
DY MAX MIN AVG DEP HDD CDD  WTR  SNW DPTH SPD SPD DIR MIN PSBL S-S WX    SPD DR
================================================================================

 1  64  35  50   4  15   0 0.00  0.0    0  2.9 14  50   M    M   0 18     18  60
 2  62  42  52   6  13   0 0.00  0.0    0  3.9 14  40   M    M   0 8      17  50
 3  56  44  50   4  15   0 0.28    M    0  3.5 14  60   M    M   4 18     18  50
 4  68  46  57  11   8   0 0.03    M    0  5.2 16  60   M    M   6 128    20 230
 5  65  48  57  11   8   0 0.04    M    0  4.4 14 290   M    M   8 1      17 300
 6  60  44  52   6  13   0 0.03  0.0    0  3.2 12 270   M    M   5 1      14 270
 7  53  38  46   0  19   0 0.00  0.0    0  2.7 10  80   M    M   4 1      13  60
 8  56  48  52   6  13   0 1.60    M    0  3.2 10  60   M    M  10 1      13  50
 9  59  51  55   9  10   0 0.51  0.0    0  5.4 12 240   M    M  10 1      17 230
10  57  45  51   5  14   0 0.00  0.0    0  3.9 10 270   M    M   8 18     13 200
11  63  45  54   8  11   0 0.00  0.0    0  2.1  7  60   M    M   5 1       9  50
12  58  43  51   5  14   0 0.00  0.0    0  4.1 16  80   M    M   5 12     20  60
13  51  44  48   2  17   0 0.00  0.0    0 11.5 21  60   M    M   7 1      26  60
14  54  46  50   4  15   0 0.00  0.0    0  9.2 17  60   M    M   5 18     22  60
15  62  42  52   6  13   0 0.00  0.0    0  2.3 13  80   M    M   3 128    15  80
16  61  50  56  10   9   0    T  0.0    0  3.9 15  90   M    M   7 18     18  80
17  59  47  53   6  12   0 0.00  0.0    0  3.9 12  60   M    M   5 128    15  60
18  65  47  56   9   9   0 0.19    M    0  5.5 20 280   M    M   9 128    23 280
================================================================================
SM 1073  805       228   0  2.68     0.0  80.8          M      101
================================================================================
AV 59.6 44.7                               4.5 FASTST   M    M   6    MAX(MPH)
                                 MISC ---->  # 21  60               # 26   60
================================================================================
NOTES:
# LAST OF SEVERAL OCCURRENCES

COLUMN 17 PEAK WIND IN M.P.H.

PRELIMINARY LOCAL CLIMATOLOGICAL DATA (WS FORM: F-6) , PAGE 2

                                          STATION:  LIVERMORE AIRPORT
                                          MONTH:    JANUARY
                                          YEAR:     2018
                                          LATITUDE:   37 42 N
                                          LONGITUDE: 121 49 W

[TEMPERATURE DATA]      [PRECIPITATION DATA]       SYMBOLS USED IN COLUMN 16

AVERAGE MONTHLY: 52.2   TOTAL FOR MONTH:   2.68    1 = FOG OR MIST
DPTR FM NORMAL:   6.1   DPTR FM NORMAL:    0.61    2 = FOG REDUCING VISIBILITY
HIGHEST:    68 ON  4    GRTST 24HR  1.60 ON  8- 8      TO 1/4 MILE OR LESS
LOWEST:     35 ON  1                               3 = THUNDER
                        SNOW, ICE PELLETS, HAIL    4 = ICE PELLETS
                        TOTAL MONTH:   0.0 INCH    5 = HAIL
                        GRTST 24HR     0.0         6 = FREEZING RAIN OR DRIZZLE
                        GRTST DEPTH:   0           7 = DUSTSTORM OR SANDSTORM:
                                                       VSBY 1/2 MILE OR LESS
                                                   8 = SMOKE OR HAZE
[NO. OF DAYS WITH]      [WEATHER - DAYS WITH]      9 = BLOWING SNOW
                                                   X = TORNADO
MAX 32 OR BELOW:   0    0.01 INCH OR MORE:   7
MAX 90 OR ABOVE:   0    0.10 INCH OR MORE:   4
MIN 32 OR BELOW:   0    0.50 INCH OR MORE:   2
MIN  0 OR BELOW:   0    1.00 INCH OR MORE:   1

[HDD (BASE 65) ]
TOTAL THIS MO.   228    CLEAR  (SCALE 0-3)   3
DPTR FM NORMAL  -111    PTCLDY (SCALE 4-7)  12
TOTAL FM JUL 1  1115    CLOUDY (SCALE 8-10)  3
DPTR FM NORMAL  -255

[CDD (BASE 65) ]
TOTAL THIS MO.     0
DPTR FM NORMAL     0    [PRESSURE DATA]
TOTAL FM JAN 1     0    HIGHEST SLP M ON M
DPTR FM NORMAL     0    LOWEST  SLP 29.54 ON  9

[REMARKS]
