000
CXUS53 KTOP 020200
CF6LWC
PRELIMINARY LOCAL CLIMATOLOGICAL DATA (WS FORM: F-6)

                                          STATION:   Lawrence KS
                                          MONTH:     FEBRUARY
                                          YEAR:      2015
                                          LATITUDE:   39  0 N
                                          LONGITUDE:  95 13 W

  TEMPERATURE IN F:       :PCPN:    SNOW:  WIND      :SUNSHINE: SKY     :PK WND
================================================================================
1   2   3   4   5  6A  6B    7    8   9   10  11  12  13   14  15   16   17  18
                                     12Z  AVG MX 2MIN
DY MAX MIN AVG DEP HDD CDD  WTR  SNW DPTH SPD SPD DIR MIN PSBL S-S WX    SPD DR
================================================================================

 1  34   9  22  -9  43   0 0.28    M    M 17.0 37 330   M    M  10 18     44 330
 2  27   4  16 -15  49   0 0.00    M    M  8.7 21 320   M    M   1 8      25 330
 3  52  18  35   4  30   0 0.00    M    M  6.4 24 200   M    M   0        30 200
 4  34   4  19 -12  46   0 0.03    M    M  9.8 22 360   M    M   5 18     26  10
 5  30  -2  14 -18  51   0 0.00    M    M  7.1 16 170   M    M   1 18     21 160
 6  57  25  41   9  24   0 0.00    M    M  9.5 21 210   M    M   0        28 220
 7  65  32  49  17  16   0 0.00    M    M  8.0 18 200   M    M   0 18     22 200
 8  67  37  52  20  13   0 0.00    M    M  8.3 22 320   M    M   1 8      25 310
 9  43  27  35   3  30   0 0.00    M    M  7.1 14 350   M    M   7 18     17 360
10  53  26  40   7  25   0 0.00    M    M  7.4 17 140   M    M   2 18     23 130
11  40  20  30  -3  35   0 0.00    M    M 12.7 30 330   M    M   4 1      37 350
12  30  10  20 -13  45   0 0.00    M    M 10.5 32 350   M    M   4        39 360
13  48  19  34   0  31   0 0.00    M    M  6.5 16 320   M    M   1        19 320
14  41  19  30  -4  35   0 0.00    M    M 11.2 26  30   M    M   2        33  10
15  20  13  17 -17  48   0 0.04    M    M 11.8 18  80   M    M   6 18     23  90
16  25  12  19 -15  46   0 0.02    M    M  5.8 12 340   M    M   8 18     13  40
17  34  12  23 -12  42   0 0.03    M    M  9.1 25 310   M    M   6 18     33 310
18  21   2  12 -23  53   0 0.00    M    M 10.1 28 330   M    M   1        32 330
19  21   1  11 -24  54   0    T    M    M  7.5 16 120   M    M   6 8      19 120
20  39  13  26 -10  39   0 0.09    M    M  7.2 14 160   M    M   6 168    17 200
21  49  27  38   2  27   0 0.09    M    M  9.2 26 360   M    M   5 126    31 360
22  27  14  21 -15  44   0 0.00    M    M 14.3 23 360   M    M   4        31 360
23  24   8  16 -20  49   0 0.00    M    M  4.8 15  30   M    M   1        19  10
24  47  17  32  -5  33   0 0.00    M    M  8.8 18 260   M    M   0        23 230
25  55  19  37   0  28   0    T    M    M 12.8 35 340   M    M   3        43 360
26  23   5  14 -24  51   0    T    M    M 17.0 29 350   M    M   2 8      38 350
27  19  -1   9 -29  56   0 0.00    M    M  4.0 10  50   M    M   4        13  50
28  24  12  18 -20  47   0 0.05    M    M  5.7 13 140   M    M  10 18     15 140
================================================================================
SM 1049  402      1090   0  0.63    M    258.3          M      100
================================================================================
AV 37.5 14.4                               9.2 FASTST   M    M   4    MAX(MPH)
                                 MISC ---->  # 37 330               # 44  330
================================================================================
NOTES:
# LAST OF SEVERAL OCCURRENCES

COLUMN 17 PEAK WIND IN M.P.H.

PRELIMINARY LOCAL CLIMATOLOGICAL DATA (WS FORM: F-6) , PAGE 2

                                          STATION:  Lawrence KS
                                          MONTH:    FEBRUARY
                                          YEAR:     2015
                                          LATITUDE:   39  0 N
                                          LONGITUDE:  95 13 W

[TEMPERATURE DATA]      [PRECIPITATION DATA]       SYMBOLS USED IN COLUMN 16

AVERAGE MONTHLY: 25.9   TOTAL FOR MONTH:   0.63    1 = FOG OR MIST
DPTR FM NORMAL:  -8.2   DPTR FM NORMAL:   -0.67    2 = FOG REDUCING VISIBILITY
HIGHEST:    67 ON  8    GRTST 24HR  1.21 ON 31- 1      TO 1/4 MILE OR LESS
LOWEST:     -2 ON  5                               3 = THUNDER
                        SNOW, ICE PELLETS, HAIL    4 = ICE PELLETS
                        TOTAL MONTH:    M          5 = HAIL
                        GRTST 24HR    M  ON   M    6 = FREEZING RAIN OR DRIZZLE
                        GRTST DEPTH:  M  ON   M    7 = DUSTSTORM OR SANDSTORM:
                                                       VSBY 1/2 MILE OR LESS
                                                   8 = SMOKE OR HAZE
[NO. OF DAYS WITH]      [WEATHER - DAYS WITH]      9 = BLOWING SNOW
                                                   X = TORNADO
MAX 32 OR BELOW:  12    0.01 INCH OR MORE:   8
MAX 90 OR ABOVE:   0    0.10 INCH OR MORE:   1
MIN 32 OR BELOW:  27    0.50 INCH OR MORE:   0
MIN  0 OR BELOW:   2    1.00 INCH OR MORE:   0

[HDD (BASE 65) ]
TOTAL THIS MO.  1090    CLEAR  (SCALE 0-3)  13
DPTR FM NORMAL   226    PTCLDY (SCALE 4-7)  12
TOTAL FM JUL 1  4289    CLOUDY (SCALE 8-10)  3
DPTR FM NORMAL   274

[CDD (BASE 65) ]
TOTAL THIS MO.     0
DPTR FM NORMAL     0    [PRESSURE DATA]
TOTAL FM JAN 1     0    HIGHEST SLP 30.83 ON 23
DPTR FM NORMAL     0    LOWEST  SLP 29.63 ON  7

[REMARKS]
#FINAL-02-15#
