000
CXUS53 KDMX 290920
CF6LWD
PRELIMINARY LOCAL CLIMATOLOGICAL DATA (WS FORM: F-6)

                                          STATION:   LAMONI IA
                                          MONTH:     APRIL
                                          YEAR:      2017
                                          LATITUDE:   40 37 N
                                          LONGITUDE:  93 56 W

  TEMPERATURE IN F:       :PCPN:    SNOW:  WIND      :SUNSHINE: SKY     :PK WND
================================================================================
1   2   3   4   5  6A  6B    7    8   9   10  11  12  13   14  15   16   17  18
                                     12Z  AVG MX 2MIN
DY MAX MIN AVG DEP HDD CDD  WTR  SNW DPTH SPD SPD DIR MIN PSBL S-S WX    SPD DR
================================================================================

 1  53  39  46  -1  19   0 0.00  0.0    0  5.5 14  90   M    M   7        17 100
 2  58  46  52   5  13   0 0.07    M    0  6.1 13 160   M    M  10 1      17 140
 3  55  50  53   5  12   0 1.48  0.0    0  8.6 17 310   M    M   9 1      20 310
 4  55  46  51   3  14   0 0.45  0.0    0  9.9 17  40   M    M   9 1      22  40
 5  50  39  45  -3  20   0 0.86    M    0 17.1 32  40   M    M   9        45  30
 6  56  35  46  -3  19   0 0.00  0.0    0 12.2 23 310   M    M   1        30 330
 7  60  32  46  -3  19   0 0.00  0.0    0  7.6 15 180   M    M   0        20 150
 8  75  47  61  12   4   0 0.00  0.0    0 13.1 24 190   M    M   0        34 180
 9  78  58  68  18   0   3 0.17  0.0    0 14.7 30 270   M    M   1 1      44 290
10  65  41  53   3  12   0 0.31    M    0 15.1 30 290   M    M   5 1      36 290
11  63  37  50   0  15   0 0.00  0.0    0  8.1 17 300   M    M   3        22 320
12  70  44  57   6   8   0 0.00  0.0    0  8.6 18 200   M    M   2        23 180
13  76  55  66  15   0   1 0.00  0.0    0  7.3 14 200   M    M   4        17 210
14  73  59  66  15   0   1 0.11  0.0    0 10.3 21 180   M    M   6 1      29 180
15  80  59  70  18   0   5 0.14  0.0    0 14.4 30 280   M    M   2 3      38 280
16  67  51  59   7   6   0 0.00  0.0    0  8.4 23 360   M    M   2        28 360
17  73  45  59   7   6   0 0.00  0.0    0  5.1 10 150   M    M   0        15 180
18  75  51  63  11   2   0 0.02  0.0    0 10.0 23 200   M    M   4        30 190
19  81  55  68  15   0   3 0.23  0.0    0 13.0 28 190   M    M   6 13     39 190
20  70  44  57   4   8   0 0.01  0.0    0 14.3 25 290   M    M   6 13     32 290
21  56  38  47  -6  18   0 0.00  0.0    0 10.6 24  50   M    M   0        32  50
22  65  43  54   0  11   0 0.00  0.0    0  9.5 23  20   M    M   0        31  20
23  70  40  55   1  10   0 0.00  0.0    0  6.2 14 190   M    M   0        18 170
24  75  46  61   7   4   0 0.00  0.0    0 12.4 29 180   M    M   1        40 160
25  73  47  60   5   5   0 0.52  0.0    0  9.2 21 300   M    M   5 138    25 320
26  49  40  45 -10  20   0 0.55  0.0    0 15.8 23 310   M    M   9 13     29 310
27  59  38  49  -6  16   0    T    M    0 11.2 22 300   M    M   7        27 300
28  49  39  44 -12  21   0 0.72    M    0 14.0 22  50   M    M  10 1      29  70
================================================================================
SM 1829 1264       282  13  5.64     0.0 298.3          M      118
================================================================================
AV 65.3 45.1                              10.7 FASTST   M    M   4    MAX(MPH)
                                 MISC ---->  # 32  40               # 45   30
================================================================================
NOTES:
# LAST OF SEVERAL OCCURRENCES

COLUMN 17 PEAK WIND IN M.P.H.

PRELIMINARY LOCAL CLIMATOLOGICAL DATA (WS FORM: F-6) , PAGE 2

                                          STATION:  LAMONI IA
                                          MONTH:    APRIL
                                          YEAR:     2017
                                          LATITUDE:   40 37 N
                                          LONGITUDE:  93 56 W

[TEMPERATURE DATA]      [PRECIPITATION DATA]       SYMBOLS USED IN COLUMN 16

AVERAGE MONTHLY: 55.2   TOTAL FOR MONTH:   5.64    1 = FOG OR MIST
DPTR FM NORMAL:   3.9   DPTR FM NORMAL:    2.31    2 = FOG REDUCING VISIBILITY
HIGHEST:    81 ON 19    GRTST 24HR  1.51 ON  2- 3      TO 1/4 MILE OR LESS
LOWEST:     32 ON  7                               3 = THUNDER
                        SNOW, ICE PELLETS, HAIL    4 = ICE PELLETS
                        TOTAL MONTH:   0.0 INCH    5 = HAIL
                        GRTST 24HR     0.0         6 = FREEZING RAIN OR DRIZZLE
                        GRTST DEPTH:   0           7 = DUSTSTORM OR SANDSTORM:
                                                       VSBY 1/2 MILE OR LESS
                                                   8 = SMOKE OR HAZE
[NO. OF DAYS WITH]      [WEATHER - DAYS WITH]      9 = BLOWING SNOW
                                                   X = TORNADO
MAX 32 OR BELOW:   0    0.01 INCH OR MORE:  14
MAX 90 OR ABOVE:   0    0.10 INCH OR MORE:  11
MIN 32 OR BELOW:   1    0.50 INCH OR MORE:   5
MIN  0 OR BELOW:   0    1.00 INCH OR MORE:   1

[HDD (BASE 65) ]
TOTAL THIS MO.   282    CLEAR  (SCALE 0-3)  12
DPTR FM NORMAL  -105    PTCLDY (SCALE 4-7)  10
TOTAL FM JUL 1  4673    CLOUDY (SCALE 8-10)  6
DPTR FM NORMAL -1203

[CDD (BASE 65) ]
TOTAL THIS MO.    13
DPTR FM NORMAL    13    [PRESSURE DATA]
TOTAL FM JAN 1    13    HIGHEST SLP M ON M
DPTR FM NORMAL    12    LOWEST  SLP 29.39 ON 25

[REMARKS]
