000
CXUS56 KOTX 291500
CF6LWS
PRELIMINARY LOCAL CLIMATOLOGICAL DATA (WS FORM: F-6)

                                          STATION:   LEWISTON ID AIRPORT
                                          MONTH:     MAY
                                          YEAR:      2016
                                          LATITUDE:   46 22 N
                                          LONGITUDE: 117  1 W

  TEMPERATURE IN F:       :PCPN:    SNOW:  WIND      :SUNSHINE: SKY     :PK WND
================================================================================
1   2   3   4   5  6A  6B    7    8   9   10  11  12  13   14  15   16   17  18
                                     12Z  AVG MX 2MIN
DY MAX MIN AVG DEP HDD CDD  WTR  SNW DPTH SPD SPD DIR MIN PSBL S-S WX    SPD DR
================================================================================

 1  74  42  58   3   7   0 0.00  0.0    0  3.1  9 200   M    M   0 128    13 280
 2  83  48  66  11   0   1 0.00  0.0    0  5.0 10 200   M    M   0        17  70
 3  86  52  69  14   0   4 0.00  0.0    0  5.2 13  90   M    M   0        17  40
 4  80  55  68  12   0   3 0.00  0.0    0  5.6 29 300   M    M   0        36 290
 5  77  55  66  10   0   1 0.25  0.0    0  6.6 15 300   M    M   2 13     20 290
 6  80  56  68  12   0   3    T  0.0    0  5.2 10  70   M    M   2        15  80
 7  83  54  69  12   0   4    M  0.0    0  5.3 14 270   M    M   0        18 280
 8  78  56  67  10   0   2    M  0.0    0 10.6 30 310   M    M   1        38 320
 9  63  45  54  -3  11   0 0.00  0.0    0 11.0 24 260   M    M   6        33 260
10  69  40  55  -3  10   0    T    M    0  4.3 15  40   M    M   2        20  40
11  78  44  61   3   4   0 0.00  0.0    0  7.5 17 150   M    M   0        22 130
12  85  58  72  14   0   7 0.00  0.0    0  5.1 14 320   M    M   0        20 310
13  86  52  69  11   0   4    T  0.0    0  5.9 15  50   M    M   0        20  40
14  68  54  61   2   4   0 0.13  0.0    0  5.3 16 320   M    M   4 1      22 300
15  55  51  53  -6  12   0 0.30  0.0    0  2.8 10 310   M    M   9        13 350
16  69  50  60   1   5   0 0.00  0.0    0  3.4 10 190   M    M   7        12 300
17  78  48  63   4   2   0 0.00  0.0    0  3.5  8 200   M    M   0        12  30
18  83  55  69   9   0   4 0.21  0.0    0  4.4 28 290   M    M   2 3      38 290
19  64  50  57  -3   8   0    T  0.0    0  6.1 18 290   M    M   8        24 290
20  64  46  55  -5  10   0 0.11    M    0  4.5 16 170   M    M   8        18 170
21  63  47  55  -5  10   0 0.45    M    0  4.9 20 160   M    M   8 1      25 170
22  66  49  58  -3   7   0 0.07  0.0    0  7.6 22 260   M    M   9        26 270
23  63  51  57  -4   8   0 0.00  0.0    0  6.0 16 240   M    M   5        19 230
24  70  51  61   0   4   0 0.01  0.0    0  4.6 10 130   M    M   7        14 130
25  76  49  63   2   2   0 0.00  0.0    0  3.6 13 260   M    M   4        17 310
26  72  49  61  -1   4   0 0.00  0.0    0  5.6 17 320   M    M   4        23 320
27  68  48  58  -4   7   0    T  0.0    0  6.8 21 260   M    M   7        31 260
28  73  45  59  -3   6   0 0.00  0.0    0  4.0 12 350   M    M   1        16  80
================================================================================
SM 2054 1400       121  33  1.53     0.0 153.5          M       96
================================================================================
AV 73.4 50.0                               5.5 FASTST   M    M   3    MAX(MPH)
                                 MISC ---->  # 30 310               # 38  320
================================================================================
NOTES:
# LAST OF SEVERAL OCCURRENCES

COLUMN 17 PEAK WIND IN M.P.H.

PRELIMINARY LOCAL CLIMATOLOGICAL DATA (WS FORM: F-6) , PAGE 2

                                          STATION:  LEWISTON ID AIRPORT
                                          MONTH:    MAY
                                          YEAR:     2016
                                          LATITUDE:   46 22 N
                                          LONGITUDE: 117  1 W

[TEMPERATURE DATA]      [PRECIPITATION DATA]       SYMBOLS USED IN COLUMN 16

AVERAGE MONTHLY: 61.7   TOTAL FOR MONTH:   1.53    1 = FOG OR MIST
DPTR FM NORMAL:   3.0   DPTR FM NORMAL:    0.09    2 = FOG REDUCING VISIBILITY
HIGHEST:    86 ON 13, 3 GRTST 24HR  0.51 ON 21-22      TO 1/4 MILE OR LESS
LOWEST:     40 ON 10                               3 = THUNDER
                        SNOW, ICE PELLETS, HAIL    4 = ICE PELLETS
                        TOTAL MONTH:   0.0 INCH    5 = HAIL
                        GRTST 24HR     0.0         6 = FREEZING RAIN OR DRIZZLE
                        GRTST DEPTH:   0           7 = DUSTSTORM OR SANDSTORM:
                                                       VSBY 1/2 MILE OR LESS
                                                   8 = SMOKE OR HAZE
[NO. OF DAYS WITH]      [WEATHER - DAYS WITH]      9 = BLOWING SNOW
                                                   X = TORNADO
MAX 32 OR BELOW:   0    0.01 INCH OR MORE:   8
MAX 90 OR ABOVE:   0    0.10 INCH OR MORE:   6
MIN 32 OR BELOW:   0    0.50 INCH OR MORE:   0
MIN  0 OR BELOW:   0    1.00 INCH OR MORE:   0

[HDD (BASE 65) ]
TOTAL THIS MO.   121    CLEAR  (SCALE 0-3)  15
DPTR FM NORMAL   -86    PTCLDY (SCALE 4-7)  10
TOTAL FM JUL 1  4165    CLOUDY (SCALE 8-10)  3
DPTR FM NORMAL  -922

[CDD (BASE 65) ]
TOTAL THIS MO.    33
DPTR FM NORMAL     7    [PRESSURE DATA]
TOTAL FM JAN 1    40    HIGHEST SLP M ON M
DPTR FM NORMAL    12    LOWEST  SLP  0.00 ON M

[REMARKS]
