000
CXUS56 KTFX 261205
CF6LWT
PRELIMINARY LOCAL CLIMATOLOGICAL DATA (WS FORM: F-6)

                                          STATION:   LEWISTOWN MT
                                          MONTH:     SEPTEMBER
                                          YEAR:      2016
                                          LATITUDE:   47  2 N
                                          LONGITUDE: 109 28 W

  TEMPERATURE IN F:       :PCPN:    SNOW:  WIND      :SUNSHINE: SKY     :PK WND
================================================================================
1   2   3   4   5  6A  6B    7    8   9   10  11  12  13   14  15   16   17  18
                                     12Z  AVG MX 2MIN
DY MAX MIN AVG DEP HDD CDD  WTR  SNW DPTH SPD SPD DIR MIN PSBL S-S WX    SPD DR
================================================================================

 1  92  59  76  16   0  11    T    M    0  6.8 23 110   M    M   1 3      30 300
 2  80  56  68   8   0   3 0.00    M    0  8.3 21 300   M    M   1        30 310
 3  71  52  62   2   3   0 0.05    M    0  6.2 21 150   M    M   8        25 150
 4  52  47  50  -9  15   0 0.78    M    0  6.9 16  20   M    M  10 1      21  10
 5  51  38  45 -14  20   0 0.05    M    0  6.3 16  90   M    M   8 1      20  90
 6  70  37  54  -5  11   0    T    M    0  7.0 21 240   M    M   3        26 230
 7  67  46  57  -1   8   0 0.02    M    0  9.8 22 290   M    M   3        29 270
 8  69  45  57  -1   8   0    T    M    0 14.7 33 260   M    M   5        44 300
 9  61  38  50  -7  15   0 0.09    M    0  9.0 17 270   M    M   6 18     24 300
10  77  40  59   2   6   0 0.00    M    0 10.2 24 300   M    M   0        35 270
11  71  40  56  -1   9   0 0.23    M    0 11.1 21 310   M    M   5 1      29 320
12  45  36  41 -15  24   0 0.15    M    0  7.2 14 310   M    M   9 1      20 310
13  55  30  43 -13  22   0 0.00    M    0  5.6 16 140   M    M   2        19 130
14  63  34  49  -6  16   0 0.05    M    0  4.3  8 200   M    M   3        11 320
15  65  43  54  -1  11   0 0.02    M    0  5.2 12 190   M    M   6        13  20
16  73  40  57   2   8   0 0.00    M    0  6.1 14 350   M    M   1        20 300
17  75  42  59   5   6   0    T    M    0 14.7 29 250   M    M   4        36 240
18  68  47  58   4   7   0 0.00    M    0 15.7 31 300   M    M   4        42 300
19  69  39  54   1  11   0 0.00    M    0  7.1 16 270   M    M   1        20 260
20  64  40  52  -1  13   0 0.11    M    0  5.6 14 360   M    M   5 1      18  20
21  51  46  49  -4  16   0 0.19    M    0  8.1 17 110   M    M  10 1      20 110
22  54  47  51  -1  14   0 0.28    M    0  8.7 14  90   M    M   9 1      22 190
23  54  46  50  -2  15   0 0.24    M    0  5.3 12 280   M    M   9 1      14 300
24  59  43  51  -1  14   0 0.15    M    0 12.2 30 310   M    M   7 1      41 310
25  63  34  49  -2  16   0 0.00    M    0  6.9 16 300   M    M   3        21 300
================================================================================
SM 1619 1065       288  14  2.41    M    209.0          M      123
================================================================================
AV 64.8 42.6                               8.4 FASTST   M    M   5    MAX(MPH)
                                 MISC ---->  # 33 260               # 44  300
================================================================================
NOTES:
# LAST OF SEVERAL OCCURRENCES

COLUMN 17 PEAK WIND IN M.P.H.

PRELIMINARY LOCAL CLIMATOLOGICAL DATA (WS FORM: F-6) , PAGE 2

                                          STATION:  LEWISTOWN MT
                                          MONTH:    SEPTEMBER
                                          YEAR:     2016
                                          LATITUDE:   47  2 N
                                          LONGITUDE: 109 28 W

[TEMPERATURE DATA]      [PRECIPITATION DATA]       SYMBOLS USED IN COLUMN 16

AVERAGE MONTHLY: 53.7   TOTAL FOR MONTH:   2.41    1 = FOG OR MIST
DPTR FM NORMAL:  -2.1   DPTR FM NORMAL:    1.27    2 = FOG REDUCING VISIBILITY
HIGHEST:    92 ON  1    GRTST 24HR  0.78 ON  4- 4      TO 1/4 MILE OR LESS
LOWEST:     30 ON 13                               3 = THUNDER
                        SNOW, ICE PELLETS, HAIL    4 = ICE PELLETS
                        TOTAL MONTH:    M          5 = HAIL
                        GRTST 24HR    M  ON   M    6 = FREEZING RAIN OR DRIZZLE
                        GRTST DEPTH:   0           7 = DUSTSTORM OR SANDSTORM:
                                                       VSBY 1/2 MILE OR LESS
                                                   8 = SMOKE OR HAZE
[NO. OF DAYS WITH]      [WEATHER - DAYS WITH]      9 = BLOWING SNOW
                                                   X = TORNADO
MAX 32 OR BELOW:   0    0.01 INCH OR MORE:  14
MAX 90 OR ABOVE:   1    0.10 INCH OR MORE:   8
MIN 32 OR BELOW:   1    0.50 INCH OR MORE:   1
MIN  0 OR BELOW:   0    1.00 INCH OR MORE:   0

[HDD (BASE 65) ]
TOTAL THIS MO.   288    CLEAR  (SCALE 0-3)   7
DPTR FM NORMAL    44    PTCLDY (SCALE 4-7)  13
TOTAL FM JUL 1   399    CLOUDY (SCALE 8-10)  5
DPTR FM NORMAL    -3

[CDD (BASE 65) ]
TOTAL THIS MO.    14
DPTR FM NORMAL     1    [PRESSURE DATA]
TOTAL FM JAN 1   259    HIGHEST SLP M ON M
DPTR FM NORMAL    50    LOWEST  SLP 29.67 ON  2

[REMARKS]
