520
CXUS53 KILX 302300
CF6LWV
PRELIMINARY LOCAL CLIMATOLOGICAL DATA (WS FORM: F-6)

                                          STATION:   LAWRENCEVILLE IL AIRPORT
                                          MONTH:     APRIL
                                          YEAR:      2017
                                          LATITUDE:   38 45 N
                                          LONGITUDE:  87 36 W

  TEMPERATURE IN F:       :PCPN:    SNOW:  WIND      :SUNSHINE: SKY     :PK WND
================================================================================
1   2   3   4   5  6A  6B    7    8   9   10  11  12  13   14  15   16   17  18
                                     12Z  AVG MX 2MIN
DY MAX MIN AVG DEP HDD CDD  WTR  SNW DPTH SPD SPD DIR MIN PSBL S-S WX    SPD DR
================================================================================

 1  53  41  47  -4  18   0 0.00    M    M  6.3 13 330   M    M   7        18 330
 2  67  39  53   2  12   0 0.00    M    M  7.3 18  90   M    M   0 1      20 100
 3  71  54  63  12   2   0 0.17    M    M 11.6 32 210   M    M   8 1      38 210
 4  68  53  61   9   4   0 0.00    M    M 11.6 21 280   M    M   7        25 280
 5  67  45  56   4   9   0 0.91    M    M 11.6 26 260   M    M   6 13     33 250
 6  57  41  49  -3  16   0 0.02    M    M 20.2 36 320   M    M   9 1      43 320
 7  58  34  46  -7  19   0 0.00    M    M 10.0 22 300   M    M   0        33 300
 8  69  34  52  -1  13   0 0.00    M    M  9.9 20 170   M    M   0        25 160
 9  77  51  64  10   1   0 0.00    M    M 18.0 35 200   M    M   0        43 190
10  75  59  67  13   0   2 0.00    M    M 16.7 29 210   M    M   5 3      38 200
11  67  46  57   3   8   0    T    M    M  8.6 15 330   M    M   2 3      18 300
12  71  40  56   1   9   0 0.00    M    M  3.4 12  50   M    M   0 1      15  40
13  80  46  63   8   2   0 0.00    M    M  6.6 15 180   M    M   1 8      18 180
14  84  53  69  13   0   4    T    M    M  7.1 20 180   M    M   2        23 180
15  83  62  73  17   0   8 0.00    M    M 14.5 31 210   M    M   1        39 210
16  77  60  69  13   0   4 0.43    M    M  7.2 20  10   M    M   5 13     29  10
17  69  54  62   5   3   0 0.00    M    M  6.6 15  60   M    M   5        19  70
18  78  54  66   9   0   1 0.00    M    M  8.6 21 140   M    M   7        25 140
19  83  58  71  14   0   6 0.00    M    M  9.5 18 210   M    M   2 18     25 230
20  81  61  71  13   0   6 0.16    M    M 13.7 26 220   M    M   5 13     31 230
21  61  47  54  -4  11   0 0.19    M    M  8.6 17 340   M    M   6 1      22 350
22  58  46  52  -6  13   0 0.01    M    M 13.6 21  30   M    M   6        28  60
23  73  42  58  -1   7   0 0.00    M    M 13.3 23  30   M    M   0        29  30
24  78  46  62   3   3   0 0.00    M    M  8.5 20  80   M    M   0 8      24  80
25  79  52  66   6   0   1 0.00    M    M 10.7 24 160   M    M   0        30 150
26  84  60  72  12   0   7 0.22    M    M 14.1 30 290   M    M   3 1      36 290
27  62  46  54  -6  11   0 0.13    M    0 12.2 26 190   M    M   8 1      30 190
28  69  45  57  -3   8   0 0.23    M    0  8.5 59 300   M    M   5 13     86 310
29  80  59  70   9   0   5 0.87    M    M 10.1 32 300   M    M   6 13     37 290
================================================================================
SM 2079 1428       169  44  3.34    M    308.6          M      106
================================================================================
AV 71.7 49.2                              10.6 FASTST   M    M   4    MAX(MPH)
                                 MISC ---->  # 59 300               # 86  310
================================================================================
NOTES:
# LAST OF SEVERAL OCCURRENCES

COLUMN 17 PEAK WIND IN M.P.H.

PRELIMINARY LOCAL CLIMATOLOGICAL DATA (WS FORM: F-6) , PAGE 2

                                          STATION:  LAWRENCEVILLE IL AIRPORT
                                          MONTH:    APRIL
                                          YEAR:     2017
                                          LATITUDE:   38 45 N
                                          LONGITUDE:  87 36 W

[TEMPERATURE DATA]      [PRECIPITATION DATA]       SYMBOLS USED IN COLUMN 16

AVERAGE MONTHLY: 60.5   TOTAL FOR MONTH:   3.34    1 = FOG OR MIST
DPTR FM NORMAL:   4.6   DPTR FM NORMAL:   -0.60    2 = FOG REDUCING VISIBILITY
HIGHEST:    84 ON 26,14 GRTST 24HR  0.91 ON  5- 5      TO 1/4 MILE OR LESS
LOWEST:     34 ON  8, 7                            3 = THUNDER
                        SNOW, ICE PELLETS, HAIL    4 = ICE PELLETS
                        TOTAL MONTH:    M          5 = HAIL
                        GRTST 24HR    M  ON   M    6 = FREEZING RAIN OR DRIZZLE
                        GRTST DEPTH:   0           7 = DUSTSTORM OR SANDSTORM:
                                                       VSBY 1/2 MILE OR LESS
                                                   8 = SMOKE OR HAZE
[NO. OF DAYS WITH]      [WEATHER - DAYS WITH]      9 = BLOWING SNOW
                                                   X = TORNADO
MAX 32 OR BELOW:   0    0.01 INCH OR MORE:  11
MAX 90 OR ABOVE:   0    0.10 INCH OR MORE:   9
MIN 32 OR BELOW:   0    0.50 INCH OR MORE:   2
MIN  0 OR BELOW:   0    1.00 INCH OR MORE:   0

[HDD (BASE 65) ]
TOTAL THIS MO.   169    CLEAR  (SCALE 0-3)  13
DPTR FM NORMAL  -121    PTCLDY (SCALE 4-7)  14
TOTAL FM JUL 1  3789    CLOUDY (SCALE 8-10)  2
DPTR FM NORMAL  -798

[CDD (BASE 65) ]
TOTAL THIS MO.    44
DPTR FM NORMAL    21    [PRESSURE DATA]
TOTAL FM JAN 1    46    HIGHEST SLP M ON M
DPTR FM NORMAL    21    LOWEST  SLP 29.40 ON  5

[REMARKS]
