000
CXUS53 KGID 250730
CF6LXN
PRELIMINARY LOCAL CLIMATOLOGICAL DATA (WS FORM: F-6)

                                          STATION:   LEXINGTON
                                          MONTH:     MAY
                                          YEAR:      2017
                                          LATITUDE:   40 47 N
                                          LONGITUDE:  99 46 W

  TEMPERATURE IN F:       :PCPN:    SNOW:  WIND      :SUNSHINE: SKY     :PK WND
================================================================================
1   2   3   4   5  6A  6B    7    8   9   10  11  12  13   14  15   16   17  18
                                     12Z  AVG MX 2MIN
DY MAX MIN AVG DEP HDD CDD  WTR  SNW DPTH SPD SPD DIR MIN PSBL S-S WX    SPD DR
================================================================================

 1  62  33  48   M  17   0    T    M    M 10.3 20 300   M    M   2        18 350
 2  58  36  47   M  18   0    T    M    M  6.4 13 230   M    M   6         M  M
 3  59  36  48   M  17   0 0.01    M    M 10.0 22 350   M    M   5        29 360
 4  68  36  52   M  13   0 0.00    M    M  7.7 13 350   M    M   1        18 350
 5  78  36  57   M   8   0 0.00    M    M  3.8 12 180   M    M   0         M  M
 6  83  42  63   M   2   0 0.00    M    M  5.3 15 150   M    M   0        16 180
 7  86  55  71   M   0   6 0.00    M    M 14.6 27 170   M    M   0 3      30 170
 8  85  56  71   M   0   6 0.00    M    M  6.7 18 220   M    M   1        27 220
 9  74  54  64   M   1   0    T    M    M  9.6 16  70   M    M   3 3      21  70
10  60  51  56   M   9   0 0.50    M    M  9.6 20  60   M    M   9 13     23  30
11  67  45  56   M   9   0 0.00    M    M 10.8 17  30   M    M   5        27  20
12  73  38  56   M   9   0 0.00    M    M  6.6 12 130   M    M   0         M  M
13  77  45  61   M   4   0 0.00    M    M 16.1 25 170   M    M   0        38 170
14  81  55  68   M   0   3 0.00    M    M 10.8 20  10   M    M   0        31  10
15  86  56  71   M   0   6 0.21    M    M 10.0 35 200   M    M   2 3      53 200
16  78  56  67   M   0   2 0.61    M    M  9.3 21 170   M    M   3 3      29 170
17  62  50  56   M   9   0 0.57    M    M 11.6 25  20   M    M   8 3      33 310
18  51  48  50   M  15   0 0.12    M    M 16.2 21  60   M    M  10        28  50
19  51  43  47   M  18   0 0.64    M    M 14.1 18  50   M    M  10        23  50
20   M  35   M   M   M   M 0.57    M    0 16.1 25 320   M    M   9 1      29 330
21  69  33  51   M  14   0 0.00    M    M  7.7 14 300   M    M   2 1      22 290
22  72  46  59   M   6   0 0.12    M    M 10.9 23 330   M    M   4        29 330
23  59  41  50   M  15   0 0.00    M    M 15.1 27 340   M    M   7        33 360
24  68  37  53   M  12   0 0.00    M    M  8.3 15 150   M    M   1        20 150
================================================================================
SM 1607 1063       196  23  3.35    M    247.6          M       88
================================================================================
AV 69.9 44.3                              10.3 FASTST   M    M   4    MAX(MPH)
                                 MISC ---->  # 35 200               # 53  200
================================================================================
NOTES:
# LAST OF SEVERAL OCCURRENCES

COLUMN 17 PEAK WIND IN M.P.H.

PRELIMINARY LOCAL CLIMATOLOGICAL DATA (WS FORM: F-6) , PAGE 2

                                          STATION:  LEXINGTON
                                          MONTH:    MAY
                                          YEAR:     2017
                                          LATITUDE:   40 47 N
                                          LONGITUDE:  99 46 W

[TEMPERATURE DATA]      [PRECIPITATION DATA]       SYMBOLS USED IN COLUMN 16

AVERAGE MONTHLY: 57.1   TOTAL FOR MONTH:   3.35    1 = FOG OR MIST
DPTR FM NORMAL:     M   DPTR FM NORMAL:       M    2 = FOG REDUCING VISIBILITY
HIGHEST:    86 ON 15, 7 GRTST 24HR  0.64 ON 19-19      TO 1/4 MILE OR LESS
LOWEST:     33 ON 21, 1                            3 = THUNDER
                        SNOW, ICE PELLETS, HAIL    4 = ICE PELLETS
                        TOTAL MONTH:    M          5 = HAIL
                        GRTST 24HR    M  ON   M    6 = FREEZING RAIN OR DRIZZLE
                        GRTST DEPTH:   0           7 = DUSTSTORM OR SANDSTORM:
                                                       VSBY 1/2 MILE OR LESS
                                                   8 = SMOKE OR HAZE
[NO. OF DAYS WITH]      [WEATHER - DAYS WITH]      9 = BLOWING SNOW
                                                   X = TORNADO
MAX 32 OR BELOW:   0    0.01 INCH OR MORE:   9
MAX 90 OR ABOVE:   0    0.10 INCH OR MORE:   8
MIN 32 OR BELOW:   0    0.50 INCH OR MORE:   5
MIN  0 OR BELOW:   0    1.00 INCH OR MORE:   0

[HDD (BASE 65) ]
TOTAL THIS MO.   196    CLEAR  (SCALE 0-3)  13
DPTR FM NORMAL     M    PTCLDY (SCALE 4-7)   7
TOTAL FM JUL 1  5417    CLOUDY (SCALE 8-10)  4
DPTR FM NORMAL     M

[CDD (BASE 65) ]
TOTAL THIS MO.    23
DPTR FM NORMAL     M    [PRESSURE DATA]
TOTAL FM JAN 1    29    HIGHEST SLP M ON M
DPTR FM NORMAL     M    LOWEST  SLP M ON M

[REMARKS]
