000
CXUS55 KPUB 221059
CF6LXV
PRELIMINARY LOCAL CLIMATOLOGICAL DATA (WS FORM: F-6)

                                          STATION:   LEADVILLE CO
                                          MONTH:     JULY
                                          YEAR:      2017
                                          LATITUDE:   39 15 N
                                          LONGITUDE: 106 18 W

  TEMPERATURE IN F:       :PCPN:    SNOW:  WIND      :SUNSHINE: SKY     :PK WND
================================================================================
1   2   3   4   5  6A  6B    7    8   9   10  11  12  13   14  15   16   17  18
                                     12Z  AVG MX 2MIN
DY MAX MIN AVG DEP HDD CDD  WTR  SNW DPTH SPD SPD DIR MIN PSBL S-S WX    SPD DR
================================================================================

 1  72  35  54   1  11   0 0.00  0.0    0  6.0 23 290   M    M   2        30 300
 2  73  33  53   0  12   0 0.04  0.0    0  6.9 30 290   M    M   2 3      47 280
 3  70  35  53   0  12   0 0.00  0.0    0  8.6 28 340   M    M   2        38 210
 4  75  34  55   2  10   0 0.00  0.0    0  6.0 25 360   M    M   2 8      33 350
 5  77  36  57   4   8   0    T  0.0    0  4.4 22 350   M    M   1 8      32 340
 6  79  37  58   5   7   0    T  0.0    0  7.1 24 170   M    M   3 3      33 350
 7  76  39  58   4   7   0 0.04  0.0    0  5.7 29 300   M    M   3 3      35 300
 8  76  37  57   3   8   0 0.02  0.0    0  6.2 25  10   M    M   3        32 350
 9  79  35  57   3   8   0    T  0.0    0  6.8 22 360   M    M   3        28 360
10  77  42  60   6   5   0 0.04  0.0    0  5.0 25 140   M    M   3 3      32 140
11  72  41  57   3   8   0 0.01  0.0    0  5.9 29 180   M    M   6 3      35 180
12  66  44  55   1  10   0 0.78  0.0    0  5.1 15 360   M    M   9 13     21 150
13  64  43  54   0  11   0 0.07  0.0    0  4.9 20 180   M    M   8 12     23 190
14  67  38  53  -1  12   0 0.38  0.0    0  4.8 15 350   M    M   5 13     20 350
15  74  40  57   3   8   0    T  0.0    0  4.4 16 180   M    M   4        20 250
16  76  39  58   4   7   0 0.00  0.0    0  7.1 28 360   M    M   2        38 360
17  73  39  56   1   9   0 0.01  0.0    0  5.0 18 170   M    M   3 3      22 170
18  74  41  58   3   7   0 0.15  0.0    0  5.2 18 150   M    M   4 13     25 150
19  73  42  58   3   7   0 0.14  0.0    0  4.6 21 170   M    M   5 13     28 100
20  71  42  57   2   8   0 0.02  0.0    0  4.7 15 350   M    M   4 3      19 340
21  71  42  57   2   8   0 0.03  0.0    0  5.6 17 310   M    M   4 13     23 330
================================================================================
SM 1535  814       183   0  1.73     0.0 120.0          M       78
================================================================================
AV 73.1 38.8                               5.7 FASTST   M    M   4    MAX(MPH)
                                 MISC ---->  # 30 290               # 47  280
================================================================================
NOTES:
# LAST OF SEVERAL OCCURRENCES

COLUMN 17 PEAK WIND IN M.P.H.

PRELIMINARY LOCAL CLIMATOLOGICAL DATA (WS FORM: F-6) , PAGE 2

                                          STATION:  LEADVILLE CO
                                          MONTH:    JULY
                                          YEAR:     2017
                                          LATITUDE:   39 15 N
                                          LONGITUDE: 106 18 W

[TEMPERATURE DATA]      [PRECIPITATION DATA]       SYMBOLS USED IN COLUMN 16

AVERAGE MONTHLY: 55.9   TOTAL FOR MONTH:   1.73    1 = FOG OR MIST
DPTR FM NORMAL:   2.0   DPTR FM NORMAL:    0.58    2 = FOG REDUCING VISIBILITY
HIGHEST:    79 ON  9, 6 GRTST 24HR  0.78 ON 12-12      TO 1/4 MILE OR LESS
LOWEST:     33 ON  2                               3 = THUNDER
                        SNOW, ICE PELLETS, HAIL    4 = ICE PELLETS
                        TOTAL MONTH:   0.0 INCH    5 = HAIL
                        GRTST 24HR     0.0         6 = FREEZING RAIN OR DRIZZLE
                        GRTST DEPTH:   0           7 = DUSTSTORM OR SANDSTORM:
                                                       VSBY 1/2 MILE OR LESS
                                                   8 = SMOKE OR HAZE
[NO. OF DAYS WITH]      [WEATHER - DAYS WITH]      9 = BLOWING SNOW
                                                   X = TORNADO
MAX 32 OR BELOW:   0    0.01 INCH OR MORE:  13
MAX 90 OR ABOVE:   0    0.10 INCH OR MORE:   4
MIN 32 OR BELOW:   0    0.50 INCH OR MORE:   1
MIN  0 OR BELOW:   0    1.00 INCH OR MORE:   0

[HDD (BASE 65) ]
TOTAL THIS MO.   183    CLEAR  (SCALE 0-3)  10
DPTR FM NORMAL   -48    PTCLDY (SCALE 4-7)  10
TOTAL FM JUL 1   183    CLOUDY (SCALE 8-10)  1
DPTR FM NORMAL   -48

[CDD (BASE 65) ]
TOTAL THIS MO.     0
DPTR FM NORMAL     0    [PRESSURE DATA]
TOTAL FM JAN 1     0    HIGHEST SLP M ON M
DPTR FM NORMAL     0    LOWEST  SLP 29.86 ON 11

[REMARKS]
