000
CXUS54 KLZK 251130
CF6M19
PRELIMINARY LOCAL CLIMATOLOGICAL DATA (WS FORM: F-6)

                                          STATION:   Newport Airport
                                          MONTH:     AUGUST
                                          YEAR:      2016
                                          LATITUDE:   35 35 N
                                          LONGITUDE:  91 16 W

  TEMPERATURE IN F:       :PCPN:    SNOW:  WIND      :SUNSHINE: SKY     :PK WND
================================================================================
1   2   3   4   5  6A  6B    7    8   9   10  11  12  13   14  15   16   17  18
                                     12Z  AVG MX 2MIN
DY MAX MIN AVG DEP HDD CDD  WTR  SNW DPTH SPD SPD DIR MIN PSBL S-S WX    SPD DR
================================================================================

 1  97  75  86   5   0  21 0.01  0.0    0  4.9 13 190   M    M   2 13     17 190
 2  96  76  86   5   0  21    T  0.0    0  3.9  7 160   M    M   1 1       M  M
 3  96  76  86   5   0  21    T  0.0    0  3.5 12  40   M    M   0         M  M
 4 101  76  89   8   0  24 0.22  0.0    0  2.9  8 250   M    M   1 3       M  M
 5  96  75  86   5   0  21 0.00  0.0    0  4.7 10 330   M    M   0 3       M  M
 6  85  73  79  -2   0  14 0.15  0.0    0  4.3 14 330   M    M   4 3      18 330
 7  88  75  82   1   0  17    T  0.0    0  4.2  8  20   M    M   6 1       M  M
 8  76  73  75  -6   0  10    T  0.0    0  3.5  5 300   M    M   3         M  M
 9   M   M   M   M   M   M    M    M    M   M   M   M   M    M   M         M  M
10   M   M   M   M   M   M    M    M    M   M   M   M   M    M   M         M  M
11  95  76  86   5   0  21 0.00    M    M   M   M   M   M    M   M         M  M
12  93  75  84   3   0  19 0.00    M    M   M   M   M   M    M   M         M  M
13  87  75  81   0   0  16 0.20    M    M   M   M   M   M    M   M         M  M
14  76  71  74  -7   0   9 0.57    M    M   M   M   M   M    M   M         M  M
15  81  72  77  -4   0  12 0.16    M    M   M   M   M   M    M   M         M  M
16  70  75  73  -7   0   8 1.45    M    M   M   M   M   M    M   M         M  M
17  81  72  77  -3   0  12 0.03    M    M  6.9 13 200   M    M   1         M  M
18  78  73  76  -4   0  11 0.22  0.0    0  5.8  9 170   M    M   9 1       M  M
19  88  73  81   1   0  16 0.30  0.0    0  9.3 14 200   M    M   7         M  M
20  82  74  78  -2   0  13 0.55  0.0    0  9.6 18 210   M    M   6 1      24 210
21  81  67  74  -6   0   9 0.04  0.0    0  7.0 10 350   M    M   4         M  M
22  85  61  73  -7   0   8    T  0.0    0  5.8 10  90   M    M   1 12      M  M
23  89  69  79  -1   0  14 0.00  0.0    0  7.4 13 210   M    M   3 1       M  M
24  93  72  83   3   0  18    T  0.0    M  9.2 16 200   M    M   1        22 210
================================================================================
SM 1914 1604         0 335  3.90     0.0  92.9          M       49
================================================================================
AV 87.0 72.9                               5.8 FASTST   M    M   3    MAX(MPH)
                                 MISC ---->    18   M                 24    M
================================================================================
NOTES:
# LAST OF SEVERAL OCCURRENCES

COLUMN 17 PEAK WIND IN M.P.H.

PRELIMINARY LOCAL CLIMATOLOGICAL DATA (WS FORM: F-6) , PAGE 2

                                          STATION:  Newport Airport
                                          MONTH:    AUGUST
                                          YEAR:     2016
                                          LATITUDE:   35 35 N
                                          LONGITUDE:  91 16 W

[TEMPERATURE DATA]      [PRECIPITATION DATA]       SYMBOLS USED IN COLUMN 16

AVERAGE MONTHLY: 80.0   TOTAL FOR MONTH:   3.90    1 = FOG OR MIST
DPTR FM NORMAL:  -0.7   DPTR FM NORMAL:    1.82    2 = FOG REDUCING VISIBILITY
HIGHEST:   101 ON  4    GRTST 24HR  1.45 ON 16-16      TO 1/4 MILE OR LESS
LOWEST:     61 ON 22                               3 = THUNDER
                        SNOW, ICE PELLETS, HAIL    4 = ICE PELLETS
                        TOTAL MONTH:   0.0 INCH    5 = HAIL
                        GRTST 24HR     0.0         6 = FREEZING RAIN OR DRIZZLE
                        GRTST DEPTH:   0           7 = DUSTSTORM OR SANDSTORM:
                                                       VSBY 1/2 MILE OR LESS
                                                   8 = SMOKE OR HAZE
[NO. OF DAYS WITH]      [WEATHER - DAYS WITH]      9 = BLOWING SNOW
                                                   X = TORNADO
MAX 32 OR BELOW:   0    0.01 INCH OR MORE:  12
MAX 90 OR ABOVE:   8    0.10 INCH OR MORE:   9
MIN 32 OR BELOW:   0    0.50 INCH OR MORE:   3
MIN  0 OR BELOW:   0    1.00 INCH OR MORE:   1

[HDD (BASE 65) ]
TOTAL THIS MO.     0    CLEAR  (SCALE 0-3)  10
DPTR FM NORMAL     0    PTCLDY (SCALE 4-7)   5
TOTAL FM JUL 1     0    CLOUDY (SCALE 8-10)  1
DPTR FM NORMAL     0

[CDD (BASE 65) ]
TOTAL THIS MO.   335
DPTR FM NORMAL   -39    [PRESSURE DATA]
TOTAL FM JAN 1  1666    HIGHEST SLP M ON M
DPTR FM NORMAL   182    LOWEST  SLP M ON M

[REMARKS]
