000
CXUS54 KLZK 291430
CF6M19
PRELIMINARY LOCAL CLIMATOLOGICAL DATA (WS FORM: F-6)

                                          STATION:   Newport Airport
                                          MONTH:     JANUARY
                                          YEAR:      2015
                                          LATITUDE:   35 35 N
                                          LONGITUDE:  91 16 W

  TEMPERATURE IN F:       :PCPN:    SNOW:  WIND      :SUNSHINE: SKY     :PK WND
================================================================================
1   2   3   4   5  6A  6B    7    8   9   10  11  12  13   14  15   16   17  18
                                     12Z  AVG MX 2MIN
DY MAX MIN AVG DEP HDD CDD  WTR  SNW DPTH SPD SPD DIR MIN PSBL S-S WX    SPD DR
================================================================================

 1  39  32  36  -1  29   0 0.01    M    0  7.1 12 190   M    M  10         M  M
 2  41  35  38   1  27   0 0.34    M    0  6.7 12  30   M    M  10 1       M  M
 3  53  40  47  10  18   0 1.34    M    0  9.1 23 110   M    M  10 13      M  M
 4  48  24  36  -1  29   0    T    M    0 15.3 25 310   M    M   3        33 300
 5  31  19  25 -12  40   0 0.00  0.0    0  8.1 14 360   M    M   0         M  M
 6  42  25  34  -3  31   0 0.00  0.0    0  7.2 13  20   M    M   0         M  M
 7  32  14  23 -14  42   0 0.00  0.0    0 16.2 25 340   M    M   4        32 340
 8  28   8  18 -18  47   0 0.00  0.0    0 10.8 22 200   M    M   0         M  M
 9  33  18  26 -10  39   0 0.00  0.0    0  8.6 16 360   M    M   2         M  M
10  34  15  25 -11  40   0    T    M    0  5.7  9 180   M    M   4         M  M
11  35  30  33  -3  32   0 0.24    M    0  5.2  9  70   M    M  10 12      M  M
12  40  31  36   0  29   0 0.08    M    0 11.4 21  20   M    M   9 12      M  M
13  31  22  27  -9  38   0 0.00  0.0    0 14.0 22  20   M    M   7         M  M
14  34  20  27  -9  38   0 0.00  0.0    0  4.7  9  90   M    M   0 18      M  M
15  42  27  35  -1  30   0    T    M    0  5.0  8 200   M    M   7 128     M  M
16  55  26  41   5  24   0 0.00  0.0    0  6.1 12 190   M    M   0 128     M  M
17  59  31  45   9  20   0    T    M    0 11.2 23 200   M    M   1        31 210
18  65  35  50  13  15   0 0.00  0.0    0  9.9 16 230   M    M   0         M  M
19  64  37  51  14  14   0 0.00  0.0    0  9.8 15 200   M    M   0         M  M
20  60  36  48  11  17   0    T    M    0  9.1 17 340   M    M   2         M  M
21  60  30  45   8  20   0 0.00  0.0    0  5.7 10 350   M    M   1 18      M  M
22  44  37  41   4  24   0 0.00  0.0    0  7.9 15  30   M    M   9         M  M
23  46  31  39   2  26   0    T    M    0 11.3 18  20   M    M   6        18  20
24  60  25  43   6  22   0 0.00  0.0    0  8.0 13 280   M    M   0        17 280
25  59  35  47  10  18   0 0.02    M    0 16.6 30 290   M    M   7        38 300
26  56  31  44   7  21   0 0.00  0.0    0  9.6 21 330   M    M   3        17 210
27  56  38  47  10  18   0 0.00  0.0    0  7.0 10  10   M    M   0         M  M
28  58  31  45   7  20   0    T    M    0  9.8 17 160   M    M   0 1       M  M
================================================================================
SM 1305  783       768   0  2.03     0.0 257.1          M      105
================================================================================
AV 46.6 28.0                               9.2 FASTST   M    M   4    MAX(MPH)
                                 MISC ---->    30   M               # 38  300
================================================================================
NOTES:
# LAST OF SEVERAL OCCURRENCES

COLUMN 17 PEAK WIND IN M.P.H.

PRELIMINARY LOCAL CLIMATOLOGICAL DATA (WS FORM: F-6) , PAGE 2

                                          STATION:  Newport Airport
                                          MONTH:    JANUARY
                                          YEAR:     2015
                                          LATITUDE:   35 35 N
                                          LONGITUDE:  91 16 W

[TEMPERATURE DATA]      [PRECIPITATION DATA]       SYMBOLS USED IN COLUMN 16

AVERAGE MONTHLY: 37.3   TOTAL FOR MONTH:   2.03    1 = FOG OR MIST
DPTR FM NORMAL:   0.6   DPTR FM NORMAL:   -1.19    2 = FOG REDUCING VISIBILITY
HIGHEST:    65 ON 18    GRTST 24HR  1.34 ON  3- 3      TO 1/4 MILE OR LESS
LOWEST:      8 ON  8                               3 = THUNDER
                        SNOW, ICE PELLETS, HAIL    4 = ICE PELLETS
                        TOTAL MONTH:   0.0 INCH    5 = HAIL
                        GRTST 24HR     0.0         6 = FREEZING RAIN OR DRIZZLE
                        GRTST DEPTH:   0           7 = DUSTSTORM OR SANDSTORM:
                                                       VSBY 1/2 MILE OR LESS
                                                   8 = SMOKE OR HAZE
[NO. OF DAYS WITH]      [WEATHER - DAYS WITH]      9 = BLOWING SNOW
                                                   X = TORNADO
MAX 32 OR BELOW:   4    0.01 INCH OR MORE:   6
MAX 90 OR ABOVE:   0    0.10 INCH OR MORE:   3
MIN 32 OR BELOW:  20    0.50 INCH OR MORE:   1
MIN  0 OR BELOW:   0    1.00 INCH OR MORE:   1

[HDD (BASE 65) ]
TOTAL THIS MO.   768    CLEAR  (SCALE 0-3)  15
DPTR FM NORMAL   -22    PTCLDY (SCALE 4-7)   7
TOTAL FM JUL 1  2162    CLOUDY (SCALE 8-10)  6
DPTR FM NORMAL   -52

[CDD (BASE 65) ]
TOTAL THIS MO.     0
DPTR FM NORMAL     0    [PRESSURE DATA]
TOTAL FM JAN 1     0    HIGHEST SLP M ON M
DPTR FM NORMAL     0    LOWEST  SLP M ON M

[REMARKS]
