000
CXUS54 KMAF 281100
CF6MAF
PRELIMINARY LOCAL CLIMATOLOGICAL DATA (WS FORM: F-6)

                                          STATION:   Midland International Airport
                                          MONTH:     FEBRUARY
                                          YEAR:      2017
                                          LATITUDE:   31 57 N
                                          LONGITUDE: 102 11 W

  TEMPERATURE IN F:       :PCPN:    SNOW:  WIND      :SUNSHINE: SKY     :PK WND
================================================================================
1   2   3   4   5  6A  6B    7    8   9   10  11  12  13   14  15   16   17  18
                                     12Z  AVG MX 2MIN
DY MAX MIN AVG DEP HDD CDD  WTR  SNW DPTH SPD SPD DIR MIN PSBL S-S WX    SPD DR
================================================================================

 1  76  38  57  11   8   0 0.00  0.0    0 10.4 20 310   M    M   0 8      25 300
 2  51  32  42  -4  23   0 0.00  0.0    0 10.4 22  40   M    M   0        27  40
 3  49  30  40  -6  25   0 0.00  0.0    0 11.8 20  80   M    M   3 8      25  80
 4  63  38  51   5  14   0 0.00  0.0    0  7.8 15 200   M    M   6 128    17 200
 5  79  33  56  10   9   0 0.00  0.0    0  5.7 14 210   M    M   2 128    17 210
 6  80  47  64  18   1   0 0.00  0.0    0 14.0 31 240   M    M   3 128    36 240
 7  77  48  63  16   2   0 0.00  0.0    0 12.5 20 250   M    M   0        26 260
 8  82  50  66  19   0   1 0.00  0.0    0 13.1 31  60   M    M   0 78     37  50
 9  75  37  56   9   9   0 0.00  0.0    0 10.5 25 170   M    M   0        30 170
10  86  48  67  20   0   2 0.00  0.0    0 11.0 20 200   M    M   0        25 200
11  92  50  71  23   0   6 0.00  0.0    0  8.7 21 260   M    M   0        25 270
12  68  50  59  11   6   0 0.00  0.0    0 20.8 39  40   M    M   4 8      45  40
13  50  38  44  -4  21   0 0.62  0.0    0 12.7 23  30   M    M  10 13     28  50
14  48  35  42  -6  23   0    T    M    0 14.3 29 350   M    M   9        35 350
15  58  35  47  -1  18   0 0.00  0.0    0  8.7 15 340   M    M   0        20  30
16  65  33  49   0  16   0 0.00  0.0    0  9.5 18 210   M    M   0        22 240
17  75  40  58   9   7   0 0.00  0.0    0 12.8 24 250   M    M   0        30 240
18  76  50  63  14   2   0 0.00  0.0    0  8.4 16 240   M    M   0        20 240
19  72  52  62  13   3   0 0.10  0.0    0 10.5 26 230   M    M   2        33 220
20  72  42  57   7   8   0 0.00  0.0    0 13.6 31 330   M    M   0        37 340
21  83  44  64  14   1   0 0.00  0.0    0  8.4 17 290   M    M   0 8      23 290
22  86  50  68  18   0   3 0.00  0.0    0  8.0 17 300   M    M   0        22 310
23  86  50  68  18   0   3 0.00  0.0    0 15.6 38 240   M    M   0        46 250
24  68  46  57   6   8   0 0.00  0.0    0 11.1 24 280   M    M   0        30 280
25  62  34  48  -3  17   0 0.00  0.0    0 12.3 23  80   M    M   0        27  80
26  73  43  58   7   7   0 0.00  0.0    0  9.3 20 270   M    M   1        24 270
27  80  45  63  12   2   0 0.00  0.0    0  9.6 29 240   M    M   0 8      36 220
================================================================================
SM 1932 1138       230  15  0.72     0.0 301.5          M       40
================================================================================
AV 71.6 42.2                              11.2 FASTST   M    M   1    MAX(MPH)
                                 MISC ---->  # 39  40               # 46  250
================================================================================
NOTES:
# LAST OF SEVERAL OCCURRENCES

COLUMN 17 PEAK WIND IN M.P.H.

PRELIMINARY LOCAL CLIMATOLOGICAL DATA (WS FORM: F-6) , PAGE 2

                                          STATION:  Midland International Airport
                                          MONTH:    FEBRUARY
                                          YEAR:     2017
                                          LATITUDE:   31 57 N
                                          LONGITUDE: 102 11 W

[TEMPERATURE DATA]      [PRECIPITATION DATA]       SYMBOLS USED IN COLUMN 16

AVERAGE MONTHLY: 56.9   TOTAL FOR MONTH:   0.72    1 = FOG OR MIST
DPTR FM NORMAL:   8.6   DPTR FM NORMAL:    0.04    2 = FOG REDUCING VISIBILITY
HIGHEST:    92 ON 11    GRTST 24HR  0.62 ON 13-13      TO 1/4 MILE OR LESS
LOWEST:     30 ON  3                               3 = THUNDER
                        SNOW, ICE PELLETS, HAIL    4 = ICE PELLETS
                        TOTAL MONTH:   0.0 INCH    5 = HAIL
                        GRTST 24HR     0.0         6 = FREEZING RAIN OR DRIZZLE
                        GRTST DEPTH:   0           7 = DUSTSTORM OR SANDSTORM:
                                                       VSBY 1/2 MILE OR LESS
                                                   8 = SMOKE OR HAZE
[NO. OF DAYS WITH]      [WEATHER - DAYS WITH]      9 = BLOWING SNOW
                                                   X = TORNADO
MAX 32 OR BELOW:   0    0.01 INCH OR MORE:   2
MAX 90 OR ABOVE:   1    0.10 INCH OR MORE:   2
MIN 32 OR BELOW:   2    0.50 INCH OR MORE:   1
MIN  0 OR BELOW:   0    1.00 INCH OR MORE:   0

[HDD (BASE 65) ]
TOTAL THIS MO.   230    CLEAR  (SCALE 0-3)  21
DPTR FM NORMAL  -221    PTCLDY (SCALE 4-7)   4
TOTAL FM JUL 1  1500    CLOUDY (SCALE 8-10)  2
DPTR FM NORMAL  -723

[CDD (BASE 65) ]
TOTAL THIS MO.    15
DPTR FM NORMAL    15    [PRESSURE DATA]
TOTAL FM JAN 1    15    HIGHEST SLP M ON M
DPTR FM NORMAL    15    LOWEST  SLP 29.45 ON 23

[REMARKS]
