000
CXUS54 KMAF 271100
CF6MAF
PRELIMINARY LOCAL CLIMATOLOGICAL DATA (WS FORM: F-6)

                                          STATION:   Midland International Airport
                                          MONTH:     JANUARY
                                          YEAR:      2015
                                          LATITUDE:   31 57 N
                                          LONGITUDE: 102 11 W

  TEMPERATURE IN F:       :PCPN:    SNOW:  WIND      :SUNSHINE: SKY     :PK WND
================================================================================
1   2   3   4   5  6A  6B    7    8   9   10  11  12  13   14  15   16   17  18
                                     12Z  AVG MX 2MIN
DY MAX MIN AVG DEP HDD CDD  WTR  SNW DPTH SPD SPD DIR MIN PSBL S-S WX    SPD DR
================================================================================

 1  28  21  25 -18  40   0 0.02    T    T  3.8  9 110   M    M  10 16     11  50
 2  32  27  30 -13  35   0 1.45    T    1  9.5 17 110   M    M  10 168    25  80
 3  49  28  39  -4  26   0 0.00  0.0    1 13.3 24 240   M    M   3 1      30 240
 4  40  29  35  -8  30   0 0.00  0.0    0  7.0 18  10   M    M   1 1      22  10
 5  55  26  41  -2  24   0 0.00  0.0    0  9.5 16 200   M    M   0        19 210
 6  58  31  45   2  20   0 0.00  0.0    0  6.9 15 350   M    M   0        18 360
 7  36  22  29 -14  36   0 0.00  0.0    0 15.6 32  40   M    M   4 1      40  40
 8  40  20  30 -13  35   0 0.00  0.0    0  7.9 16 200   M    M   0        20 200
 9  36  29  33 -10  32   0    T    M    0 13.0 26  50   M    M   8        33  40
10  39  26  33 -10  32   0 0.06    M    0  9.2 16 170   M    M   7 146    18 170
11  63  30  47   4  18   0 0.00  0.0    0  8.7 20 250   M    M   2 12     23 250
12  43  30  37  -6  28   0    T    M    0 13.2 23  50   M    M   7 126    29  40
13  32  27  30 -13  35   0 0.00  0.0    0  6.3 15  50   M    M  10 18     18  40
14  37  31  34 -10  31   0 0.00  0.0    0  4.3  9 350   M    M  10 1      11  50
15  57  33  45   1  20   0 0.00  0.0    0  6.5 13 330   M    M   4        18 310
16  60  27  44   0  21   0 0.00  0.0    0  8.1 18 220   M    M   0        24 220
17  67  33  50   6  15   0 0.00  0.0    0 12.1 28 340   M    M   0        35 320
18  67  27  47   3  18   0 0.00  0.0    0  9.2 21 220   M    M   0        26 220
19  75  36  56  12   9   0 0.00  0.0    0  6.7 15 320   M    M   0        18 320
20  69  34  52   8  13   0 0.00  0.0    0 11.1 21 340   M    M   0        26 350
21  46  34  40  -4  25   0 0.07  0.0    0 13.0 22  50   M    M   7 18     26  50
22  41  33  37  -7  28   0 0.18  0.5    0 17.9 31  50   M    M  10 1      36  50
23  46  25  36  -8  29   0 0.09  1.9    2  8.9 18 270   M    M   5 18     22 270
24  58  32  45   1  20   0 0.00  0.0    0 10.9 18 220   M    M   0        23 220
25  63  35  49   5  16   0 0.00  0.0    0  9.3 18  10   M    M   0        22  30
26  66  34  50   5  15   0 0.00  0.0    0  6.2 12 250   M    M   0        13 240
================================================================================
SM 1303  760       651   0  1.87     2.4 248.1          M       98
================================================================================
AV 50.1 29.2                               9.5 FASTST   M    M   4    MAX(MPH)
                                 MISC ---->  # 32  40               # 40   40
================================================================================
NOTES:
# LAST OF SEVERAL OCCURRENCES

COLUMN 17 PEAK WIND IN M.P.H.

PRELIMINARY LOCAL CLIMATOLOGICAL DATA (WS FORM: F-6) , PAGE 2

                                          STATION:  Midland International Airport
                                          MONTH:    JANUARY
                                          YEAR:     2015
                                          LATITUDE:   31 57 N
                                          LONGITUDE: 102 11 W

[TEMPERATURE DATA]      [PRECIPITATION DATA]       SYMBOLS USED IN COLUMN 16

AVERAGE MONTHLY: 39.7   TOTAL FOR MONTH:   1.87    1 = FOG OR MIST
DPTR FM NORMAL:  -3.9   DPTR FM NORMAL:    1.43    2 = FOG REDUCING VISIBILITY
HIGHEST:    75 ON 19    GRTST 24HR  1.45 ON  2- 2      TO 1/4 MILE OR LESS
LOWEST:     20 ON  8                               3 = THUNDER
                        SNOW, ICE PELLETS, HAIL    4 = ICE PELLETS
                        TOTAL MONTH:   2.4 INCHES  5 = HAIL
                        GRTST 24HR   1.9 ON   M    6 = FREEZING RAIN OR DRIZZLE
                        GRTST DEPTH:   2 ON 23     7 = DUSTSTORM OR SANDSTORM:
                                                       VSBY 1/2 MILE OR LESS
                                                   8 = SMOKE OR HAZE
[NO. OF DAYS WITH]      [WEATHER - DAYS WITH]      9 = BLOWING SNOW
                                                   X = TORNADO
MAX 32 OR BELOW:   3    0.01 INCH OR MORE:   6
MAX 90 OR ABOVE:   0    0.10 INCH OR MORE:   2
MIN 32 OR BELOW:  18    0.50 INCH OR MORE:   1
MIN  0 OR BELOW:   0    1.00 INCH OR MORE:   1

[HDD (BASE 65) ]
TOTAL THIS MO.   651    CLEAR  (SCALE 0-3)  13
DPTR FM NORMAL    93    PTCLDY (SCALE 4-7)   7
TOTAL FM JUL 1  1584    CLOUDY (SCALE 8-10)  6
DPTR FM NORMAL   -90

[CDD (BASE 65) ]
TOTAL THIS MO.     0
DPTR FM NORMAL     0    [PRESSURE DATA]
TOTAL FM JAN 1     0    HIGHEST SLP M ON M
DPTR FM NORMAL     0    LOWEST  SLP 29.80 ON  2

[REMARKS]
