000
CXUS53 KDTX 210800
CF6MBS
PRELIMINARY LOCAL CLIMATOLOGICAL DATA (WS FORM: F-6)

                                          STATION:   TRI CITIES MI
                                          MONTH:     JANUARY
                                          YEAR:      2017
                                          LATITUDE:   43 31 N
                                          LONGITUDE:  84  5 W

  TEMPERATURE IN F:       :PCPN:    SNOW:  WIND      :SUNSHINE: SKY     :PK WND
================================================================================
1   2   3   4   5  6A  6B    7    8   9   10  11  12  13   14  15   16   17  18
                                     12Z  AVG MX 2MIN
DY MAX MIN AVG DEP HDD CDD  WTR  SNW DPTH SPD SPD DIR MIN PSBL S-S WX    SPD DR
================================================================================

 1  39  24  32   8  33   0 0.00  0.0    0  9.0 22 230   M    M   2        28 230
 2  43  22  33  10  32   0 0.31    T    0  7.8 15  40   M    M   4 18     18  40
 3  37  34  36  13  29   0 0.13  0.0    0  8.4 21 270   M    M  10 12     27 270
 4  35  12  24   1  41   0 0.03  0.8    0 22.4 30 270   M    M   8 1      40 280
 5  14   5  10 -13  55   0 0.03  0.8    T 14.4 23 260   M    M   7 8      30 270
 6  16   5  11 -12  54   0 0.00  0.0    T  9.8 17 260   M    M   2        21 270
 7  15   6  11 -12  54   0    T  0.2    T 12.7 24 260   M    M   6 18     31 280
 8  18   7  13 -10  52   0 0.00  0.0    T 10.6 18 280   M    M   7        23 280
 9  27  15  21  -1  44   0    T  0.5    1 11.3 20 220   M    M  10 18     27 210
10  45  25  35  13  30   0 0.31  4.8    3 19.0 38 250   M    M  10 1      50 260
11  41  28  35  13  30   0 0.30  0.0    0 14.1 43 250   M    M   8 1      52 250
12  34  21  28   6  37   0 0.02  0.3    0 11.9 24 260   M    M   9 16     32 270
13  21  16  19  -3  46   0 0.00  0.0    T  6.5 22 280   M    M   1        25 280
14  30  18  24   2  41   0 0.00  0.0    T  5.0 10 250   M    M   4        13 250
15  32  14  23   1  42   0 0.00  0.0    0  5.6 14 220   M    M   0 18     16 250
16  33  22  28   6  37   0 0.21  0.0    0  4.7 12  80   M    M   5 168    14  90
17  36  32  34  12  31   0 0.60  0.0    0  8.1 15  80   M    M  10 126    19  80
18  38  34  36  14  29   0 0.00  0.0    0 11.4 21 240   M    M  10 12     26 240
19  38  31  35  13  30   0 0.00  0.0    0  7.7 18 250   M    M   7 1      23 250
20  35  31  33  11  32   0 0.05  0.0    0  6.8 15  40   M    M   9 12     18  40
================================================================================
SM  627  402       779   0  1.99     7.4 207.2          M      129
================================================================================
AV 31.4 20.1                              10.4 FASTST   M    M   6    MAX(MPH)
                                 MISC ---->  # 43 250               # 52  250
================================================================================
NOTES:
# LAST OF SEVERAL OCCURRENCES

COLUMN 17 PEAK WIND IN M.P.H.

PRELIMINARY LOCAL CLIMATOLOGICAL DATA (WS FORM: F-6) , PAGE 2

                                          STATION:  TRI CITIES MI
                                          MONTH:    JANUARY
                                          YEAR:     2017
                                          LATITUDE:   43 31 N
                                          LONGITUDE:  84  5 W

[TEMPERATURE DATA]      [PRECIPITATION DATA]       SYMBOLS USED IN COLUMN 16

AVERAGE MONTHLY: 25.7   TOTAL FOR MONTH:   1.99    1 = FOG OR MIST
DPTR FM NORMAL:   3.3   DPTR FM NORMAL:    0.80    2 = FOG REDUCING VISIBILITY
HIGHEST:    45 ON 10    GRTST 24HR  0.81 ON 16-17      TO 1/4 MILE OR LESS
LOWEST:      5 ON  6, 5                            3 = THUNDER
                        SNOW, ICE PELLETS, HAIL    4 = ICE PELLETS
                        TOTAL MONTH:   7.4 INCHES  5 = HAIL
                        GRTST 24HR   4.8 ON   M    6 = FREEZING RAIN OR DRIZZLE
                        GRTST DEPTH:   3 ON 10     7 = DUSTSTORM OR SANDSTORM:
                                                       VSBY 1/2 MILE OR LESS
                                                   8 = SMOKE OR HAZE
[NO. OF DAYS WITH]      [WEATHER - DAYS WITH]      9 = BLOWING SNOW
                                                   X = TORNADO
MAX 32 OR BELOW:   8    0.01 INCH OR MORE:  10
MAX 90 OR ABOVE:   0    0.10 INCH OR MORE:   6
MIN 32 OR BELOW:  18    0.50 INCH OR MORE:   1
MIN  0 OR BELOW:   0    1.00 INCH OR MORE:   0

[HDD (BASE 65) ]
TOTAL THIS MO.   779    CLEAR  (SCALE 0-3)   4
DPTR FM NORMAL   -72    PTCLDY (SCALE 4-7)   9
TOTAL FM JUL 1  2934    CLOUDY (SCALE 8-10)  7
DPTR FM NORMAL  -557

[CDD (BASE 65) ]
TOTAL THIS MO.     0
DPTR FM NORMAL     0    [PRESSURE DATA]
TOTAL FM JAN 1     0    HIGHEST SLP M ON M
DPTR FM NORMAL     0    LOWEST  SLP 29.33 ON 10

[REMARKS]
