000
CXUS55 KEAX 280736
CF6MCI
PRELIMINARY LOCAL CLIMATOLOGICAL DATA (WS FORM: F-6)

                                          STATION:   Kansas City International MO
                                          MONTH:     NOVEMBER
                                          YEAR:      2014
                                          LATITUDE:   39 19 N
                                          LONGITUDE:  94 43 W

  TEMPERATURE IN F:       :PCPN:    SNOW:  WIND      :SUNSHINE: SKY     :PK WND
================================================================================
1   2   3   4   5  6A  6B    7    8   9   10  11  12  13   14  15   16   17  18
                                     12Z  AVG MX 2MIN
DY MAX MIN AVG DEP HDD CDD  WTR  SNW DPTH SPD SPD DIR MIN PSBL S-S WX    SPD DR
================================================================================

 1  50  27  39 -12  26   0 0.00  0.0    0 10.1 20 150   M    M   4        24 160
 2  64  47  56   6   9   0 0.00    M    0 20.9 32 190   M    M   7        40 190
 3  68  51  60  10   5   0 0.05  0.0    0 20.3 28 190   M    M   7 18     36 200
 4  52  40  46  -3  19   0 0.00  0.0    0  7.7 20 310   M    M   8        27 300
 5  67  35  51   2  14   0 0.00  0.0    0 10.4 24 210   M    M   3 8      29 210
 6  53  32  43  -5  22   0 0.00  0.0    0 10.6 28 360   M    M   2        34 360
 7  63  30  47  -1  18   0 0.00  0.0    0 12.9 29 200   M    M   6 8      37 180
 8  56  31  44  -4  21   0 0.00  0.0    0 11.4 23 360   M    M   4        30 350
 9  64  31  48   1  17   0 0.00  0.0    0 13.0 21 230   M    M   5 1      27 250
10  69  32  51   4  14   0 0.00  0.0    0 18.3 30 340   M    M   6 8      37 350
11  34  23  29 -17  36   0 0.01  0.1    0 17.5 30 340   M    M   8        37 330
12  28  18  23 -23  42   0 0.00  0.0    0 12.9 21 320   M    M   6        25 320
13  32  14  23 -22  42   0 0.00  0.0    0  9.1 17 340   M    M   2        23 320
14  31  11  21 -23  44   0 0.00  0.0    0  4.3 10 120   M    M   4 8      16 300
15  31  20  26 -18  39   0 0.01  0.1    0  7.5 14 150   M    M   8 1      16 140
16  29  15  22 -22  43   0 0.03  0.3    0  8.6 20 320   M    M   8 18     26 310
17  23  10  17 -26  48   0    T    T    T 13.2 29 310   M    M   3        36 300
18  36   6  21 -21  44   0 0.00  0.0    T 11.3 20 210   M    M   1 8      25 200
19  39  17  28 -14  37   0 0.00  0.0    0  9.3 24 330   M    M   4 8      31 320
20  39  17  28 -13  37   0 0.00  0.0    0  5.9 10  50   M    M   1 18     14  30
21  50  24  37  -4  28   0 0.05  0.0    0 11.2 18 190   M    M   7 1      23 110
22  58  50  54  14  11   0 0.10  0.0    0 15.8 24 200   M    M  10 12     30 200
23  58  40  49   9  16   0 0.38    M    0 12.8 30 340   M    M  10 1      42 330
24  40  29  35  -4  30   0 0.00  0.0    0 13.2 28 320   M    M   6        38 310
25  42  20  31  -8  34   0 0.00  0.0    0  8.9 18 170   M    M   3        22 160
26  41  27  34  -4  31   0 0.05    T    0 15.6 26 330   M    M   9        34 320
27  36  24  30  -8  35   0 0.00  0.0    0  7.9 15 150   M    M   7        19 320
================================================================================
SM 1253  721       762   0  0.68     0.5 320.6          M      149
================================================================================
AV 46.4 26.7                              11.9 FASTST   M    M   6    MAX(MPH)
                                 MISC ---->  # 32 190               # 42  330
================================================================================
NOTES:
# LAST OF SEVERAL OCCURRENCES

COLUMN 17 PEAK WIND IN M.P.H.

PRELIMINARY LOCAL CLIMATOLOGICAL DATA (WS FORM: F-6) , PAGE 2

                                          STATION:  Kansas City International MO
                                          MONTH:    NOVEMBER
                                          YEAR:     2014
                                          LATITUDE:   39 19 N
                                          LONGITUDE:  94 43 W

[TEMPERATURE DATA]      [PRECIPITATION DATA]       SYMBOLS USED IN COLUMN 16

AVERAGE MONTHLY: 36.6   TOTAL FOR MONTH:   0.68    1 = FOG OR MIST
DPTR FM NORMAL:  -7.9   DPTR FM NORMAL:   -1.27    2 = FOG REDUCING VISIBILITY
HIGHEST:    69 ON 10    GRTST 24HR  0.38 ON 23-23      TO 1/4 MILE OR LESS
LOWEST:      6 ON 18                               3 = THUNDER
                        SNOW, ICE PELLETS, HAIL    4 = ICE PELLETS
                        TOTAL MONTH:   0.5 INCH    5 = HAIL
                        GRTST 24HR   0.3 ON   M    6 = FREEZING RAIN OR DRIZZLE
                        GRTST DEPTH:   0           7 = DUSTSTORM OR SANDSTORM:
                                                       VSBY 1/2 MILE OR LESS
                                                   8 = SMOKE OR HAZE
[NO. OF DAYS WITH]      [WEATHER - DAYS WITH]      9 = BLOWING SNOW
                                                   X = TORNADO
MAX 32 OR BELOW:   6    0.01 INCH OR MORE:   8
MAX 90 OR ABOVE:   0    0.10 INCH OR MORE:   2
MIN 32 OR BELOW:  21    0.50 INCH OR MORE:   0
MIN  0 OR BELOW:   0    1.00 INCH OR MORE:   0

[HDD (BASE 65) ]
TOTAL THIS MO.   762    CLEAR  (SCALE 0-3)   6
DPTR FM NORMAL   203    PTCLDY (SCALE 4-7)  17
TOTAL FM JUL 1  1064    CLOUDY (SCALE 8-10)  4
DPTR FM NORMAL   145

[CDD (BASE 65) ]
TOTAL THIS MO.     0
DPTR FM NORMAL     0    [PRESSURE DATA]
TOTAL FM JAN 1  1263    HIGHEST SLP  0.00 ON M
DPTR FM NORMAL   -95    LOWEST  SLP  0.00 ON M

[REMARKS]
